{"id":817,"date":"2018-10-16T16:40:42","date_gmt":"2018-10-16T16:40:42","guid":{"rendered":"https:\/\/stranijezici.ffzg.unizg.hr\/?page_id=817"},"modified":"2018-11-26T23:39:18","modified_gmt":"2018-11-26T23:39:18","slug":"vol3n4","status":"publish","type":"page","link":"https:\/\/stranijezici.ffzg.unizg.hr\/index.php\/vol3n4\/","title":{"rendered":"Vol 3. (4)"},"content":{"rendered":"<ul style=\"list-style-type:none\">\n<li>\n<h3>Lingvistika<\/h3>\n<\/li>\n<li><a href=\"https:\/\/stranijezici.ffzg.unizg.hr\/wp-content\/uploads\/2018\/10\/sj3_4_str241-249.pdf\" target=\"_blank\"><strong>NOVA KRETANJA U GERMANISTICI<\/strong><\/a> (str. 241-249)<\/li>\n<ul style=\"list-style-type:none\">\n<li>&emsp;&emsp; Gustav Korl\u00e9n<\/li>\n<li>&emsp;&emsp; <\/li>\n<\/ul>\n<\/li>\n<p>  &nbsp;<\/p>\n<li><a href=\"https:\/\/stranijezici.ffzg.unizg.hr\/wp-content\/uploads\/2018\/10\/sj3_4_str249-257.pdf\" target=\"_blank\"><strong>ANGLISTI\u010cKA LINGVISTIKA I NASTAVA ENGLESKOG JEZIKA<\/strong><\/a> (str. 249-257)<\/li>\n<ul style=\"list-style-type:none\">\n<li>&emsp;&emsp; Radmila \u0110or\u0111evi\u0107<\/li>\n<li>&emsp;&emsp; <\/li>\n<\/ul>\n<\/li>\n<p>  &nbsp;<\/p>\n<li>\n<h3>Metodika<\/h3>\n<\/li>\n<li><a href=\"https:\/\/stranijezici.ffzg.unizg.hr\/wp-content\/uploads\/2018\/10\/sj3_4_str258-263.pdf\" target=\"_blank\"><strong>DOMA\u0106A ZADA\u0106A U NASTAVNOJ JEDINICI<\/strong><\/a> (str. 258-263)<\/li>\n<ul style=\"list-style-type:none\">\n<li>&emsp;&emsp; Lothar Jung<\/li>\n<li>&emsp;&emsp; <\/li>\n<\/ul>\n<\/li>\n<p>  &nbsp;<\/p>\n<li><a href=\"https:\/\/stranijezici.ffzg.unizg.hr\/wp-content\/uploads\/2018\/10\/sj3_4_str264-267.pdf\" target=\"_blank\"><strong>RADNI MATERIJALI I KREATIVNO U\u010cENJE<\/strong><\/a> (str. 264-267)<\/li>\n<ul style=\"list-style-type:none\">\n<li>&emsp;&emsp; Aleksandar Kolka<\/li>\n<li>&emsp;&emsp; <\/li>\n<\/ul>\n<\/li>\n<p>  &nbsp;<\/p>\n<li><a href=\"https:\/\/stranijezici.ffzg.unizg.hr\/wp-content\/uploads\/2018\/10\/sj3_4_str267-276.pdf\" target=\"_blank\"><strong>GRUPNI RAD U NASTAVI STRANIH JEZIKA U OSNOVNOJ \u0160KOLI<\/strong><\/a> (str. 267-276)<\/li>\n<ul style=\"list-style-type:none\">\n<li>&emsp;&emsp; Oktavija Ger\u010dan, Bla\u017eenka Grgi\u0107<\/li>\n<li>&emsp;&emsp; <\/li>\n<\/ul>\n<\/li>\n<p>  &nbsp;<\/p>\n<li><a href=\"https:\/\/stranijezici.ffzg.unizg.hr\/wp-content\/uploads\/2018\/10\/sj3_4_str277-283.pdf\" target=\"_blank\"><strong>SAT KONVERZACIJE<\/strong><\/a> (str. 277-283)<\/li>\n<ul style=\"list-style-type:none\">\n<li>&emsp;&emsp; Ivana Batu\u0161i\u0107<\/li>\n<li>&emsp;&emsp; <\/li>\n<\/ul>\n<\/li>\n<p>  &nbsp;<\/p>\n<li>\n<h3>Iz strane stru\u010dne literature<\/h3>\n<\/li>\n<li><a href=\"https:\/\/stranijezici.ffzg.unizg.hr\/wp-content\/uploads\/2018\/10\/sj3_4_str284-290.pdf\" target=\"_blank\"><strong>PREMA NOVOJ FILOZOFIJI NASTAVE JEZIKA<\/strong><\/a> (str. 284-290)<\/li>\n<ul style=\"list-style-type:none\">\n<li>&emsp;&emsp; Leon A. Jakobovits<\/li>\n<li>&emsp;&emsp; <\/li>\n<\/ul>\n<\/li>\n<p>  &nbsp;<\/p>\n<li>\n<h3>\u017diva rije\u010d<\/h3>\n<\/li>\n<li><a href=\"https:\/\/stranijezici.ffzg.unizg.hr\/wp-content\/uploads\/2018\/10\/sj3_4_str291-295.pdf\" target=\"_blank\"><strong>100 ZAPOVIJEDI RAZREDNIH<\/strong><\/a> (str. 291-295)<\/li>\n<ul style=\"list-style-type:none\">\n<li>&emsp;&emsp; Oktavija Ger\u010dan, Antica Menac<\/li>\n<li>&emsp;&emsp; <\/li>\n<\/ul>\n<\/li>\n<p>  &nbsp;<\/p>\n<li>\n<h3>Na\u0161a iskustva<\/h3>\n<\/li>\n<li><a href=\"https:\/\/stranijezici.ffzg.unizg.hr\/wp-content\/uploads\/2018\/10\/sj3_4_str296-299.pdf\" target=\"_blank\"><strong>GRUPNI RAD U \u0160KOLI II STUPNJA<\/strong><\/a> (str. 296-299)<\/li>\n<ul style=\"list-style-type:none\">\n<li>&emsp;&emsp; Branka Fabe\u010di\u0107-Horvati\u0107<\/li>\n<li>&emsp;&emsp; <\/li>\n<\/ul>\n<\/li>\n<p>  &nbsp;<\/p>\n<li><a href=\"https:\/\/stranijezici.ffzg.unizg.hr\/wp-content\/uploads\/2018\/10\/sj3_4_str300-302.pdf\" target=\"_blank\"><strong>O UVO\u0110ENJU PISANJA I \u010cITANJA U NASTAVI ENGLESKOG JEZIKA<\/strong><\/a> (str. 300-302)<\/li>\n<ul style=\"list-style-type:none\">\n<li>&emsp;&emsp; Klara Cvetkovi\u0107<\/li>\n<li>&emsp;&emsp; <\/li>\n<\/ul>\n<\/li>\n<p>  &nbsp;<\/p>\n<li><a href=\"https:\/\/stranijezici.ffzg.unizg.hr\/wp-content\/uploads\/2018\/10\/sj3_4_str302-304.pdf\" target=\"_blank\"><strong>MOGU\u0106NOSTI FRONTALNOG PROVJERAVANJA ZNANJA POMO\u0106U PERFOKARATA<\/strong><\/a> (str. 302-304)<\/li>\n<ul style=\"list-style-type:none\">\n<li>&emsp;&emsp; Alija Bijavica<\/li>\n<li>&emsp;&emsp; <\/li>\n<\/ul>\n<\/li>\n<p>  &nbsp;<\/p>\n<li><a href=\"https:\/\/stranijezici.ffzg.unizg.hr\/wp-content\/uploads\/2018\/10\/sj3_4_str305-308.pdf\" target=\"_blank\"><strong>NEKE MOGU\u0106NOSTI KORI\u0160TENJA TV-TE\u010cAJA >> \u0413\u041e\u0412\u041e\u0420\u0418\u0422\u0415 \u041f\u041e-\u0420\u0423\u0421\u0421\u041a\u0418 << <\/strong><\/a> (str. 305-308)<\/li>\n<ul style=\"list-style-type:none\">\n<li>&emsp;&emsp; Koviljka Markovi\u0107<\/li>\n<li>&emsp;&emsp; <\/li>\n<\/ul>\n<\/li>\n<p>  &nbsp;<\/p>\n<li><a href=\"https:\/\/stranijezici.ffzg.unizg.hr\/wp-content\/uploads\/2018\/10\/sj3_4_str308-312.pdf\" target=\"_blank\"><strong>O\u017dIVLJAVANJE GRAMATI\u010cKIH STRUKTURA KAO JEDNA FAZA PEDAGO\u0160KE EKSPLOATACIJE U NASTAVI STRANIH JEZIKA<\/strong><\/a> (str. 308-312)<\/li>\n<ul style=\"list-style-type:none\">\n<li>&emsp;&emsp; Matija Krsmanovi\u0107<\/li>\n<li>&emsp;&emsp; <\/li>\n<\/ul>\n<\/li>\n<p>  &nbsp;<\/p>\n<li>\n<h3>Kronika; Prikazi knjiga<\/h3>\n<\/li>\n<li><a href=\"https:\/\/stranijezici.ffzg.unizg.hr\/wp-content\/uploads\/2018\/10\/sj3_4_str313-320.pdf\" target=\"_blank\">Kronika, Prikazi knjiga<\/a> (str. 313-320)<\/li>\n<\/li>\n<\/ul>\n","protected":false},"excerpt":{"rendered":"<p>Lingvistika NOVA KRETANJA U GERMANISTICI (str. 241-249) &emsp;&emsp; Gustav Korl\u00e9n &emsp;&emsp; &nbsp; ANGLISTI\u010cKA LINGVISTIKA I NASTAVA ENGLESKOG JEZIKA (str. 249-257) &emsp;&emsp; Radmila \u0110or\u0111evi\u0107 &emsp;&emsp; &nbsp; Metodika DOMA\u0106A ZADA\u0106A U NASTAVNOJ JEDINICI (str. 258-263) &emsp;&emsp; Lothar Jung &emsp;&emsp; &nbsp; RADNI MATERIJALI I KREATIVNO U\u010cENJE (str. 264-267) &emsp;&emsp; Aleksandar Kolka &emsp;&emsp; &nbsp; GRUPNI RAD U NASTAVI STRANIH &hellip; <\/p>\n<p class=\"link-more\"><a href=\"https:\/\/stranijezici.ffzg.unizg.hr\/index.php\/vol3n4\/\" class=\"more-link\">Continue reading<span class=\"screen-reader-text\"> &#8220;Vol 3. (4)&#8221;<\/span><\/a><\/p>\n","protected":false},"author":2,"featured_media":0,"parent":0,"menu_order":0,"comment_status":"closed","ping_status":"closed","template":"","meta":{"ngg_post_thumbnail":0,"footnotes":""},"class_list":["post-817","page","type-page","status-publish","hentry"],"_links":{"self":[{"href":"https:\/\/stranijezici.ffzg.unizg.hr\/index.php\/wp-json\/wp\/v2\/pages\/817","targetHints":{"allow":["GET"]}}],"collection":[{"href":"https:\/\/stranijezici.ffzg.unizg.hr\/index.php\/wp-json\/wp\/v2\/pages"}],"about":[{"href":"https:\/\/stranijezici.ffzg.unizg.hr\/index.php\/wp-json\/wp\/v2\/types\/page"}],"author":[{"embeddable":true,"href":"https:\/\/stranijezici.ffzg.unizg.hr\/index.php\/wp-json\/wp\/v2\/users\/2"}],"replies":[{"embeddable":true,"href":"https:\/\/stranijezici.ffzg.unizg.hr\/index.php\/wp-json\/wp\/v2\/comments?post=817"}],"version-history":[{"count":7,"href":"https:\/\/stranijezici.ffzg.unizg.hr\/index.php\/wp-json\/wp\/v2\/pages\/817\/revisions"}],"predecessor-version":[{"id":1443,"href":"https:\/\/stranijezici.ffzg.unizg.hr\/index.php\/wp-json\/wp\/v2\/pages\/817\/revisions\/1443"}],"wp:attachment":[{"href":"https:\/\/stranijezici.ffzg.unizg.hr\/index.php\/wp-json\/wp\/v2\/media?parent=817"}],"curies":[{"name":"wp","href":"https:\/\/api.w.org\/{rel}","templated":true}]}}