{"id":675,"date":"2018-10-16T14:51:10","date_gmt":"2018-10-16T14:51:10","guid":{"rendered":"https:\/\/stranijezici.ffzg.unizg.hr\/?page_id=675"},"modified":"2022-03-08T13:59:27","modified_gmt":"2022-03-08T13:59:27","slug":"vol2n4","status":"publish","type":"page","link":"https:\/\/stranijezici.ffzg.unizg.hr\/index.php\/vol2n4\/","title":{"rendered":"Vol 2. (4)"},"content":{"rendered":"<ul style=\"list-style-type: none;\">\n<li style=\"list-style-type: none;\">\n<ul style=\"list-style-type: none;\">\n<li><a href=\"https:\/\/stranijezici.ffzg.unizg.hr\/wp-content\/uploads\/2018\/10\/sj2_4_str241-243.pdf\" target=\"_blank\" rel=\"noopener\"><strong>STRU\u010cNA DRU\u0160TVA I NASTAVNICI STRANIH JEZIKA<\/strong><\/a> (str. 241-243)\n<ul style=\"list-style-type: none;\">\n<li>\u2003\u2003 Rudolf Filipovi\u0107<\/li>\n<li><\/li>\n<\/ul>\n<\/li>\n<\/ul>\n<\/li>\n<\/ul>\n<p>&nbsp;<\/p>\n<ul style=\"list-style-type: none;\">\n<li style=\"list-style-type: none;\">\n<ul style=\"list-style-type: none;\">\n<li>\n<h3>Lingvistika<\/h3>\n<\/li>\n<li><a href=\"https:\/\/stranijezici.ffzg.unizg.hr\/wp-content\/uploads\/2018\/10\/sj2_4_str244-250.pdf\" target=\"_blank\" rel=\"noopener\"><strong>JO\u0160 O PREDMETU I NAZIVU KONTRASTIVNE LINGVISTIKE<\/strong><\/a> (str. 244-250)\n<ul style=\"list-style-type: none;\">\n<li>\u2003\u2003 Antica Menac<\/li>\n<li><\/li>\n<\/ul>\n<\/li>\n<\/ul>\n<\/li>\n<\/ul>\n<p>&nbsp;<\/p>\n<ul style=\"list-style-type: none;\">\n<li style=\"list-style-type: none;\">\n<ul style=\"list-style-type: none;\">\n<li><a href=\"https:\/\/stranijezici.ffzg.unizg.hr\/wp-content\/uploads\/2018\/10\/sj2_4_str251-261.pdf\" target=\"_blank\" rel=\"noopener\"><strong>O RAZLI\u010cITIM LINGVISTI\u010cKIM PRISTUPIMA PREVO\u0110ENJU<\/strong><\/a> (str. 251-261)\n<ul style=\"list-style-type: none;\">\n<li>\u2003\u2003 Stjepo Vojvoda<\/li>\n<li><\/li>\n<\/ul>\n<\/li>\n<\/ul>\n<\/li>\n<\/ul>\n<p>&nbsp;<\/p>\n<ul style=\"list-style-type: none;\">\n<li style=\"list-style-type: none;\">\n<ul style=\"list-style-type: none;\">\n<li><a href=\"https:\/\/stranijezici.ffzg.unizg.hr\/wp-content\/uploads\/2018\/10\/sj2_4_str261-264.pdf\" target=\"_blank\" rel=\"noopener\"><strong>IZVEDENI PRIDJEVI U NJEMA\u010cKOM JEZIKU<\/strong><\/a> (str. 261-264)\n<ul style=\"list-style-type: none;\">\n<li>\u2003\u2003 Stanko \u017depi\u0107<\/li>\n<li><\/li>\n<\/ul>\n<\/li>\n<\/ul>\n<\/li>\n<\/ul>\n<p>&nbsp;<\/p>\n<ul style=\"list-style-type: none;\">\n<li style=\"list-style-type: none;\">\n<ul style=\"list-style-type: none;\">\n<li>\n<h3>Metodika<\/h3>\n<\/li>\n<li><a href=\"https:\/\/stranijezici.ffzg.unizg.hr\/wp-content\/uploads\/2018\/10\/sj2_4_str265-269.pdf\" target=\"_blank\" rel=\"noopener\"><strong>SUGESTIJE ZA RAD NA SATOVIMA DODATNE NASTAVE I SLOBODNIH AKTIVNOSTI<\/strong><\/a> (str. 265-269)\n<ul style=\"list-style-type: none;\">\n<li>\u2003\u2003 Oktavija Ger\u010dan<\/li>\n<li><\/li>\n<\/ul>\n<\/li>\n<\/ul>\n<\/li>\n<\/ul>\n<p>&nbsp;<\/p>\n<ul style=\"list-style-type: none;\">\n<li style=\"list-style-type: none;\">\n<ul style=\"list-style-type: none;\">\n<li><a href=\"https:\/\/stranijezici.ffzg.unizg.hr\/wp-content\/uploads\/2018\/10\/sj2_4_str270-275.pdf\" target=\"_blank\" rel=\"noopener\"><strong>ELIPTI\u010cNE I JEDNODIJELNE RE\u010cENICE U DIJALO\u0160KOM JEDINSTVU<\/strong><\/a> (str. 270-275)\n<ul style=\"list-style-type: none;\">\n<li>\u2003\u2003 Miho Skljarov<\/li>\n<li><\/li>\n<\/ul>\n<\/li>\n<\/ul>\n<\/li>\n<\/ul>\n<p>&nbsp;<\/p>\n<ul style=\"list-style-type: none;\">\n<li style=\"list-style-type: none;\">\n<ul style=\"list-style-type: none;\">\n<li>\n<h3>Diskusija<\/h3>\n<\/li>\n<li><a href=\"https:\/\/stranijezici.ffzg.unizg.hr\/wp-content\/uploads\/2018\/10\/sj2_4_str276-277.pdf\" target=\"_blank\" rel=\"noopener\"><strong>OCJENJIVANJE ZNANJA, UMIJE\u0106A I NAVIKA U STRANOM JEZIKU<\/strong><\/a> (str. 276-277)\n<ul style=\"list-style-type: none;\">\n<li>\u2003\u2003 Radomir Chod\u0115ra<\/li>\n<li><\/li>\n<\/ul>\n<\/li>\n<\/ul>\n<\/li>\n<\/ul>\n<p>&nbsp;<\/p>\n<ul style=\"list-style-type: none;\">\n<li style=\"list-style-type: none;\">\n<ul style=\"list-style-type: none;\">\n<li>\n<h3>\u017diva rije\u010d<\/h3>\n<\/li>\n<li><a href=\"https:\/\/stranijezici.ffzg.unizg.hr\/wp-content\/uploads\/2018\/10\/sj2_4_str278-282.pdf\" target=\"_blank\" rel=\"noopener\"><strong>SCHOOLING IN BRITAIN<\/strong><\/a> (str. 278-282)\n<ul style=\"list-style-type: none;\">\n<li>\u2003\u2003 Sonia Bi\u0107ani\u0107<\/li>\n<li><\/li>\n<\/ul>\n<\/li>\n<\/ul>\n<\/li>\n<\/ul>\n<p>&nbsp;<\/p>\n<ul style=\"list-style-type: none;\">\n<li style=\"list-style-type: none;\">\n<ul style=\"list-style-type: none;\">\n<li><a href=\"https:\/\/stranijezici.ffzg.unizg.hr\/wp-content\/uploads\/2018\/10\/sj2_4_str283-285.pdf\" target=\"_blank\" rel=\"noopener\"><strong>O\u0414\u0418H B\u0418\u0414 \u041f\u0418C\u042cMEHH\u042bX \u0423\u041f\u0420A\u0416HEH\u0418\u0419 HA P\u0423CCKOM \u042f\u0417\u042bKE<\/strong><\/a> (str. 283-285)\n<ul style=\"list-style-type: none;\">\n<li>\u2003\u2003 Milica Bukarica<\/li>\n<li><\/li>\n<\/ul>\n<\/li>\n<\/ul>\n<\/li>\n<\/ul>\n<p>&nbsp;<\/p>\n<ul style=\"list-style-type: none;\">\n<li style=\"list-style-type: none;\">\n<ul style=\"list-style-type: none;\">\n<li><a href=\"https:\/\/stranijezici.ffzg.unizg.hr\/wp-content\/uploads\/2018\/10\/sj2_4_str285-288.pdf\" target=\"_blank\" rel=\"noopener\"><strong>POUR LIRE &#8211; POUR RIRE<\/strong><\/a> (str. 285-288)\n<ul style=\"list-style-type: none;\">\n<li>\u2003\u2003 Ivana Batu\u0161i\u0107<\/li>\n<li><\/li>\n<\/ul>\n<\/li>\n<\/ul>\n<\/li>\n<\/ul>\n<p>&nbsp;<\/p>\n<ul style=\"list-style-type: none;\">\n<li style=\"list-style-type: none;\">\n<ul style=\"list-style-type: none;\">\n<li>\n<h3>Na\u0161a iskustva<\/h3>\n<\/li>\n<li><a href=\"https:\/\/stranijezici.ffzg.unizg.hr\/wp-content\/uploads\/2018\/10\/sj2_4_str289-293.pdf\" target=\"_blank\" rel=\"noopener\"><strong>OBRADA KRATKE PRI\u010cE U SLIKAMA<\/strong><\/a> (str. 289-293)\n<ul style=\"list-style-type: none;\">\n<li>\u2003\u2003 Katica Jelin\u010di\u0107-Babi\u0107<\/li>\n<li><\/li>\n<\/ul>\n<\/li>\n<\/ul>\n<\/li>\n<\/ul>\n<p>&nbsp;<\/p>\n<ul style=\"list-style-type: none;\">\n<li style=\"list-style-type: none;\">\n<ul style=\"list-style-type: none;\">\n<li><a href=\"https:\/\/stranijezici.ffzg.unizg.hr\/wp-content\/uploads\/2018\/10\/sj2_4_str294-302.pdf\" target=\"_blank\" rel=\"noopener\"><strong>PRIMJENA GRAFOSKOPA U NASTAVI ENGLESKOG JEZIKA<\/strong><\/a> (str. 294-302)\n<ul style=\"list-style-type: none;\">\n<li>\u2003\u2003 Na\u0111a Bosna<\/li>\n<li><\/li>\n<\/ul>\n<\/li>\n<\/ul>\n<\/li>\n<\/ul>\n<p>&nbsp;<\/p>\n<ul style=\"list-style-type: none;\">\n<li style=\"list-style-type: none;\">\n<ul style=\"list-style-type: none;\">\n<li><a href=\"https:\/\/stranijezici.ffzg.unizg.hr\/wp-content\/uploads\/2018\/10\/sj2_4_str302-305.pdf\" target=\"_blank\" rel=\"noopener\"><strong>OSPOSOBLJAVANJE U\u010cENIKA ZA GOVORNO KOMUNICIRANJE POMO\u0106U RAZNIH MEDIJA<\/strong><\/a> (str. 302-305)\n<ul style=\"list-style-type: none;\">\n<li>\u2003\u2003 Kazimir Sviben<\/li>\n<li><\/li>\n<\/ul>\n<\/li>\n<\/ul>\n<\/li>\n<\/ul>\n<p>&nbsp;<\/p>\n<ul style=\"list-style-type: none;\">\n<li style=\"list-style-type: none;\">\n<ul style=\"list-style-type: none;\">\n<li><a href=\"https:\/\/stranijezici.ffzg.unizg.hr\/wp-content\/uploads\/2018\/10\/sj2_4_str305-308.pdf\" target=\"_blank\" rel=\"noopener\"><strong>KAKO RAZVITI SPOSOBNOST KOMUNICIRANJA NA STRANOM JEZIKU<\/strong><\/a> (str. 305-308)\n<ul style=\"list-style-type: none;\">\n<li>\u2003\u2003 Bla\u017eenka Bubanj<\/li>\n<li><\/li>\n<\/ul>\n<\/li>\n<\/ul>\n<\/li>\n<\/ul>\n<p>&nbsp;<\/p>\n<ul style=\"list-style-type: none;\">\n<li>\n<h3>Kronika; Na\u0161a po\u0161ta; Prikazi knjiga; Bibliografija<\/h3>\n<\/li>\n<li><strong><a href=\"https:\/\/stranijezici.ffzg.unizg.hr\/wp-content\/uploads\/2022\/03\/SJ_2_4_00.pdf\">Kronika, na\u0161a po\u0161ta, prikazi knjiga, bibliografija<\/a><\/strong> (str. 308-320)<\/li>\n<\/ul>\n","protected":false},"excerpt":{"rendered":"<p>STRU\u010cNA DRU\u0160TVA I NASTAVNICI STRANIH JEZIKA (str. 241-243) \u2003\u2003 Rudolf Filipovi\u0107 &nbsp; Lingvistika JO\u0160 O PREDMETU I NAZIVU KONTRASTIVNE LINGVISTIKE (str. 244-250) \u2003\u2003 Antica Menac &nbsp; O RAZLI\u010cITIM LINGVISTI\u010cKIM PRISTUPIMA PREVO\u0110ENJU (str. 251-261) \u2003\u2003 Stjepo Vojvoda &nbsp; IZVEDENI PRIDJEVI U NJEMA\u010cKOM JEZIKU (str. 261-264) \u2003\u2003 Stanko \u017depi\u0107 &nbsp; Metodika SUGESTIJE ZA RAD NA SATOVIMA DODATNE &hellip; <\/p>\n<p class=\"link-more\"><a href=\"https:\/\/stranijezici.ffzg.unizg.hr\/index.php\/vol2n4\/\" class=\"more-link\">Continue reading<span class=\"screen-reader-text\"> &#8220;Vol 2. (4)&#8221;<\/span><\/a><\/p>\n","protected":false},"author":2,"featured_media":0,"parent":0,"menu_order":0,"comment_status":"closed","ping_status":"closed","template":"","meta":{"ngg_post_thumbnail":0,"footnotes":""},"class_list":["post-675","page","type-page","status-publish","hentry"],"_links":{"self":[{"href":"https:\/\/stranijezici.ffzg.unizg.hr\/index.php\/wp-json\/wp\/v2\/pages\/675","targetHints":{"allow":["GET"]}}],"collection":[{"href":"https:\/\/stranijezici.ffzg.unizg.hr\/index.php\/wp-json\/wp\/v2\/pages"}],"about":[{"href":"https:\/\/stranijezici.ffzg.unizg.hr\/index.php\/wp-json\/wp\/v2\/types\/page"}],"author":[{"embeddable":true,"href":"https:\/\/stranijezici.ffzg.unizg.hr\/index.php\/wp-json\/wp\/v2\/users\/2"}],"replies":[{"embeddable":true,"href":"https:\/\/stranijezici.ffzg.unizg.hr\/index.php\/wp-json\/wp\/v2\/comments?post=675"}],"version-history":[{"count":7,"href":"https:\/\/stranijezici.ffzg.unizg.hr\/index.php\/wp-json\/wp\/v2\/pages\/675\/revisions"}],"predecessor-version":[{"id":3246,"href":"https:\/\/stranijezici.ffzg.unizg.hr\/index.php\/wp-json\/wp\/v2\/pages\/675\/revisions\/3246"}],"wp:attachment":[{"href":"https:\/\/stranijezici.ffzg.unizg.hr\/index.php\/wp-json\/wp\/v2\/media?parent=675"}],"curies":[{"name":"wp","href":"https:\/\/api.w.org\/{rel}","templated":true}]}}