{"id":673,"date":"2018-10-16T14:14:18","date_gmt":"2018-10-16T14:14:18","guid":{"rendered":"https:\/\/stranijezici.ffzg.unizg.hr\/?page_id=673"},"modified":"2022-03-08T13:47:54","modified_gmt":"2022-03-08T13:47:54","slug":"vol2n2","status":"publish","type":"page","link":"https:\/\/stranijezici.ffzg.unizg.hr\/index.php\/vol2n2\/","title":{"rendered":"Vol 2. (2)"},"content":{"rendered":"<ul style=\"list-style-type: none;\">\n<li style=\"list-style-type: none;\">\n<ul style=\"list-style-type: none;\">\n<li><a href=\"https:\/\/stranijezici.ffzg.unizg.hr\/wp-content\/uploads\/2018\/10\/sj2_2_str81-82.pdf\" target=\"_blank\" rel=\"noopener\"><strong>PRVI REZULTATI NA\u0160E ANKETE<\/strong><\/a> (str. 81-82)\n<ul style=\"list-style-type: none;\">\n<li>\u2003\u2003 Rudolf Filipovi\u0107<\/li>\n<li><\/li>\n<\/ul>\n<\/li>\n<\/ul>\n<\/li>\n<\/ul>\n<p>&nbsp;<\/p>\n<ul style=\"list-style-type: none;\">\n<li style=\"list-style-type: none;\">\n<ul style=\"list-style-type: none;\">\n<li>\n<h3>Lingvistika<\/h3>\n<\/li>\n<li><a href=\"https:\/\/stranijezici.ffzg.unizg.hr\/wp-content\/uploads\/2018\/10\/sj2_2_str83-90.pdf\" target=\"_blank\" rel=\"noopener\"><strong>GLOSODINAMI\u010cKI MODEL JEZI\u010cNOG PONA\u0160ANJA I U\u010cENJA JEZIKA<\/strong><\/a> (str. 83-90)\n<ul style=\"list-style-type: none;\">\n<li>\u2003\u2003 Renzo Titone<\/li>\n<li><\/li>\n<\/ul>\n<\/li>\n<\/ul>\n<\/li>\n<\/ul>\n<p>&nbsp;<\/p>\n<ul style=\"list-style-type: none;\">\n<li style=\"list-style-type: none;\">\n<ul style=\"list-style-type: none;\">\n<li><a href=\"https:\/\/stranijezici.ffzg.unizg.hr\/wp-content\/uploads\/2018\/10\/sj2_2_str91-97.pdf\" target=\"_blank\" rel=\"noopener\"><strong>MJESTO I ZADACI PRIMIJENJENE LINGVISTIKE<\/strong><\/a> (str. 91-97)\n<ul style=\"list-style-type: none;\">\n<li>\u2003\u2003 Mirjana Vilke<\/li>\n<li><\/li>\n<\/ul>\n<\/li>\n<\/ul>\n<\/li>\n<\/ul>\n<p>&nbsp;<\/p>\n<ul style=\"list-style-type: none;\">\n<li style=\"list-style-type: none;\">\n<ul style=\"list-style-type: none;\">\n<li>\n<h3>Metodika<\/h3>\n<\/li>\n<li><a href=\"https:\/\/stranijezici.ffzg.unizg.hr\/wp-content\/uploads\/2018\/10\/sj2_2_str98-106.pdf\" target=\"_blank\" rel=\"noopener\"><strong>PRILOG KONCEPCIJI SUVREMENOG UD\u017dBENIKA STRANIH JEZIKA ZA OSNOVNU \u0160KOLU<\/strong><\/a> (str. 98-106)\n<ul style=\"list-style-type: none;\">\n<li>\u2003\u2003 Mirjana Jur\u010di\u0107<\/li>\n<li><\/li>\n<\/ul>\n<\/li>\n<\/ul>\n<\/li>\n<\/ul>\n<p>&nbsp;<\/p>\n<ul style=\"list-style-type: none;\">\n<li style=\"list-style-type: none;\">\n<ul style=\"list-style-type: none;\">\n<li><a href=\"https:\/\/stranijezici.ffzg.unizg.hr\/wp-content\/uploads\/2018\/10\/sj2_2_str107-112.pdf\" target=\"_blank\" rel=\"noopener\"><strong>MOTIVACIJA<\/strong><\/a> (str. 107-112)\n<ul style=\"list-style-type: none;\">\n<li>\u2003\u2003 Patrick Early<\/li>\n<li><\/li>\n<\/ul>\n<\/li>\n<\/ul>\n<\/li>\n<\/ul>\n<p>&nbsp;<\/p>\n<ul style=\"list-style-type: none;\">\n<li style=\"list-style-type: none;\">\n<ul style=\"list-style-type: none;\">\n<li><a href=\"https:\/\/stranijezici.ffzg.unizg.hr\/wp-content\/uploads\/2018\/10\/sj2_2_str112-114.pdf\" target=\"_blank\" rel=\"noopener\"><strong>OBRADA LITERARNOG TEKSTA: LA BRUYERE &#8211; DE LA COUR NA VI\u0160EM STUPNJU U\u010cENJA STRANOG JEZIKA<\/strong><\/a> (str. 112-114)\n<ul style=\"list-style-type: none;\">\n<li>\u2003\u2003 Marinka Bruji\u0107<\/li>\n<li><\/li>\n<\/ul>\n<\/li>\n<\/ul>\n<\/li>\n<\/ul>\n<p>&nbsp;<\/p>\n<ul style=\"list-style-type: none;\">\n<li style=\"list-style-type: none;\">\n<ul style=\"list-style-type: none;\">\n<li><a href=\"https:\/\/stranijezici.ffzg.unizg.hr\/wp-content\/uploads\/2018\/10\/sj2_2_str114-120.pdf\" target=\"_blank\" rel=\"noopener\"><strong>METODOLOGIJA PRELAZA S ORALNE NASTAVE NA PISMO U PO\u010cETNOJ NASTAVI FRANCUSKOG JEZIKA<\/strong><\/a> (str. 114-120)\n<ul style=\"list-style-type: none;\">\n<li>\u2003\u2003 Hosana Vujadinovi\u0107<\/li>\n<li><\/li>\n<\/ul>\n<\/li>\n<\/ul>\n<\/li>\n<\/ul>\n<p>&nbsp;<\/p>\n<ul style=\"list-style-type: none;\">\n<li style=\"list-style-type: none;\">\n<ul style=\"list-style-type: none;\">\n<li>\n<h3>Diskusija<\/h3>\n<\/li>\n<li><a href=\"https:\/\/stranijezici.ffzg.unizg.hr\/wp-content\/uploads\/2018\/10\/sj2_2_str121-125.pdf\" target=\"_blank\" rel=\"noopener\"><strong>MODERNE METODE U NASTAVI LATINSKOG JEZIKA<\/strong><\/a> (str. 121-125)\n<ul style=\"list-style-type: none;\">\n<li>\u2003\u2003 Olja Peri\u0107<\/li>\n<li><\/li>\n<\/ul>\n<\/li>\n<\/ul>\n<\/li>\n<\/ul>\n<p>&nbsp;<\/p>\n<ul style=\"list-style-type: none;\">\n<li style=\"list-style-type: none;\">\n<ul style=\"list-style-type: none;\">\n<li><a href=\"https:\/\/stranijezici.ffzg.unizg.hr\/wp-content\/uploads\/2018\/10\/sj2_2_str125-129.pdf\" target=\"_blank\" rel=\"noopener\"><strong>NEKI PRIJEDLOZI ZA ORGANIZACIJU IZBORNE NASTAVE U SREDNJIM \u0160KOLAMA<\/strong><\/a> (str. 125-129)\n<ul style=\"list-style-type: none;\">\n<li>\u2003\u2003 Davorka Celmi\u0107<\/li>\n<li><\/li>\n<\/ul>\n<\/li>\n<\/ul>\n<\/li>\n<\/ul>\n<p>&nbsp;<\/p>\n<ul style=\"list-style-type: none;\">\n<li style=\"list-style-type: none;\">\n<ul style=\"list-style-type: none;\">\n<li><a href=\"https:\/\/stranijezici.ffzg.unizg.hr\/wp-content\/uploads\/2018\/10\/sj2_2_str130-135.pdf\" target=\"_blank\" rel=\"noopener\"><strong>ZA\u0160TO ISKLJU\u010cIVO BRITANSKI ENGLESKI?<\/strong><\/a> (str. 130-135)\n<ul style=\"list-style-type: none;\">\n<li>\u2003\u2003 \u017deljko Bujas<\/li>\n<li><\/li>\n<\/ul>\n<\/li>\n<\/ul>\n<\/li>\n<\/ul>\n<p>&nbsp;<\/p>\n<ul style=\"list-style-type: none;\">\n<li style=\"list-style-type: none;\">\n<ul style=\"list-style-type: none;\">\n<li>\n<h3>\u017diva rije\u010d<\/h3>\n<\/li>\n<li><a href=\"https:\/\/stranijezici.ffzg.unizg.hr\/wp-content\/uploads\/2018\/10\/sj2_2_str136-141.pdf\" target=\"_blank\" rel=\"noopener\"><strong>LETTER WRITING AS A FORM OF GUIDED COMPOSITION<\/strong><\/a> (str. 136-141)\n<ul style=\"list-style-type: none;\">\n<li>\u2003\u2003 Alan Duff<\/li>\n<li><\/li>\n<\/ul>\n<\/li>\n<\/ul>\n<\/li>\n<\/ul>\n<p>&nbsp;<\/p>\n<ul style=\"list-style-type: none;\">\n<li style=\"list-style-type: none;\">\n<ul style=\"list-style-type: none;\">\n<li><a href=\"https:\/\/stranijezici.ffzg.unizg.hr\/wp-content\/uploads\/2018\/10\/sj2_2_str141-144.pdf\" target=\"_blank\" rel=\"noopener\"><strong>\u041a \u0412O\u041f\u0420O\u0421\u0423 \u0418\u0417\u0423\u0427\u0415\u041d\u0418\u042f \u0420\u0423\u0421\u0421\u041a\u0418\u041c \u0412O\u0417\u0412\u0420\u0410\u0422\u041d\u042b\u0425 \u0413\u041b\u0410\u0413O\u041b\u041e\u0412 \u0418\u041dO\u0421\u0422\u0420\u0410\u041d\u041d\u042b\u041c\u0418 \u0423\u0427\u0410\u0429\u0418\u041c\u0418\u0421\u042f<\/strong><\/a> (str. 141-144)\n<ul style=\"list-style-type: none;\">\n<li>\u2003\u2003 \u0418. \u0410. \u041c\u0430\u0440\u0444\u0443\u043du\u043da<\/li>\n<li><\/li>\n<\/ul>\n<\/li>\n<\/ul>\n<\/li>\n<\/ul>\n<p>&nbsp;<\/p>\n<ul style=\"list-style-type: none;\">\n<li style=\"list-style-type: none;\">\n<ul style=\"list-style-type: none;\">\n<li>\n<h3>Na\u0161a iskustva<\/h3>\n<\/li>\n<li><a href=\"https:\/\/stranijezici.ffzg.unizg.hr\/wp-content\/uploads\/2018\/10\/sj2_2_str145-150.pdf\" target=\"_blank\" rel=\"noopener\"><strong>PRAKTI\u010cAN PRIMJER OBRADE DIJALOGA U NASTAVI ENGLESKOG JEZIKA<\/strong><\/a> (str. 145-150)\n<ul style=\"list-style-type: none;\">\n<li>\u2003\u2003 Stjepan Kralj<\/li>\n<li><\/li>\n<\/ul>\n<\/li>\n<\/ul>\n<\/li>\n<\/ul>\n<p>&nbsp;<\/p>\n<ul style=\"list-style-type: none;\">\n<li style=\"list-style-type: none;\">\n<ul style=\"list-style-type: none;\">\n<li><a href=\"https:\/\/stranijezici.ffzg.unizg.hr\/wp-content\/uploads\/2018\/10\/sj2_2_str151-155.pdf\" target=\"_blank\" rel=\"noopener\"><strong>PRIPREMA ZA PISMENI SASTAV U PRVOJ GODINI U\u010cENJA STRANOG JEZIKA<\/strong><\/a> (str. 151-155)\n<ul style=\"list-style-type: none;\">\n<li>\u2003\u2003 Nives Sironi\u0107-Bonefa\u010di\u0107<\/li>\n<li><\/li>\n<\/ul>\n<\/li>\n<\/ul>\n<\/li>\n<\/ul>\n<p>&nbsp;<\/p>\n<ul style=\"list-style-type: none;\">\n<li>\n<h3>Kronika; Prikazi knjiga<\/h3>\n<\/li>\n<li><strong><a href=\"https:\/\/stranijezici.ffzg.unizg.hr\/wp-content\/uploads\/2022\/03\/SJ_2_2_00.pdf\">Kronika, prikazi knjiga<\/a><\/strong> (str. 156-160)<\/li>\n<\/ul>\n","protected":false},"excerpt":{"rendered":"<p>PRVI REZULTATI NA\u0160E ANKETE (str. 81-82) \u2003\u2003 Rudolf Filipovi\u0107 &nbsp; Lingvistika GLOSODINAMI\u010cKI MODEL JEZI\u010cNOG PONA\u0160ANJA I U\u010cENJA JEZIKA (str. 83-90) \u2003\u2003 Renzo Titone &nbsp; MJESTO I ZADACI PRIMIJENJENE LINGVISTIKE (str. 91-97) \u2003\u2003 Mirjana Vilke &nbsp; Metodika PRILOG KONCEPCIJI SUVREMENOG UD\u017dBENIKA STRANIH JEZIKA ZA OSNOVNU \u0160KOLU (str. 98-106) \u2003\u2003 Mirjana Jur\u010di\u0107 &nbsp; MOTIVACIJA (str. 107-112) \u2003\u2003 &hellip; <\/p>\n<p class=\"link-more\"><a href=\"https:\/\/stranijezici.ffzg.unizg.hr\/index.php\/vol2n2\/\" class=\"more-link\">Continue reading<span class=\"screen-reader-text\"> &#8220;Vol 2. (2)&#8221;<\/span><\/a><\/p>\n","protected":false},"author":2,"featured_media":0,"parent":0,"menu_order":0,"comment_status":"closed","ping_status":"closed","template":"","meta":{"ngg_post_thumbnail":0,"footnotes":""},"class_list":["post-673","page","type-page","status-publish","hentry"],"_links":{"self":[{"href":"https:\/\/stranijezici.ffzg.unizg.hr\/index.php\/wp-json\/wp\/v2\/pages\/673","targetHints":{"allow":["GET"]}}],"collection":[{"href":"https:\/\/stranijezici.ffzg.unizg.hr\/index.php\/wp-json\/wp\/v2\/pages"}],"about":[{"href":"https:\/\/stranijezici.ffzg.unizg.hr\/index.php\/wp-json\/wp\/v2\/types\/page"}],"author":[{"embeddable":true,"href":"https:\/\/stranijezici.ffzg.unizg.hr\/index.php\/wp-json\/wp\/v2\/users\/2"}],"replies":[{"embeddable":true,"href":"https:\/\/stranijezici.ffzg.unizg.hr\/index.php\/wp-json\/wp\/v2\/comments?post=673"}],"version-history":[{"count":10,"href":"https:\/\/stranijezici.ffzg.unizg.hr\/index.php\/wp-json\/wp\/v2\/pages\/673\/revisions"}],"predecessor-version":[{"id":3238,"href":"https:\/\/stranijezici.ffzg.unizg.hr\/index.php\/wp-json\/wp\/v2\/pages\/673\/revisions\/3238"}],"wp:attachment":[{"href":"https:\/\/stranijezici.ffzg.unizg.hr\/index.php\/wp-json\/wp\/v2\/media?parent=673"}],"curies":[{"name":"wp","href":"https:\/\/api.w.org\/{rel}","templated":true}]}}