{"id":611,"date":"2018-10-10T09:31:19","date_gmt":"2018-10-10T09:31:19","guid":{"rendered":"https:\/\/stranijezici.ffzg.unizg.hr\/?page_id=611"},"modified":"2019-06-18T22:58:57","modified_gmt":"2019-06-18T22:58:57","slug":"vol38n2","status":"publish","type":"page","link":"https:\/\/stranijezici.ffzg.unizg.hr\/index.php\/vol38n2\/","title":{"rendered":"Vol 38. (2)"},"content":{"rendered":"<ul style=\"list-style-type:none\">\n<li><a href=\"https:\/\/stranijezici.ffzg.unizg.hr\/wp-content\/uploads\/2019\/06\/SJ_38_2_0.pdf\" target=\"_blank\"><strong><\/strong><\/a><\/li>\n<\/li>\n<p>  &nbsp;<\/p>\n<li><a href=\"https:\/\/stranijezici.ffzg.unizg.hr\/wp-content\/uploads\/2019\/06\/SJ_38_2_1.pdf\" target=\"_blank\"><strong>LUPATI GLAVOM O ZID &#8211; DEFINIRANJE FRAZEMA I FRAZEMI SA SASTAVNICOM &#8216;GLAVA&#8217; U HRVATSKOM JEZIKU I NJIHOVI EKVIVALENTI U ENGLESKOM I \u0160VEDSKOM<\/strong><\/a> (str. 145-158)<\/li>\n<ul style=\"list-style-type:none\">\n<li>&emsp;&emsp; Zvonimir Novoselec<\/li>\n<li>&emsp;&emsp; Znanstveni pregledni \u010dlanak<\/li>\n<\/ul>\n<\/li>\n<p>  &nbsp;<\/p>\n<li><a href=\"https:\/\/stranijezici.ffzg.unizg.hr\/wp-content\/uploads\/2019\/06\/SJ_38_2_2.pdf\" target=\"_blank\"><strong>ISTRA\u017dIVANJE O USVAJANJU DRUGOGA I\/ILI STRANOGA JEZIKA: SUVREMENI PRAVCI RAZVOJA<\/strong><\/a> (str. 159-168)<\/li>\n<ul style=\"list-style-type:none\">\n<li>&emsp;&emsp; Milena Kova\u010devi\u0107<\/li>\n<li>&emsp;&emsp; Znanstveni pregledni \u010dlanak<\/li>\n<\/ul>\n<\/li>\n<p>  &nbsp;<\/p>\n<li><a href=\"https:\/\/stranijezici.ffzg.unizg.hr\/wp-content\/uploads\/2019\/06\/SJ_38_2_3.pdf\" target=\"_blank\"><strong>POLITICAL CORRECTNESS &#8211; A CHALLENGE TO EFL TEACHING<\/strong><\/a> (str. 169-178)<\/li>\n<ul style=\"list-style-type:none\">\n<li>&emsp;&emsp; Bisera Plan\u010di\u0107, \u017deljka Zanchi<\/li>\n<li>&emsp;&emsp; Izvorni znanstveni \u010dlanak<\/li>\n<\/ul>\n<\/li>\n<p>  &nbsp;<\/p>\n<li><a href=\"https:\/\/stranijezici.ffzg.unizg.hr\/wp-content\/uploads\/2019\/06\/SJ_38_2_4.pdf\" target=\"_blank\"><strong>RODNA OSJETLJIVOST U HRVATSKOM I ENGLESKOM JEZIKU<\/strong><\/a> (str. 179-188)<\/li>\n<ul style=\"list-style-type:none\">\n<li>&emsp;&emsp; Dubravka Kuna, Mirna Varga<\/li>\n<li>&emsp;&emsp; Znanstveni pregledni \u010dlanak<\/li>\n<\/ul>\n<\/li>\n<p>  &nbsp;<\/p>\n<li><a href=\"https:\/\/stranijezici.ffzg.unizg.hr\/wp-content\/uploads\/2019\/06\/SJ_38_2_5.pdf\" target=\"_blank\"><strong>STUPANJ PREPOZNAVANJA ROMANIZAMA U PIJAVSKOM I KOMI\u0160KOM GOVORU<\/strong><\/a> (str. 189-202)<\/li>\n<ul style=\"list-style-type:none\">\n<li>&emsp;&emsp; Marijana Tomeli\u0107 \u0106urlin, Anita Runji\u0107-Stoilova<\/li>\n<li>&emsp;&emsp; Izvorni znanstveni \u010dlanak<\/li>\n<\/ul>\n<\/li>\n<p>  &nbsp;<\/p>\n<li><a href=\"https:\/\/stranijezici.ffzg.unizg.hr\/wp-content\/uploads\/2019\/06\/SJ_38_2_6.pdf\" target=\"_blank\"><strong>THE USABILITY OF GRAMMATICAL CODES IN MONOLINGUAL LEARNERS&#8217; DICTIONARIES<\/strong><\/a> (str. 203-220)<\/li>\n<ul style=\"list-style-type:none\">\n<li>&emsp;&emsp; Marjeta Vrbinc, Alenka Vrbinc<\/li>\n<li>&emsp;&emsp; Znanstveni pregledni \u010dlanak<\/li>\n<\/ul>\n<\/li>\n<p>  &nbsp;<\/p>\n<li><a href=\"https:\/\/stranijezici.ffzg.unizg.hr\/wp-content\/uploads\/2019\/06\/SJ_38_2_7.pdf\" target=\"_blank\"><strong>PROBLEMI U NASTAVI STRANOGA JEZIKA ZA GRAFI\u010cKE DIZAJNERE I IN\u017dENJERE GRAFI\u010cKE TEHNOLOGIJE (ISKUSTVA, IDEJE I PRIJEDLOZI)<\/strong><\/a> (str. 221-228)<\/li>\n<ul style=\"list-style-type:none\">\n<li>&emsp;&emsp; Ana Nemec<\/li>\n<li>&emsp;&emsp; Stru\u010dni \u010dlanak<\/li>\n<\/ul>\n<\/li>\n<p>  &nbsp;<\/p>\n<li><a href=\"https:\/\/stranijezici.ffzg.unizg.hr\/wp-content\/uploads\/2019\/06\/SJ_38_2_8.pdf\" target=\"_blank\"><strong>INVOLVING STUDENTS IN UNDERSTANDING ASSESSMENT CRITERIA<\/strong><\/a> (str. 229-234)<\/li>\n<ul style=\"list-style-type:none\">\n<li>&emsp;&emsp; Bla\u017eena Radas<\/li>\n<li>&emsp;&emsp; Stru\u010dni \u010dlanak<\/li>\n<\/ul>\n<\/li>\n<p>  &nbsp;<\/p>\n<li><a href=\"https:\/\/stranijezici.ffzg.unizg.hr\/wp-content\/uploads\/2019\/06\/SJ_38_2_9.pdf\" target=\"_blank\"><strong>PRIKAZ UD\u017dBENIKA ROBINA WALKERA I KEITHA HARDINGA <em>TOURISM 1<\/em> I <em>TOURISM 2<\/em><\/strong><\/a> (str. 235-238)<\/li>\n<ul style=\"list-style-type:none\">\n<li>&emsp;&emsp; Gorana Duplan\u010di\u0107 Rogo\u0161i\u0107<\/li>\n<li>&emsp;&emsp; Prikaz<\/li>\n<\/ul>\n<\/li>\n<p>  &nbsp;<\/p>\n<li><a href=\"https:\/\/stranijezici.ffzg.unizg.hr\/wp-content\/uploads\/2019\/06\/SJ_38_2_10.pdf\" target=\"_blank\"><strong>PRIKAZ UD\u017dBENIKA, RADNE BILJE\u017dNICE I PRIRU\u010cNIKA ZA NASTAVNIKE MILVIE MARI\u0106-KOS I BRANKE PU\u010cALKA BIFFEL <em>AFFARE FATTO 1<\/em><\/strong><\/a> (str. 239-242)<\/li>\n<ul style=\"list-style-type:none\">\n<li>&emsp;&emsp; Marta Ra\u010di\u0107<\/li>\n<li>&emsp;&emsp; Prikaz<\/li>\n<\/ul>\n<\/li>\n<p>  &nbsp;<\/p>\n<li><a href=\"https:\/\/stranijezici.ffzg.unizg.hr\/wp-content\/uploads\/2019\/06\/SJ_38_2_11.pdf\" target=\"_blank\"><strong>PRIKAZ KNJIGE BASTIANA SICKA <em>DER DATIV IST DEM GENITIV SEIN TOD<\/em>, TRE\u0106I NASTAVAK<\/strong><\/a> (str. 243-246)<\/li>\n<ul style=\"list-style-type:none\">\n<li>&emsp;&emsp; Mara Pekez<\/li>\n<li>&emsp;&emsp; Prikaz<\/li>\n<\/ul>\n<\/li>\n<p>  &nbsp;<\/p>\n<li><a href=\"https:\/\/stranijezici.ffzg.unizg.hr\/wp-content\/uploads\/2019\/06\/SJ_38_2_12.pdf\" target=\"_blank\"><strong>PRIKAZ KNJIGE KATERINE VELJANOVSKE: <em>FRAZEOLO\u0160KITE IZRAZI VO MAKEDONSKIOT JAZIK SO OSVRT NA SOMATSKATA FRAZEOLOGIJA<\/em><\/strong><\/a> (str. 247-250)<\/li>\n<ul style=\"list-style-type:none\">\n<li>&emsp;&emsp; Slavomira Ribarova<\/li>\n<li>&emsp;&emsp; Prikaz<\/li>\n<\/ul>\n<\/li>\n<p>  &nbsp;\n<\/ul>\n","protected":false},"excerpt":{"rendered":"<p>&nbsp; LUPATI GLAVOM O ZID &#8211; DEFINIRANJE FRAZEMA I FRAZEMI SA SASTAVNICOM &#8216;GLAVA&#8217; U HRVATSKOM JEZIKU I NJIHOVI EKVIVALENTI U ENGLESKOM I \u0160VEDSKOM (str. 145-158) &emsp;&emsp; Zvonimir Novoselec &emsp;&emsp; Znanstveni pregledni \u010dlanak &nbsp; ISTRA\u017dIVANJE O USVAJANJU DRUGOGA I\/ILI STRANOGA JEZIKA: SUVREMENI PRAVCI RAZVOJA (str. 159-168) &emsp;&emsp; Milena Kova\u010devi\u0107 &emsp;&emsp; Znanstveni pregledni \u010dlanak &nbsp; POLITICAL CORRECTNESS &hellip; <\/p>\n<p class=\"link-more\"><a href=\"https:\/\/stranijezici.ffzg.unizg.hr\/index.php\/vol38n2\/\" class=\"more-link\">Continue reading<span class=\"screen-reader-text\"> &#8220;Vol 38. (2)&#8221;<\/span><\/a><\/p>\n","protected":false},"author":2,"featured_media":0,"parent":0,"menu_order":0,"comment_status":"closed","ping_status":"closed","template":"","meta":{"ngg_post_thumbnail":0,"footnotes":""},"class_list":["post-611","page","type-page","status-publish","hentry"],"_links":{"self":[{"href":"https:\/\/stranijezici.ffzg.unizg.hr\/index.php\/wp-json\/wp\/v2\/pages\/611","targetHints":{"allow":["GET"]}}],"collection":[{"href":"https:\/\/stranijezici.ffzg.unizg.hr\/index.php\/wp-json\/wp\/v2\/pages"}],"about":[{"href":"https:\/\/stranijezici.ffzg.unizg.hr\/index.php\/wp-json\/wp\/v2\/types\/page"}],"author":[{"embeddable":true,"href":"https:\/\/stranijezici.ffzg.unizg.hr\/index.php\/wp-json\/wp\/v2\/users\/2"}],"replies":[{"embeddable":true,"href":"https:\/\/stranijezici.ffzg.unizg.hr\/index.php\/wp-json\/wp\/v2\/comments?post=611"}],"version-history":[{"count":6,"href":"https:\/\/stranijezici.ffzg.unizg.hr\/index.php\/wp-json\/wp\/v2\/pages\/611\/revisions"}],"predecessor-version":[{"id":1847,"href":"https:\/\/stranijezici.ffzg.unizg.hr\/index.php\/wp-json\/wp\/v2\/pages\/611\/revisions\/1847"}],"wp:attachment":[{"href":"https:\/\/stranijezici.ffzg.unizg.hr\/index.php\/wp-json\/wp\/v2\/media?parent=611"}],"curies":[{"name":"wp","href":"https:\/\/api.w.org\/{rel}","templated":true}]}}