{"id":4989,"date":"2025-02-12T13:38:15","date_gmt":"2025-02-12T13:38:15","guid":{"rendered":"https:\/\/stranijezici.ffzg.unizg.hr\/?page_id=4989"},"modified":"2025-02-17T16:37:03","modified_gmt":"2025-02-17T16:37:03","slug":"vol16n3-4","status":"publish","type":"page","link":"https:\/\/stranijezici.ffzg.unizg.hr\/index.php\/vol16n3-4\/","title":{"rendered":"Vol 16. (3-4)"},"content":{"rendered":"<p><span style=\"font-size: 10pt; color: #447373;\"><strong>1987.,<\/strong> <strong>Vol. 16, No. 3-4<br \/>\n<\/strong><\/span><\/p>\n<h1>Lingvistika, metodika<\/h1>\n<p>Jelena Mihaljevi\u0107:<br \/>\n<strong><a href=\"https:\/\/stranijezici.ffzg.unizg.hr\/wp-content\/uploads\/2025\/02\/SJ_16_3-4_1.pdf\">Postoji li nova teorija u\u010denja stranog jezika?<\/a><\/strong><br \/>\nstr. 133<\/p>\n<p>Danica \u0160kara:<br \/>\n<strong><a href=\"https:\/\/stranijezici.ffzg.unizg.hr\/wp-content\/uploads\/2025\/02\/SJ_16_3-4_2.pdf\">Neki aspekti adaptacije skra\u0107enica engleskog porijekla u hrvatskom ili srpskom jeziku<\/a><\/strong><br \/>\nstr. 143<\/p>\n<p>Marija \u0160neperger:<br \/>\n<strong><a href=\"https:\/\/stranijezici.ffzg.unizg.hr\/wp-content\/uploads\/2025\/02\/SJ_16_3-4_3.pdf\">Primjena programiranih materijala u u\u010denju glagolskih vremena u ruskom jeziku<\/a><\/strong><br \/>\nstr. 150<\/p>\n<p>Ljiljana Mati\u0107:<br \/>\n<strong><a href=\"https:\/\/stranijezici.ffzg.unizg.hr\/wp-content\/uploads\/2025\/02\/SJ_16_3-4_4.pdf\">Kompjuter u nastavi stranog jezika<\/a><\/strong><br \/>\nstr. 156<\/p>\n<p>\u0110ur\u0111a Branica-Todori\u0107:<br \/>\n<strong><a href=\"https:\/\/stranijezici.ffzg.unizg.hr\/wp-content\/uploads\/2025\/02\/SJ_16_3-4_5.pdf\">\u010citanje tehni\u010dkog teksta<\/a><\/strong><br \/>\nstr. 165<\/p>\n<h1>Iz strane stru\u010dne literature<\/h1>\n<p>Gustave Guillaume:<br \/>\n<strong><a href=\"https:\/\/stranijezici.ffzg.unizg.hr\/wp-content\/uploads\/2025\/02\/SJ_16_3-4_6.pdf\">Psihosistematika: definicija i metoda<\/a><\/strong><br \/>\nstr. 169<\/p>\n<p>Olga Aleksejevna Lapteva:<br \/>\n<strong><a href=\"https:\/\/stranijezici.ffzg.unizg.hr\/wp-content\/uploads\/2025\/02\/SJ_16_3-4_7.pdf\">Suvremeni ruski usmeni jezik i problemi nastave<\/a><\/strong><br \/>\nstr. 176<\/p>\n<p>&nbsp;<\/p>\n<h1>Na\u0161a iskustva<\/h1>\n<p>Irena Rosandi\u0107:<br \/>\n<strong><a href=\"https:\/\/stranijezici.ffzg.unizg.hr\/wp-content\/uploads\/2025\/02\/SJ_16_3-4_8.pdf\">Stvarala\u010dko \u010ditanje u nastavi stranog jezika<\/a><\/strong><br \/>\nstr. 183<\/p>\n<p>Nevenka Bla\u017eevi\u0107:<br \/>\n<strong> <a href=\"https:\/\/stranijezici.ffzg.unizg.hr\/wp-content\/uploads\/2025\/02\/SJ_16_3-4_9.pdf\">Video u nastavi stranih jezika<\/a><\/strong><br \/>\nstr. 196<\/p>\n<p>Arijana Janu\u0161:<br \/>\n<strong><a href=\"https:\/\/stranijezici.ffzg.unizg.hr\/wp-content\/uploads\/2025\/02\/SJ_16_3-4_10.pdf\">Ku\u0107na nastava stranog jezika<\/a><\/strong><br \/>\nstr. 192<\/p>\n<p>Lidija Badurina:<br \/>\n<strong><a href=\"https:\/\/stranijezici.ffzg.unizg.hr\/wp-content\/uploads\/2025\/02\/SJ_16_3-4_11.pdf\">Rad u te\u010dajevima njema\u010dkog jezika za odrasle polaznike i omladince<\/a><\/strong><br \/>\nstr. 198<\/p>\n<h1>Prikazi<\/h1>\n<p>Dora Ma\u010dek:<br \/>\n<strong><a href=\"https:\/\/stranijezici.ffzg.unizg.hr\/wp-content\/uploads\/2025\/02\/SJ_16_3-4_12.pdf\">Rudolf Filipovi\u0107. Teorija jezika u kontaktu<\/a><\/strong><br \/>\nstr. 201<\/p>\n<p>Nada Ivaneti\u0107:<br \/>\n<strong><a href=\"https:\/\/stranijezici.ffzg.unizg.hr\/wp-content\/uploads\/2025\/02\/SJ_16_3-4_13.pdf\">Vesna \u0160imuni\u0107. Deutsche Gesch\u00e4ftskorrespondenz<\/a><\/strong><br \/>\nstr. 204<\/p>\n<p>Mirko Gojmerac:<br \/>\n<strong><a href=\"https:\/\/stranijezici.ffzg.unizg.hr\/wp-content\/uploads\/2025\/02\/SJ_16_3-4_14.pdf\">Grundz\u00fcge einer deutschen Grammatik<\/a><\/strong><br \/>\nstr. 205<\/p>\n<p>&nbsp;<\/p>\n<h1>Kronika<\/h1>\n<p>Ksenija Kon\u010darevi\u0107:<br \/>\n<strong><a href=\"https:\/\/stranijezici.ffzg.unizg.hr\/wp-content\/uploads\/2025\/02\/SJ_16_3-4_15-16-17.pdf\">XXV skup slavista SR Srbije<\/a><\/strong><br \/>\nstr. 208<\/p>\n<p>Ernestina Landau:<br \/>\n<strong><a href=\"https:\/\/stranijezici.ffzg.unizg.hr\/wp-content\/uploads\/2025\/02\/SJ_16_3-4_15-16-17.pdf\">30 godina u\u010denja engleskoga govornog jezika po AVGS metodi Guberina-Rivenc, prema tekstu lekcija Filipovi\u0107-Webster<\/a><\/strong><br \/>\nstr. 210<\/p>\n<p>Stanko \u017depi\u0107:<br \/>\n<strong><a href=\"https:\/\/stranijezici.ffzg.unizg.hr\/wp-content\/uploads\/2025\/02\/SJ_16_3-4_15-16-17.pdf\">Sastanak predsjedni\u0161tva IDV-a<\/a><\/strong><br \/>\nstr. 212<\/p>\n<h1>In memoriam<\/h1>\n<p><strong><a href=\"https:\/\/stranijezici.ffzg.unizg.hr\/wp-content\/uploads\/2025\/02\/SJ_16_3-4_18.pdf\">Radoslav Poljanec<\/a><\/strong><br \/>\nstr. 214<\/p>\n<p>&nbsp;<\/p>\n<p>&nbsp;<\/p>\n","protected":false},"excerpt":{"rendered":"<p>1987., Vol. 16, No. 3-4 Lingvistika, metodika Jelena Mihaljevi\u0107: Postoji li nova teorija u\u010denja stranog jezika? str. 133 Danica \u0160kara: Neki aspekti adaptacije skra\u0107enica engleskog porijekla u hrvatskom ili srpskom jeziku str. 143 Marija \u0160neperger: Primjena programiranih materijala u u\u010denju glagolskih vremena u ruskom jeziku str. 150 Ljiljana Mati\u0107: Kompjuter u nastavi stranog jezika str. &hellip; <\/p>\n<p class=\"link-more\"><a href=\"https:\/\/stranijezici.ffzg.unizg.hr\/index.php\/vol16n3-4\/\" class=\"more-link\">Continue reading<span class=\"screen-reader-text\"> &#8220;Vol 16. (3-4)&#8221;<\/span><\/a><\/p>\n","protected":false},"author":3,"featured_media":0,"parent":0,"menu_order":0,"comment_status":"closed","ping_status":"closed","template":"","meta":{"ngg_post_thumbnail":0,"footnotes":""},"class_list":["post-4989","page","type-page","status-publish","hentry"],"_links":{"self":[{"href":"https:\/\/stranijezici.ffzg.unizg.hr\/index.php\/wp-json\/wp\/v2\/pages\/4989","targetHints":{"allow":["GET"]}}],"collection":[{"href":"https:\/\/stranijezici.ffzg.unizg.hr\/index.php\/wp-json\/wp\/v2\/pages"}],"about":[{"href":"https:\/\/stranijezici.ffzg.unizg.hr\/index.php\/wp-json\/wp\/v2\/types\/page"}],"author":[{"embeddable":true,"href":"https:\/\/stranijezici.ffzg.unizg.hr\/index.php\/wp-json\/wp\/v2\/users\/3"}],"replies":[{"embeddable":true,"href":"https:\/\/stranijezici.ffzg.unizg.hr\/index.php\/wp-json\/wp\/v2\/comments?post=4989"}],"version-history":[{"count":19,"href":"https:\/\/stranijezici.ffzg.unizg.hr\/index.php\/wp-json\/wp\/v2\/pages\/4989\/revisions"}],"predecessor-version":[{"id":5034,"href":"https:\/\/stranijezici.ffzg.unizg.hr\/index.php\/wp-json\/wp\/v2\/pages\/4989\/revisions\/5034"}],"wp:attachment":[{"href":"https:\/\/stranijezici.ffzg.unizg.hr\/index.php\/wp-json\/wp\/v2\/media?parent=4989"}],"curies":[{"name":"wp","href":"https:\/\/api.w.org\/{rel}","templated":true}]}}