{"id":4918,"date":"2025-02-05T14:01:53","date_gmt":"2025-02-05T14:01:53","guid":{"rendered":"https:\/\/stranijezici.ffzg.unizg.hr\/?page_id=4918"},"modified":"2025-02-11T16:40:46","modified_gmt":"2025-02-11T16:40:46","slug":"vol16n1","status":"publish","type":"page","link":"https:\/\/stranijezici.ffzg.unizg.hr\/index.php\/vol16n1\/","title":{"rendered":"Vol 16. (1)"},"content":{"rendered":"<p><span style=\"font-size: 10pt; color: #447373;\"><strong>1987.,<\/strong> <strong>Vol. 16, No. 1<br \/>\n<\/strong><\/span><\/p>\n<p><strong><a href=\"https:\/\/stranijezici.ffzg.unizg.hr\/wp-content\/uploads\/2025\/02\/SJ_16_1_0.pdf\">Uvodna rije\u010d <\/a><\/strong>(Damir Kalogjera)<br \/>\nstr. 1<\/p>\n<h1>Lingvistika<\/h1>\n<p>Dubravko Ku\u010denda, Johan van derAuvera:<br \/>\n<strong><a href=\"https:\/\/stranijezici.ffzg.unizg.hr\/wp-content\/uploads\/2025\/02\/SJ_16_1_1.pdf\">Bilje\u0161ka o <em>\u0161to <\/em>i <em>that<\/em><\/a><em><br \/>\n<\/em><\/strong>str. 2<\/p>\n<p>Nada Ivaneti\u0107:<br \/>\n<strong><a href=\"https:\/\/stranijezici.ffzg.unizg.hr\/wp-content\/uploads\/2025\/02\/SJ_16_1_2.pdf\">\u0160to je pragmalingvistika<\/a><br \/>\n<\/strong>str. 12<\/p>\n<p>Vladimir Sekuli\u0107:<br \/>\n<strong><a href=\"https:\/\/stranijezici.ffzg.unizg.hr\/wp-content\/uploads\/2025\/02\/SJ_16_1_3.pdf\">Doprinos Rudolfa Filipovi\u0107a nastavi gramatike engleskog jezika<\/a><\/strong><br \/>\nstr. 19<\/p>\n<h1>\u017diva rije\u010d<\/h1>\n<p>Milica Bukarica:<br \/>\n<strong><a href=\"https:\/\/stranijezici.ffzg.unizg.hr\/wp-content\/uploads\/2025\/02\/SJ_16_1_4.pdf\">Mali rje\u010dnik sportskih termina<\/a><br \/>\n<\/strong>str. 23<\/p>\n<p>Patrick Chevrel:<br \/>\n<strong><a href=\"https:\/\/stranijezici.ffzg.unizg.hr\/wp-content\/uploads\/2025\/02\/SJ_16_1_5.pdf\">Le sport en France<\/a><\/strong><br \/>\nstr. 33<\/p>\n<p>Milica Bukarica:<br \/>\n<strong><a href=\"https:\/\/stranijezici.ffzg.unizg.hr\/wp-content\/uploads\/2025\/02\/SJ_16_1_6.pdf\">U\u010debnye materialy po teme \u201eSport\u201c<\/a><br \/>\n<\/strong>str. 40<\/p>\n<p>Nives Sironi\u0107-Bonefa\u010di\u0107:<br \/>\n<strong><a href=\"https:\/\/stranijezici.ffzg.unizg.hr\/wp-content\/uploads\/2025\/02\/SJ_16_1_7.pdf\">Il lessico dello sport nell&#8217; insegnamento dell&#8217; Italiano come lingua straniera<\/a><\/strong><br \/>\nstr. 44<\/p>\n<h1>Na\u0161a iskustva<\/h1>\n<p>Maja Rijavec:<br \/>\n<strong><a href=\"https:\/\/stranijezici.ffzg.unizg.hr\/wp-content\/uploads\/2025\/02\/SJ_16_1_8.pdf\">Humanisti\u010dki pristup nastavi engleskog jezika u osnovnoj \u0161koli<\/a><\/strong><br \/>\nstr. 51<\/p>\n<p>Galjina Venturin:<br \/>\n<strong><a href=\"https:\/\/stranijezici.ffzg.unizg.hr\/wp-content\/uploads\/2025\/02\/SJ_16_1_9.pdf\">Upotreba filmskog plakata u nastavi stranih jezika<\/a><br \/>\n<\/strong>str. 61<\/p>\n<h1>Prikazi knjiga<\/h1>\n<p>Milenko Popovi\u0107:<br \/>\n<strong><a href=\"https:\/\/stranijezici.ffzg.unizg.hr\/wp-content\/uploads\/2025\/02\/SJ_16_1_10.pdf\">Antica Menac, Raisa I. Trostinska: Hrvatsko-srpsko-rusko-ukrajinski frazeolo\u0161ki rje\u010dnik<\/a><\/strong><br \/>\nstr. 66<\/p>\n<p>&nbsp;<\/p>\n<p>&nbsp;<\/p>\n<p>&nbsp;<\/p>\n","protected":false},"excerpt":{"rendered":"<p>1987., Vol. 16, No. 1 Uvodna rije\u010d (Damir Kalogjera) str. 1 Lingvistika Dubravko Ku\u010denda, Johan van derAuvera: Bilje\u0161ka o \u0161to i that str. 2 Nada Ivaneti\u0107: \u0160to je pragmalingvistika str. 12 Vladimir Sekuli\u0107: Doprinos Rudolfa Filipovi\u0107a nastavi gramatike engleskog jezika str. 19 \u017diva rije\u010d Milica Bukarica: Mali rje\u010dnik sportskih termina str. 23 Patrick Chevrel: Le &hellip; <\/p>\n<p class=\"link-more\"><a href=\"https:\/\/stranijezici.ffzg.unizg.hr\/index.php\/vol16n1\/\" class=\"more-link\">Continue reading<span class=\"screen-reader-text\"> &#8220;Vol 16. (1)&#8221;<\/span><\/a><\/p>\n","protected":false},"author":3,"featured_media":0,"parent":0,"menu_order":0,"comment_status":"closed","ping_status":"closed","template":"","meta":{"ngg_post_thumbnail":0,"footnotes":""},"class_list":["post-4918","page","type-page","status-publish","hentry"],"_links":{"self":[{"href":"https:\/\/stranijezici.ffzg.unizg.hr\/index.php\/wp-json\/wp\/v2\/pages\/4918","targetHints":{"allow":["GET"]}}],"collection":[{"href":"https:\/\/stranijezici.ffzg.unizg.hr\/index.php\/wp-json\/wp\/v2\/pages"}],"about":[{"href":"https:\/\/stranijezici.ffzg.unizg.hr\/index.php\/wp-json\/wp\/v2\/types\/page"}],"author":[{"embeddable":true,"href":"https:\/\/stranijezici.ffzg.unizg.hr\/index.php\/wp-json\/wp\/v2\/users\/3"}],"replies":[{"embeddable":true,"href":"https:\/\/stranijezici.ffzg.unizg.hr\/index.php\/wp-json\/wp\/v2\/comments?post=4918"}],"version-history":[{"count":15,"href":"https:\/\/stranijezici.ffzg.unizg.hr\/index.php\/wp-json\/wp\/v2\/pages\/4918\/revisions"}],"predecessor-version":[{"id":4964,"href":"https:\/\/stranijezici.ffzg.unizg.hr\/index.php\/wp-json\/wp\/v2\/pages\/4918\/revisions\/4964"}],"wp:attachment":[{"href":"https:\/\/stranijezici.ffzg.unizg.hr\/index.php\/wp-json\/wp\/v2\/media?parent=4918"}],"curies":[{"name":"wp","href":"https:\/\/api.w.org\/{rel}","templated":true}]}}