{"id":491,"date":"2018-09-29T18:32:04","date_gmt":"2018-09-29T18:32:04","guid":{"rendered":"https:\/\/stranijezici.ffzg.unizg.hr\/?page_id=491"},"modified":"2019-06-15T14:28:43","modified_gmt":"2019-06-15T14:28:43","slug":"vol39n4","status":"publish","type":"page","link":"https:\/\/stranijezici.ffzg.unizg.hr\/index.php\/vol39n4\/","title":{"rendered":"Vol 39. (4)"},"content":{"rendered":"<ul style=\"list-style-type:none\">\n<li><a href=\"https:\/\/stranijezici.ffzg.unizg.hr\/wp-content\/uploads\/2019\/06\/SJ_39_4_0.pdf\" target=\"_blank\"><strong>UVODNA RIJE\u010c<\/strong><\/a><\/li>\n<\/li>\n<p>  &nbsp;<\/p>\n<li><a href=\"https:\/\/stranijezici.ffzg.unizg.hr\/wp-content\/uploads\/2019\/06\/SJ_39_4_1.pdf\" target=\"_blank\"><strong>IMENSKE SLO\u017dENICE U<br \/>\nPOMORSKOM NAZIVLJU<\/strong><\/a> (str. 255-272)<\/li>\n<ul style=\"list-style-type:none\">\n<li>&emsp;&emsp; Bisera Plan\u010di\u0107 i \u017deljka Zanchi<\/li>\n<li>&emsp;&emsp; Znanstveni pregledni \u010dlanak<\/li>\n<\/ul>\n<\/li>\n<p>  &nbsp;<\/p>\n<li><a href=\"https:\/\/stranijezici.ffzg.unizg.hr\/wp-content\/uploads\/2019\/06\/SJ_39_4_2.pdf\" target=\"_blank\"><strong>HRVATSKI I SLOVENSKI: PRIKAZ PROU\u010cAVANJA ME\u0110USOBNIH ODNOSA<\/strong><\/a> (str. 273-288)<\/li>\n<ul style=\"list-style-type:none\">\n<li>&emsp;&emsp; Tatjana Bala\u017eic Bulc, Vesna Po\u017egaj Had\u017ei<\/li>\n<li>&emsp;&emsp; Znanstveni pregledni \u010dlanak<\/li>\n<\/ul>\n<\/li>\n<p>  &nbsp;<\/p>\n<li><a href=\"https:\/\/stranijezici.ffzg.unizg.hr\/wp-content\/uploads\/2019\/06\/SJ_39_4_3.pdf\" target=\"_blank\"><strong>KRATKA PRI\u010cA U NASTAVI ENGLESKOGA JEZIKA<\/strong><\/a> (str. 289-296)<\/li>\n<ul style=\"list-style-type:none\">\n<li>&emsp;&emsp; Marina O\u0161tari\u0107, Leonarda Lovrovi\u0107<\/li>\n<li>&emsp;&emsp; Stru\u010dni \u010dlanak<\/li>\n<\/ul>\n<\/li>\n<p>  &nbsp;<\/p>\n<li><a href=\"https:\/\/stranijezici.ffzg.unizg.hr\/wp-content\/uploads\/2019\/06\/SJ_39_4_4.pdf\" target=\"_blank\"><strong>POU\u010cAVANJE STRANOGA JEZIKA I RA\u010cUNALO: VJE\u0160TINA SLU\u0160ANJA<\/strong><\/a> (str. 297-308)<\/li>\n<ul style=\"list-style-type:none\">\n<li>&emsp;&emsp; Tina Ku\u017ei\u0107, Azra Pli\u0107ani\u0107 Mesi\u0107<\/li>\n<li>&emsp;&emsp; Stru\u010dni \u010dlanak<\/li>\n<\/ul>\n<\/li>\n<p>  &nbsp;<\/p>\n<li><a href=\"https:\/\/stranijezici.ffzg.unizg.hr\/wp-content\/uploads\/2019\/06\/SJ_39_4_5.pdf\" target=\"_blank\"><strong>U\u010cENJE FRANCUSKOGA JEZIKA KROZ \u0160ANSONU<\/strong><\/a> (str. 309-322)<\/li>\n<ul style=\"list-style-type:none\">\n<li>&emsp;&emsp; Sofija Jak\u0161i\u0107<\/li>\n<li>&emsp;&emsp; Stru\u010dni \u010dlanak<\/li>\n<\/ul>\n<\/li>\n<p>  &nbsp;<\/p>\n<li><a href=\"https:\/\/stranijezici.ffzg.unizg.hr\/wp-content\/uploads\/2019\/06\/SJ_39_4_6.pdf\" target=\"_blank\"><strong>PRIKAZ PRIRU\u010cNIKA ZA U\u010cENJE ENGLESKOGA JEZIKA TABOOS AND ISSUES: PHOTOCOPIABLE LESSONS ON CONTROVERSIAL TOPICS<\/strong><\/a> (str. 323-326)<\/li>\n<ul style=\"list-style-type:none\">\n<li>&emsp;&emsp; Sini\u0161a Nin\u010devi\u0107, Bisera Plan\u010di\u0107<\/li>\n<li>&emsp;&emsp; Prikaz<\/li>\n<\/ul>\n<\/li>\n<p>  &nbsp;<\/p>\n<li><a href=\"https:\/\/stranijezici.ffzg.unizg.hr\/wp-content\/uploads\/2019\/06\/SJ_39_4_7.pdf\" target=\"_blank\"><strong>PRIKAZ PRIRU\u010cNIKA MIRNE BRATULI\u0106 FOUND IN TRANSLATION<\/strong><\/a> (str. 327-330)<\/li>\n<ul style=\"list-style-type:none\">\n<li>&emsp;&emsp; Vesna Beli<\/li>\n<li>&emsp;&emsp; Prikaz<\/li>\n<\/ul>\n<\/li>\n<p>  &nbsp;<\/p>\n<li><a href=\"https:\/\/stranijezici.ffzg.unizg.hr\/wp-content\/uploads\/2019\/06\/SJ_39_4_8.pdf\" target=\"_blank\"><strong>PRIKAZ UD\u017dBENIKA KOMMUNIKATION IN DER LANDWIRTSCHAFT<\/strong><\/a> (str. 331-336)<\/li>\n<ul style=\"list-style-type:none\">\n<li>&emsp;&emsp; Valentina Papi\u0107<\/li>\n<li>&emsp;&emsp; Prikaz<\/li>\n<\/ul>\n<\/li>\n<p>  &nbsp;<\/p>\n<li><a href=\"https:\/\/stranijezici.ffzg.unizg.hr\/wp-content\/uploads\/2019\/06\/SJ_39_4_9.pdf\" target=\"_blank\"><strong>PRIKAZ KNJIGE ANGLIZISMEN IN DER DEUTSCHEN UND KROATISCHEN JUGENDSPRACHE. EINE KONTRASTIVE UNTERSUCHUNG AM BEISPIEL DER JUGENDZEITSCHRIFT BRAVO<\/strong><\/a> (str. 337-340)<\/li>\n<ul style=\"list-style-type:none\">\n<li>&emsp;&emsp; Maja Barac<\/li>\n<li>&emsp;&emsp; Prikaz<\/li>\n<\/ul>\n<\/li>\n<p>  &nbsp;\n<\/ul>\n","protected":false},"excerpt":{"rendered":"<p>UVODNA RIJE\u010c &nbsp; IMENSKE SLO\u017dENICE U POMORSKOM NAZIVLJU (str. 255-272) &emsp;&emsp; Bisera Plan\u010di\u0107 i \u017deljka Zanchi &emsp;&emsp; Znanstveni pregledni \u010dlanak &nbsp; HRVATSKI I SLOVENSKI: PRIKAZ PROU\u010cAVANJA ME\u0110USOBNIH ODNOSA (str. 273-288) &emsp;&emsp; Tatjana Bala\u017eic Bulc, Vesna Po\u017egaj Had\u017ei &emsp;&emsp; Znanstveni pregledni \u010dlanak &nbsp; KRATKA PRI\u010cA U NASTAVI ENGLESKOGA JEZIKA (str. 289-296) &emsp;&emsp; Marina O\u0161tari\u0107, Leonarda Lovrovi\u0107 &hellip; <\/p>\n<p class=\"link-more\"><a href=\"https:\/\/stranijezici.ffzg.unizg.hr\/index.php\/vol39n4\/\" class=\"more-link\">Continue reading<span class=\"screen-reader-text\"> &#8220;Vol 39. (4)&#8221;<\/span><\/a><\/p>\n","protected":false},"author":2,"featured_media":0,"parent":0,"menu_order":0,"comment_status":"closed","ping_status":"closed","template":"","meta":{"ngg_post_thumbnail":0,"footnotes":""},"class_list":["post-491","page","type-page","status-publish","hentry"],"_links":{"self":[{"href":"https:\/\/stranijezici.ffzg.unizg.hr\/index.php\/wp-json\/wp\/v2\/pages\/491","targetHints":{"allow":["GET"]}}],"collection":[{"href":"https:\/\/stranijezici.ffzg.unizg.hr\/index.php\/wp-json\/wp\/v2\/pages"}],"about":[{"href":"https:\/\/stranijezici.ffzg.unizg.hr\/index.php\/wp-json\/wp\/v2\/types\/page"}],"author":[{"embeddable":true,"href":"https:\/\/stranijezici.ffzg.unizg.hr\/index.php\/wp-json\/wp\/v2\/users\/2"}],"replies":[{"embeddable":true,"href":"https:\/\/stranijezici.ffzg.unizg.hr\/index.php\/wp-json\/wp\/v2\/comments?post=491"}],"version-history":[{"count":8,"href":"https:\/\/stranijezici.ffzg.unizg.hr\/index.php\/wp-json\/wp\/v2\/pages\/491\/revisions"}],"predecessor-version":[{"id":1780,"href":"https:\/\/stranijezici.ffzg.unizg.hr\/index.php\/wp-json\/wp\/v2\/pages\/491\/revisions\/1780"}],"wp:attachment":[{"href":"https:\/\/stranijezici.ffzg.unizg.hr\/index.php\/wp-json\/wp\/v2\/media?parent=491"}],"curies":[{"name":"wp","href":"https:\/\/api.w.org\/{rel}","templated":true}]}}