{"id":4880,"date":"2024-10-15T13:06:56","date_gmt":"2024-10-15T13:06:56","guid":{"rendered":"https:\/\/stranijezici.ffzg.unizg.hr\/?page_id=4880"},"modified":"2024-10-23T17:10:38","modified_gmt":"2024-10-23T17:10:38","slug":"vol-53-1","status":"publish","type":"page","link":"https:\/\/stranijezici.ffzg.unizg.hr\/index.php\/vol-53-1\/","title":{"rendered":"Vol 53. (1)"},"content":{"rendered":"<p><span style=\"font-size: 11pt; color: #447373;\"><strong>2024.,<\/strong> <strong>Vol. 53, <span style=\"color: #447373;\">No.<\/span> 1<br \/>\n<\/strong><\/span><\/p>\n<p><strong><span style=\"font-size: 14pt; color: #447373;\"><span style=\"color: #b8d1d1;\">***<\/span><br \/>\n<\/span><\/strong><\/p>\n<p>Dario Mari\u0107<br \/>\n<strong><a href=\"https:\/\/stranijezici.ffzg.unizg.hr\/wp-content\/uploads\/2024\/10\/SJ_53_1_1.pdf\">Treba li pou\u010davati intonacijske obrasce stranoga jezika navode\u0107i studente da ih \u010ditaju, ponavljaju ili ih pak treba evocirati?<\/a><\/strong><strong><br \/>\n<\/strong>\u2013 str. 5<br \/>\n(prethodno priop\u0107enje)<\/p>\n<p>Ivana Cindri\u0107<br \/>\n<strong><a href=\"https:\/\/stranijezici.ffzg.unizg.hr\/wp-content\/uploads\/2024\/10\/SJ_53_1_2.pdf\">Early language learning in Croatia: Exploring foreign language representation and participation trends in kindergartens (2008\/09 &#8211; 2022\/23)<\/a><\/strong><strong><br \/>\n<\/strong>\u2013 str. 23<br \/>\n(pregledni rad)<\/p>\n<p>Igor Iva\u0161kovi\u0107<br \/>\n<strong><a href=\"https:\/\/stranijezici.ffzg.unizg.hr\/wp-content\/uploads\/2024\/10\/SJ_53_1_3.pdf\">Iskustva i potrebe u u\u010denju hrvatskoga kao stranoga jezika na podru\u010dju poslovanja i ekonomije<\/a><\/strong><strong><br \/>\n<\/strong>\u2013 str. 47<br \/>\n(prethodno priop\u0107enje)<\/p>\n<p>Mia Batini\u0107 Angster i Marco Angster<br \/>\n<strong><a href=\"https:\/\/stranijezici.ffzg.unizg.hr\/wp-content\/uploads\/2024\/10\/SJ_53_1_4.pdf\">Building MaLi, a Croatian-Italian bilingual child corpus<\/a><br \/>\n<\/strong>\u2013 str. 69<br \/>\n(prethodno priop\u0107enje)<\/p>\n<p>Morana Drakuli\u0107<br \/>\n<strong><a href=\"https:\/\/stranijezici.ffzg.unizg.hr\/wp-content\/uploads\/2024\/10\/SJ_53_1_5.pdf\">Vjerovanja studenata nefilolo\u0161koga studija o u\u010denju stranoga jezika<\/a><\/strong><strong><br \/>\n<\/strong>\u2013 str. 89<br \/>\n(stru\u010dni rad)<\/p>\n<p>Mirna Petanjek<br \/>\n<strong><a href=\"https:\/\/stranijezici.ffzg.unizg.hr\/wp-content\/uploads\/2024\/10\/SJ_53_1_6.pdf\">Stru\u010dna rasprava kao nastavna metoda na poslovnome njema\u010dkom jeziku u <em>online <\/em>okru\u017eju i njena u\u010dinkovitost<br \/>\n<\/a><\/strong>\u2013 str. 109<br \/>\n(stru\u010dni rad)<\/p>\n<h1>Prikazi<\/h1>\n<p>Maja An\u0111el<br \/>\n<strong><a href=\"https:\/\/stranijezici.ffzg.unizg.hr\/wp-content\/uploads\/2024\/10\/SJ_53_1_7.pdf\">Okrugli stol povodom 50 godina izla\u017eenja \u010dasopisa <em>Strani jezici<\/em><\/a><\/strong><strong><em><br \/>\n<\/em><\/strong>\u2013 str. 139<\/p>\n<p>Gordana \u010cosi\u0107<br \/>\n<strong><a href=\"https:\/\/stranijezici.ffzg.unizg.hr\/wp-content\/uploads\/2024\/10\/SJ_53_1_8.pdf\">Izvje\u0161\u0107e sa skupa \u201eXI. me\u0111unarodni znanstveni skup Dijete i jezik danas: Jezik ud\u017ebenika \u2013 ud\u017ebenici jezika\u201c<\/a><\/strong><strong><br \/>\n<\/strong>\u2013 str. 143<\/p>\n<h1>Forum<\/h1>\n<p>An\u0111el Star\u010devi\u0107<br \/>\n<strong><em><a href=\"https:\/\/stranijezici.ffzg.unizg.hr\/wp-content\/uploads\/2024\/10\/SJ_53_1_9.pdf\">In memoriam profesoru emeritusu Damiru Kalogjeri <\/a><\/em><\/strong><strong><br \/>\n<\/strong>\u2013 str. 147<\/p>\n<p><img loading=\"lazy\" decoding=\"async\" class=\"alignnone size-full wp-image-4903\" src=\"https:\/\/stranijezici.ffzg.unizg.hr\/wp-content\/uploads\/2024\/10\/NASLOVNICA-53-1-2024-A-i-B.png\" alt=\"\" width=\"748\" height=\"526\" srcset=\"https:\/\/stranijezici.ffzg.unizg.hr\/wp-content\/uploads\/2024\/10\/NASLOVNICA-53-1-2024-A-i-B.png 748w, https:\/\/stranijezici.ffzg.unizg.hr\/wp-content\/uploads\/2024\/10\/NASLOVNICA-53-1-2024-A-i-B-300x211.png 300w, https:\/\/stranijezici.ffzg.unizg.hr\/wp-content\/uploads\/2024\/10\/NASLOVNICA-53-1-2024-A-i-B-24x17.png 24w, https:\/\/stranijezici.ffzg.unizg.hr\/wp-content\/uploads\/2024\/10\/NASLOVNICA-53-1-2024-A-i-B-36x25.png 36w, https:\/\/stranijezici.ffzg.unizg.hr\/wp-content\/uploads\/2024\/10\/NASLOVNICA-53-1-2024-A-i-B-48x34.png 48w\" sizes=\"auto, (max-width: 706px) 89vw, (max-width: 767px) 82vw, 740px\" \/><\/p>\n<p><img loading=\"lazy\" decoding=\"async\" class=\"alignnone size-full wp-image-4904\" src=\"https:\/\/stranijezici.ffzg.unizg.hr\/wp-content\/uploads\/2024\/10\/NASLOVNICA-53-1-2024-A.png\" alt=\"\" width=\"414\" height=\"589\" srcset=\"https:\/\/stranijezici.ffzg.unizg.hr\/wp-content\/uploads\/2024\/10\/NASLOVNICA-53-1-2024-A.png 414w, https:\/\/stranijezici.ffzg.unizg.hr\/wp-content\/uploads\/2024\/10\/NASLOVNICA-53-1-2024-A-211x300.png 211w, https:\/\/stranijezici.ffzg.unizg.hr\/wp-content\/uploads\/2024\/10\/NASLOVNICA-53-1-2024-A-17x24.png 17w, https:\/\/stranijezici.ffzg.unizg.hr\/wp-content\/uploads\/2024\/10\/NASLOVNICA-53-1-2024-A-25x36.png 25w, https:\/\/stranijezici.ffzg.unizg.hr\/wp-content\/uploads\/2024\/10\/NASLOVNICA-53-1-2024-A-34x48.png 34w\" sizes=\"auto, (max-width: 414px) 100vw, 414px\" \/><\/p>\n<p>&nbsp;<\/p>\n<p>&nbsp;<\/p>\n<p>&nbsp;<\/p>\n","protected":false},"excerpt":{"rendered":"<p>2024., Vol. 53, No. 1 *** Dario Mari\u0107 Treba li pou\u010davati intonacijske obrasce stranoga jezika navode\u0107i studente da ih \u010ditaju, ponavljaju ili ih pak treba evocirati? \u2013 str. 5 (prethodno priop\u0107enje) Ivana Cindri\u0107 Early language learning in Croatia: Exploring foreign language representation and participation trends in kindergartens (2008\/09 &#8211; 2022\/23) \u2013 str. 23 (pregledni rad) &hellip; <\/p>\n<p class=\"link-more\"><a href=\"https:\/\/stranijezici.ffzg.unizg.hr\/index.php\/vol-53-1\/\" class=\"more-link\">Continue reading<span class=\"screen-reader-text\"> &#8220;Vol 53. (1)&#8221;<\/span><\/a><\/p>\n","protected":false},"author":3,"featured_media":0,"parent":0,"menu_order":0,"comment_status":"closed","ping_status":"closed","template":"","meta":{"ngg_post_thumbnail":0,"footnotes":""},"class_list":["post-4880","page","type-page","status-publish","hentry"],"_links":{"self":[{"href":"https:\/\/stranijezici.ffzg.unizg.hr\/index.php\/wp-json\/wp\/v2\/pages\/4880","targetHints":{"allow":["GET"]}}],"collection":[{"href":"https:\/\/stranijezici.ffzg.unizg.hr\/index.php\/wp-json\/wp\/v2\/pages"}],"about":[{"href":"https:\/\/stranijezici.ffzg.unizg.hr\/index.php\/wp-json\/wp\/v2\/types\/page"}],"author":[{"embeddable":true,"href":"https:\/\/stranijezici.ffzg.unizg.hr\/index.php\/wp-json\/wp\/v2\/users\/3"}],"replies":[{"embeddable":true,"href":"https:\/\/stranijezici.ffzg.unizg.hr\/index.php\/wp-json\/wp\/v2\/comments?post=4880"}],"version-history":[{"count":8,"href":"https:\/\/stranijezici.ffzg.unizg.hr\/index.php\/wp-json\/wp\/v2\/pages\/4880\/revisions"}],"predecessor-version":[{"id":4907,"href":"https:\/\/stranijezici.ffzg.unizg.hr\/index.php\/wp-json\/wp\/v2\/pages\/4880\/revisions\/4907"}],"wp:attachment":[{"href":"https:\/\/stranijezici.ffzg.unizg.hr\/index.php\/wp-json\/wp\/v2\/media?parent=4880"}],"curies":[{"name":"wp","href":"https:\/\/api.w.org\/{rel}","templated":true}]}}