{"id":4654,"date":"2024-07-10T13:11:00","date_gmt":"2024-07-10T13:11:00","guid":{"rendered":"https:\/\/stranijezici.ffzg.unizg.hr\/?page_id=4654"},"modified":"2024-07-11T15:49:03","modified_gmt":"2024-07-11T15:49:03","slug":"vol14n1-2","status":"publish","type":"page","link":"https:\/\/stranijezici.ffzg.unizg.hr\/index.php\/vol14n1-2\/","title":{"rendered":"Vol 14. (1-2)"},"content":{"rendered":"<p><span style=\"font-size: 10pt; color: #447373;\"><strong>1985.,<\/strong> <strong>Vol. 14, No. 1-2<br \/>\n<\/strong><\/span><\/p>\n<p><strong><a href=\"https:\/\/stranijezici.ffzg.unizg.hr\/wp-content\/uploads\/2024\/07\/SJ_14_1-2_0.pdf\">Uvodna rije\u010d<\/a><\/strong> (Damir Kalogjera)<br \/>\nstr. 1<\/p>\n<h1>Lingvistika<\/h1>\n<p>Dubravko Ku\u010danda:<br \/>\n<strong><a href=\"https:\/\/stranijezici.ffzg.unizg.hr\/wp-content\/uploads\/2024\/07\/SJ_14_1-2_1.pdf\">O indirektnom objektu u engleskom jezlku<\/a><br \/>\n<\/strong>str. 2<\/p>\n<p>Gordana lri\u010danin:<br \/>\n<strong><a href=\"https:\/\/stranijezici.ffzg.unizg.hr\/wp-content\/uploads\/2024\/07\/SJ_14_1-2_2.pdf\">Jezi\u010dka norma<\/a><br \/>\n<\/strong>str. 13<\/p>\n<p>Gao yu Xu:<br \/>\n<strong><a href=\"https:\/\/stranijezici.ffzg.unizg.hr\/wp-content\/uploads\/2024\/07\/SJ_14_1-2_3.pdf\">Neka zapa\u017eanja o neologizmima nestalima od 1977. do 1979. godine<\/a><br \/>\n<\/strong>str. 20<\/p>\n<h1>Metodika<\/h1>\n<p>Josip Ra\u010dki:<br \/>\n<strong><a href=\"https:\/\/stranijezici.ffzg.unizg.hr\/wp-content\/uploads\/2024\/07\/SJ_14_1-2_4.pdf\">Odgoj i obrazovanje djece s te\u0161ko\u0107ama u razvoju<\/a><\/strong><br \/>\nstr. 27<\/p>\n<p>Aleksandar Kolka:<br \/>\n<strong><a href=\"https:\/\/stranijezici.ffzg.unizg.hr\/wp-content\/uploads\/2024\/07\/SJ_14_1-2_5.pdf\">Mjesto pisanog teksta u nastavi stranog jezikaMjesto pisanog teksta u nastavi stranog jezika<\/a><\/strong><br \/>\nstr. 34<\/p>\n<p>Renata Husinec:<br \/>\n<strong><a href=\"https:\/\/stranijezici.ffzg.unizg.hr\/wp-content\/uploads\/2024\/07\/SJ_14_1-2_6.pdf\">Neki aspekti vrednovanja vje\u0161tine \u010ditanja<\/a><\/strong><br \/>\nstr. 41<\/p>\n<h1>&nbsp;Sa savjetovanja u \u00bb\u0160kolskoj knjizi\u00ab<\/h1>\n<p><strong>&nbsp;<\/strong>Milka Budi\u0161in:<br \/>\n<strong><a href=\"https:\/\/stranijezici.ffzg.unizg.hr\/wp-content\/uploads\/2024\/07\/SJ_14_1-2_7.pdf\">Metodologlja stvaranja ud\u017ebenlka u SR Srbiji (van pokrajina) od po\u010detka reforme obrazovanja 1977. godlne<\/a><\/strong><br \/>\nstr. 45<\/p>\n<p>Anu\u0161ka Naki\u0107:<br \/>\n<strong><a href=\"https:\/\/stranijezici.ffzg.unizg.hr\/wp-content\/uploads\/2024\/07\/SJ_14_1-2_8.pdf\">Nova generacija ud\u017ebenika stranlh jezlka u \u201e\u0160kolskoj knjizi\u201c<\/a><\/strong><br \/>\nstr. 48<\/p>\n<p>Draginja \u0106iri\u0107:<br \/>\n<strong><a href=\"https:\/\/stranijezici.ffzg.unizg.hr\/wp-content\/uploads\/2024\/07\/SJ_14_1-2_9.pdf\">Nove gramatike stranih jezika<\/a><\/strong><br \/>\nstr. 51<\/p>\n<p>Jovan \u0110ukanovi\u0107:<br \/>\n<strong><a href=\"https:\/\/stranijezici.ffzg.unizg.hr\/wp-content\/uploads\/2024\/07\/SJ_14_1-2_10.pdf\">Gramatika nema\u010dkog jezika<\/a><\/strong><br \/>\nstr. 53<\/p>\n<p>Zoran \u017dileti\u0107:<br \/>\n<strong><a href=\"https:\/\/stranijezici.ffzg.unizg.hr\/wp-content\/uploads\/2024\/07\/SJ_14_1-2_11.pdf\">Neke izmene u pojmovnom aparetu za prikaz sistema nema\u010dkog jezika u fonolo\u0161koj i morfolo\u0161koj ravni<\/a><\/strong><br \/>\nstr. 56<\/p>\n<p>Radmilo Marojevi\u0107:<br \/>\n<strong><a href=\"https:\/\/stranijezici.ffzg.unizg.hr\/wp-content\/uploads\/2024\/07\/SJ_14_1-2_12.pdf\">Ruska gramatlka<\/a><\/strong><br \/>\nstr. 61<\/p>\n<p>Biljana Aksentijevi\u0107:<br \/>\n<strong><a href=\"https:\/\/stranijezici.ffzg.unizg.hr\/wp-content\/uploads\/2024\/07\/SJ_14_1-2_13.pdf\">Gramatika u ud\u017ebenicima francuskog jezika za III i IV&nbsp; razred usmerenog obrazovanja<\/a><\/strong><br \/>\nstr. 64<\/p>\n<p><strong>&nbsp;<\/strong><\/p>\n<h1>Na\u0161a iskustva<\/h1>\n<p>Nives Sironi\u0107-Bonefa\u010di\u0107:<br \/>\n<strong><a href=\"https:\/\/stranijezici.ffzg.unizg.hr\/wp-content\/uploads\/2024\/07\/SJ_14_1-2_14.pdf\">Bajka kao poticaj za usmeno i pismeno izra\u017eavanje na stranom jezlku<\/a><\/strong><br \/>\nstr. 67<\/p>\n<p>Dora Bali\u0107-\u017duni\u0107:<br \/>\n<strong><a href=\"https:\/\/stranijezici.ffzg.unizg.hr\/wp-content\/uploads\/2024\/07\/SJ_14_1-2_15.pdf\">Boje u igri<\/a><\/strong><br \/>\nstr. 75<\/p>\n<h1>Prikazi knjiga<\/h1>\n<p>Milica Ga\u010di\u0107:<br \/>\n<strong><a href=\"https:\/\/stranijezici.ffzg.unizg.hr\/wp-content\/uploads\/2024\/07\/SJ_14_1-2_16-i-17.pdf\">John Higgins i Tim Johns, Computers in Language Learning<\/a><\/strong><br \/>\nstr. 78<\/p>\n<p>Lada \u0160esti\u0107-\u0106uri\u0107:<br \/>\n<strong><a href=\"https:\/\/stranijezici.ffzg.unizg.hr\/wp-content\/uploads\/2024\/07\/SJ_14_1-2_16-i-17.pdf\">Jedan koristan prilog nastavi engleskog jezika struke<\/a><\/strong><br \/>\nstr. 80<\/p>\n<p>Zorlca Vu\u010deti\u0107:<br \/>\n<strong><a href=\"https:\/\/stranijezici.ffzg.unizg.hr\/wp-content\/uploads\/2024\/07\/SJ_14_1-2_18-i-19-i-20.pdf\">Maurizio Dardano. Parliamo Italiano<\/a><\/strong><br \/>\nstr. 82<\/p>\n<p>Ivana Priji\u0107-Niseteo:<br \/>\n<strong><a href=\"https:\/\/stranijezici.ffzg.unizg.hr\/wp-content\/uploads\/2024\/07\/SJ_14_1-2_18-i-19-i-20.pdf\">Naum Dimitrijevi\u0107, Zablude u nastavi stranih jezika<\/a><\/strong><br \/>\nstr. 85<\/p>\n<p>Zrinjka Glovacki-Bernardi:<br \/>\n<strong><a href=\"https:\/\/stranijezici.ffzg.unizg.hr\/wp-content\/uploads\/2024\/07\/SJ_14_1-2_18-i-19-i-20.pdf\">Wolfgang Klein: Zweitspracherwerb, Eine Einf\u00fchrung<\/a><\/strong><br \/>\nstr. 87<\/p>\n<p>Aleksandar Arenicki:<br \/>\n<strong><a href=\"https:\/\/stranijezici.ffzg.unizg.hr\/wp-content\/uploads\/2024\/07\/SJ_14_1-2_21.pdf\">David Jolly, Writing Tasks<\/a><\/strong><br \/>\nstr. 89<\/p>\n<h1>Kronika<\/h1>\n<p>Yvonne Vrhovac:<br \/>\n<strong><a href=\"https:\/\/stranijezici.ffzg.unizg.hr\/wp-content\/uploads\/2024\/07\/SJ_14_1-2_22-i-23.pdf\">6. svjetski kongres me\u0111unarodnog saveza profesora francuskog jezika<\/a><br \/>\n<\/strong>str. 91<\/p>\n<p>Damir Horga:<br \/>\n<strong><a href=\"https:\/\/stranijezici.ffzg.unizg.hr\/wp-content\/uploads\/2024\/07\/SJ_14_1-2_22-i-23.pdf\">Simpozij \u201eGovorne komunikacije\u201c<\/a><\/strong><br \/>\nstr. 92<\/p>\n<p>Vanda Grujoski:<br \/>\n<strong><a href=\"https:\/\/stranijezici.ffzg.unizg.hr\/wp-content\/uploads\/2024\/07\/SJ_14_1-2_24.pdf\">Natjecanje iz njema\u010dkog jezika \u0161kolske godine 1984\/85.<\/a><\/strong><br \/>\nstr. 96<\/p>\n<h1>In memoriam<\/h1>\n<p>Davorka Celmi\u0107:<br \/>\n<strong><a href=\"https:\/\/stranijezici.ffzg.unizg.hr\/wp-content\/uploads\/2024\/07\/SJ_14_1-2_25.pdf\">Zdenka Markovi\u0107<\/a><\/strong><br \/>\nstr. 99<\/p>\n<p>&nbsp;<\/p>\n<p>&nbsp;<\/p>\n","protected":false},"excerpt":{"rendered":"<p>1985., Vol. 14, No. 1-2 Uvodna rije\u010d (Damir Kalogjera) str. 1 Lingvistika Dubravko Ku\u010danda: O indirektnom objektu u engleskom jezlku str. 2 Gordana lri\u010danin: Jezi\u010dka norma str. 13 Gao yu Xu: Neka zapa\u017eanja o neologizmima nestalima od 1977. do 1979. godine str. 20 Metodika Josip Ra\u010dki: Odgoj i obrazovanje djece s te\u0161ko\u0107ama u razvoju str. &hellip; <\/p>\n<p class=\"link-more\"><a href=\"https:\/\/stranijezici.ffzg.unizg.hr\/index.php\/vol14n1-2\/\" class=\"more-link\">Continue reading<span class=\"screen-reader-text\"> &#8220;Vol 14. (1-2)&#8221;<\/span><\/a><\/p>\n","protected":false},"author":3,"featured_media":0,"parent":0,"menu_order":0,"comment_status":"closed","ping_status":"closed","template":"","meta":{"ngg_post_thumbnail":0,"footnotes":""},"class_list":["post-4654","page","type-page","status-publish","hentry"],"_links":{"self":[{"href":"https:\/\/stranijezici.ffzg.unizg.hr\/index.php\/wp-json\/wp\/v2\/pages\/4654","targetHints":{"allow":["GET"]}}],"collection":[{"href":"https:\/\/stranijezici.ffzg.unizg.hr\/index.php\/wp-json\/wp\/v2\/pages"}],"about":[{"href":"https:\/\/stranijezici.ffzg.unizg.hr\/index.php\/wp-json\/wp\/v2\/types\/page"}],"author":[{"embeddable":true,"href":"https:\/\/stranijezici.ffzg.unizg.hr\/index.php\/wp-json\/wp\/v2\/users\/3"}],"replies":[{"embeddable":true,"href":"https:\/\/stranijezici.ffzg.unizg.hr\/index.php\/wp-json\/wp\/v2\/comments?post=4654"}],"version-history":[{"count":29,"href":"https:\/\/stranijezici.ffzg.unizg.hr\/index.php\/wp-json\/wp\/v2\/pages\/4654\/revisions"}],"predecessor-version":[{"id":4708,"href":"https:\/\/stranijezici.ffzg.unizg.hr\/index.php\/wp-json\/wp\/v2\/pages\/4654\/revisions\/4708"}],"wp:attachment":[{"href":"https:\/\/stranijezici.ffzg.unizg.hr\/index.php\/wp-json\/wp\/v2\/media?parent=4654"}],"curies":[{"name":"wp","href":"https:\/\/api.w.org\/{rel}","templated":true}]}}