{"id":437,"date":"2018-09-28T15:12:49","date_gmt":"2018-09-28T15:12:49","guid":{"rendered":"https:\/\/stranijezici.ffzg.unizg.hr\/?page_id=437"},"modified":"2019-06-15T15:00:41","modified_gmt":"2019-06-15T15:00:41","slug":"vol40n2","status":"publish","type":"page","link":"https:\/\/stranijezici.ffzg.unizg.hr\/index.php\/vol40n2\/","title":{"rendered":"Vol 40. (2)"},"content":{"rendered":"<ul style=\"list-style-type:none\">\n<li><a href=\"https:\/\/stranijezici.ffzg.unizg.hr\/wp-content\/uploads\/2019\/06\/SJ_40_2_0.pdf\" target=\"_blank\"><strong>UVODNA RIJE\u010c<\/strong><\/a><\/li>\n<\/li>\n<p>  &nbsp;<\/p>\n<li><a href=\"https:\/\/stranijezici.ffzg.unizg.hr\/wp-content\/uploads\/2019\/06\/SJ_40_2_1.pdf\" target=\"_blank\"><strong>CLASSROOM DISCOURSE: THE APPLICABILITY OF SINCLAIR AND COULTHARD\u2019S IRF MODEL<\/strong><\/a> (str. 95-110)<\/li>\n<ul style=\"list-style-type:none\">\n<li>&emsp;&emsp; Agata Kri\u017ean<\/li>\n<li>&emsp;&emsp; Izvorni znanstveni \u010dlanak<\/li>\n<\/ul>\n<\/li>\n<p>  &nbsp;<\/p>\n<li><a href=\"https:\/\/stranijezici.ffzg.unizg.hr\/wp-content\/uploads\/2019\/06\/SJ_40_2_2.pdf\" target=\"_blank\"><strong>DAROVITOST I STRANI JEZIK<br \/>\nPOSTOJE LI RAZLIKE U IMPLICITNIM IDEJAMA O DAROVITOSTI IZME\u0110U U\u010cITELJA I NASTAVNIKA STRANIH JEZIKA I NJIHOVIH U\u010cENIKA?<\/strong><\/a> (str. 111-132)<\/li>\n<ul style=\"list-style-type:none\">\n<li>&emsp;&emsp; Nino\u010dka Truck-Biljan<\/li>\n<li>&emsp;&emsp; Izvorni znanstveni \u010dlanak<\/li>\n<\/ul>\n<\/li>\n<p>  &nbsp;<\/p>\n<li><a href=\"https:\/\/stranijezici.ffzg.unizg.hr\/wp-content\/uploads\/2019\/06\/SJ_40_2_3.pdf\" target=\"_blank\"><strong>STEREOTIPI \u2013 PREPREKA ILI POMO\u0106 U STJECANJU INTERKULTURALNE KOMUNIKACIJSKE KOMPETENCIJE?<\/strong><\/a> (str. 133-144)<\/li>\n<ul style=\"list-style-type:none\">\n<li>&emsp;&emsp; Maja Barac, Nata\u0161a Ko\u0161uta<\/li>\n<li>&emsp;&emsp; Izvorni znanstveni \u010dlanak<\/li>\n<\/ul>\n<\/li>\n<p>  &nbsp;<\/p>\n<li><a href=\"https:\/\/stranijezici.ffzg.unizg.hr\/wp-content\/uploads\/2019\/06\/SJ_40_2_4.pdf\" target=\"_blank\"><strong>GRAMATI\u010cKO ZNANJE ENGLESKOGA KAO STRANOGA JEZIKA U STUDENATA I STUDENTICA KINEZIOLOGIJE<\/strong><\/a> (str. 145-158)<\/li>\n<ul style=\"list-style-type:none\">\n<li>&emsp;&emsp; Darija Omr\u010den<\/li>\n<li>&emsp;&emsp; Izvorni znanstveni \u010dlanak<\/li>\n<\/ul>\n<\/li>\n<p>  &nbsp;<\/p>\n<li><a href=\"https:\/\/stranijezici.ffzg.unizg.hr\/wp-content\/uploads\/2019\/06\/SJ_40_2_5.pdf\" target=\"_blank\"><strong>DOKAZNOST I ZNANOST<\/strong><\/a> (str. 159-168)<\/li>\n<ul style=\"list-style-type:none\">\n<li>&emsp;&emsp; Adelija \u010culi\u0107-Viskota<\/li>\n<li>&emsp;&emsp; Stru\u010dni \u010dlanak<\/li>\n<\/ul>\n<\/li>\n<p>  &nbsp;<\/p>\n<li><a href=\"https:\/\/stranijezici.ffzg.unizg.hr\/wp-content\/uploads\/2019\/06\/SJ_40_2_6.pdf\" target=\"_blank\"><strong>PRIKAZ RJE\u010cNIKA DANIJELE KIKI\u0106 DAKI\u0106: MEIN ERSTES W\u00d6RTERBUCH<\/strong><\/a> (str. 169-172)<\/li>\n<ul style=\"list-style-type:none\">\n<li>&emsp;&emsp; Sonja Eterovi\u0107, Katica Sobo<\/li>\n<li>&emsp;&emsp; Prikaz<\/li>\n<\/ul>\n<\/li>\n<p>  &nbsp;<\/p>\n<li><a href=\"https:\/\/stranijezici.ffzg.unizg.hr\/wp-content\/uploads\/2019\/06\/SJ_40_2_7.pdf\" target=\"_blank\"><strong>PRIKAZ KONFERENCIJE 24. IATEFL BESIG Annual Conference<\/strong><\/a> (str. 173-177)<\/li>\n<ul style=\"list-style-type:none\">\n<li>&emsp;&emsp; Lia Dragojevi\u0107<\/li>\n<li>&emsp;&emsp; Prikaz<\/li>\n<\/ul>\n<\/li>\n<p>  &nbsp;\n<\/ul>\n","protected":false},"excerpt":{"rendered":"<p>UVODNA RIJE\u010c &nbsp; CLASSROOM DISCOURSE: THE APPLICABILITY OF SINCLAIR AND COULTHARD\u2019S IRF MODEL (str. 95-110) &emsp;&emsp; Agata Kri\u017ean &emsp;&emsp; Izvorni znanstveni \u010dlanak &nbsp; DAROVITOST I STRANI JEZIK POSTOJE LI RAZLIKE U IMPLICITNIM IDEJAMA O DAROVITOSTI IZME\u0110U U\u010cITELJA I NASTAVNIKA STRANIH JEZIKA I NJIHOVIH U\u010cENIKA? (str. 111-132) &emsp;&emsp; Nino\u010dka Truck-Biljan &emsp;&emsp; Izvorni znanstveni \u010dlanak &nbsp; STEREOTIPI &hellip; <\/p>\n<p class=\"link-more\"><a href=\"https:\/\/stranijezici.ffzg.unizg.hr\/index.php\/vol40n2\/\" class=\"more-link\">Continue reading<span class=\"screen-reader-text\"> &#8220;Vol 40. (2)&#8221;<\/span><\/a><\/p>\n","protected":false},"author":2,"featured_media":0,"parent":0,"menu_order":0,"comment_status":"closed","ping_status":"closed","template":"","meta":{"ngg_post_thumbnail":0,"footnotes":""},"class_list":["post-437","page","type-page","status-publish","hentry"],"_links":{"self":[{"href":"https:\/\/stranijezici.ffzg.unizg.hr\/index.php\/wp-json\/wp\/v2\/pages\/437","targetHints":{"allow":["GET"]}}],"collection":[{"href":"https:\/\/stranijezici.ffzg.unizg.hr\/index.php\/wp-json\/wp\/v2\/pages"}],"about":[{"href":"https:\/\/stranijezici.ffzg.unizg.hr\/index.php\/wp-json\/wp\/v2\/types\/page"}],"author":[{"embeddable":true,"href":"https:\/\/stranijezici.ffzg.unizg.hr\/index.php\/wp-json\/wp\/v2\/users\/2"}],"replies":[{"embeddable":true,"href":"https:\/\/stranijezici.ffzg.unizg.hr\/index.php\/wp-json\/wp\/v2\/comments?post=437"}],"version-history":[{"count":8,"href":"https:\/\/stranijezici.ffzg.unizg.hr\/index.php\/wp-json\/wp\/v2\/pages\/437\/revisions"}],"predecessor-version":[{"id":1802,"href":"https:\/\/stranijezici.ffzg.unizg.hr\/index.php\/wp-json\/wp\/v2\/pages\/437\/revisions\/1802"}],"wp:attachment":[{"href":"https:\/\/stranijezici.ffzg.unizg.hr\/index.php\/wp-json\/wp\/v2\/media?parent=437"}],"curies":[{"name":"wp","href":"https:\/\/api.w.org\/{rel}","templated":true}]}}