{"id":433,"date":"2018-09-28T15:08:50","date_gmt":"2018-09-28T15:08:50","guid":{"rendered":"https:\/\/stranijezici.ffzg.unizg.hr\/?page_id=433"},"modified":"2018-12-22T17:47:38","modified_gmt":"2018-12-22T17:47:38","slug":"vol40n1","status":"publish","type":"page","link":"https:\/\/stranijezici.ffzg.unizg.hr\/index.php\/vol40n1\/","title":{"rendered":"Vol 40. (1)"},"content":{"rendered":"<ul style=\"list-style-type:none\">\n<li><a href=\"https:\/\/stranijezici.ffzg.unizg.hr\/wp-content\/uploads\/2018\/12\/SJ_40_1-5-6.pdf\" target=\"_blank\"><strong>UVODNA RIJE\u010c<\/strong><\/a> (str. 5)<\/li>\n<p>&nbsp;<\/p>\n<li><a href=\"https:\/\/stranijezici.ffzg.unizg.hr\/wp-content\/uploads\/2018\/12\/SJ_40_1-7-26.pdf\" target=\"_blank\"><strong>MOTIVACIJA I<br \/>\nSTRATEGIJE U\u010cENJA U OVLADAVANJU ENGLESKIM JEZIKOM PROMETNE STRUKE<\/strong><\/a> (str. 7-26)<\/li>\n<ul style=\"list-style-type:none\">\n<li>&emsp;&emsp; Mihalea Jakovac, Antonija Pavi\u0107<\/li>\n<li>&emsp;&emsp; Znanstveni pregledni \u010dlanak<\/li>\n<\/ul>\n<\/li>\n<p>  &nbsp;<\/p>\n<li><a href=\"https:\/\/stranijezici.ffzg.unizg.hr\/wp-content\/uploads\/2018\/12\/SJ_40_1-27-42.pdf\" target=\"_blank\"><strong>TEHNIKE RANOGA U\u010cENJA STRANOGA JEZIKA<\/strong><\/a> (str. 27-42)<\/li>\n<ul style=\"list-style-type:none\">\n<li>&emsp;&emsp; Gordana Bari\u0161i\u0107 Lazar, Lidija Tepe\u0161 Golubi\u0107<\/li>\n<li>&emsp;&emsp; Stru\u010dni \u010dlanak<\/li>\n<\/ul>\n<\/li>\n<p>  &nbsp;<\/p>\n<li><a href=\"https:\/\/stranijezici.ffzg.unizg.hr\/wp-content\/uploads\/2018\/12\/SJ_40_1-43-58.pdf\" target=\"_blank\"><strong>KONTRASTIVNI PRISTUP NASTAVI<br \/>\nSTRANOGA JEZIKA: ANALIZA I PRIJEDLOG OBRADE PRETERITA U NJEMA\u010cKOM JEZIKU><\/strong><\/a> (str. 43-58)<\/li>\n<ul style=\"list-style-type:none\">\n<li>&emsp;&emsp; Antonela Konjevod<\/li>\n<li>&emsp;&emsp; Stru\u010dni \u010dlanak<\/li>\n<\/ul>\n<\/li>\n<p>  &nbsp;<\/p>\n<li><a href=\"https:\/\/stranijezici.ffzg.unizg.hr\/wp-content\/uploads\/2018\/12\/SJ_40_1-59-75.pdf\" target=\"_blank\"><strong>IS A MULTIMEDIA<br \/>\nBASED INTERACTIVE TABLE OF ENGLISH VERB TENSES A USEFUL TEACHING\/LEARNING TOOL?<\/strong><\/a> (str. 59-76)<\/li>\n<ul style=\"list-style-type:none\">\n<li>&emsp;&emsp; Biljana Stojakovi\u0107, Goran Mal\u010di\u0107<\/li>\n<li>&emsp;&emsp; Stru\u010dni \u010dlanak<\/li>\n<\/ul>\n<\/li>\n<p>  &nbsp;<\/p>\n<li><a href=\"https:\/\/stranijezici.ffzg.unizg.hr\/wp-content\/uploads\/2018\/12\/SJ_40_1-77-80.pdf\" target=\"_blank\"><strong>PRIKAZ UD\u017dBENIKA \u0428\u0410\u0413 \u0417\u0410 \u0428\u0410\u0413\u041e\u041c<\/strong><\/a> (str. 77-80)<\/li>\n<ul style=\"list-style-type:none\">\n<li>&emsp;&emsp; \u017deljka Fink Arsovski<\/li>\n<li>&emsp;&emsp; Prikaz<\/li>\n<\/ul>\n<\/li>\n<p>  &nbsp;<\/p>\n<li><a href=\"https:\/\/stranijezici.ffzg.unizg.hr\/wp-content\/uploads\/2018\/12\/SJ_40_1-81-84.pdf\" target=\"_blank\"><strong>PRIKAZ KNJIGE LEOPOLDA<br \/>\nAUBURGERA: BOARISCHE ORTHOGRAPHIE &#8211; ORTHOGRAPHIA BAVARICA<\/strong><\/a> (str. 81-84)<\/li>\n<ul style=\"list-style-type:none\">\n<li>&emsp;&emsp; Maja Barac, Tanja Grubi\u0161i\u0107<\/li>\n<li>&emsp;&emsp; Prikaz<\/li>\n<\/ul>\n<\/li>\n<p>  &nbsp;\n<\/ul>\n","protected":false},"excerpt":{"rendered":"<p>UVODNA RIJE\u010c (str. 5) &nbsp; MOTIVACIJA I STRATEGIJE U\u010cENJA U OVLADAVANJU ENGLESKIM JEZIKOM PROMETNE STRUKE (str. 7-26) &emsp;&emsp; Mihalea Jakovac, Antonija Pavi\u0107 &emsp;&emsp; Znanstveni pregledni \u010dlanak &nbsp; TEHNIKE RANOGA U\u010cENJA STRANOGA JEZIKA (str. 27-42) &emsp;&emsp; Gordana Bari\u0161i\u0107 Lazar, Lidija Tepe\u0161 Golubi\u0107 &emsp;&emsp; Stru\u010dni \u010dlanak &nbsp; KONTRASTIVNI PRISTUP NASTAVI STRANOGA JEZIKA: ANALIZA I PRIJEDLOG OBRADE PRETERITA &hellip; <\/p>\n<p class=\"link-more\"><a href=\"https:\/\/stranijezici.ffzg.unizg.hr\/index.php\/vol40n1\/\" class=\"more-link\">Continue reading<span class=\"screen-reader-text\"> &#8220;Vol 40. (1)&#8221;<\/span><\/a><\/p>\n","protected":false},"author":2,"featured_media":0,"parent":0,"menu_order":0,"comment_status":"closed","ping_status":"closed","template":"","meta":{"ngg_post_thumbnail":0,"footnotes":""},"class_list":["post-433","page","type-page","status-publish","hentry"],"_links":{"self":[{"href":"https:\/\/stranijezici.ffzg.unizg.hr\/index.php\/wp-json\/wp\/v2\/pages\/433","targetHints":{"allow":["GET"]}}],"collection":[{"href":"https:\/\/stranijezici.ffzg.unizg.hr\/index.php\/wp-json\/wp\/v2\/pages"}],"about":[{"href":"https:\/\/stranijezici.ffzg.unizg.hr\/index.php\/wp-json\/wp\/v2\/types\/page"}],"author":[{"embeddable":true,"href":"https:\/\/stranijezici.ffzg.unizg.hr\/index.php\/wp-json\/wp\/v2\/users\/2"}],"replies":[{"embeddable":true,"href":"https:\/\/stranijezici.ffzg.unizg.hr\/index.php\/wp-json\/wp\/v2\/comments?post=433"}],"version-history":[{"count":8,"href":"https:\/\/stranijezici.ffzg.unizg.hr\/index.php\/wp-json\/wp\/v2\/pages\/433\/revisions"}],"predecessor-version":[{"id":1633,"href":"https:\/\/stranijezici.ffzg.unizg.hr\/index.php\/wp-json\/wp\/v2\/pages\/433\/revisions\/1633"}],"wp:attachment":[{"href":"https:\/\/stranijezici.ffzg.unizg.hr\/index.php\/wp-json\/wp\/v2\/media?parent=433"}],"curies":[{"name":"wp","href":"https:\/\/api.w.org\/{rel}","templated":true}]}}