{"id":4164,"date":"2023-01-11T16:45:38","date_gmt":"2023-01-11T16:45:38","guid":{"rendered":"https:\/\/stranijezici.ffzg.unizg.hr\/?page_id=4164"},"modified":"2023-01-11T18:04:55","modified_gmt":"2023-01-11T18:04:55","slug":"vol42n4","status":"publish","type":"page","link":"https:\/\/stranijezici.ffzg.unizg.hr\/index.php\/vol42n4\/","title":{"rendered":"Vol 42. (4)"},"content":{"rendered":"<p><span style=\"font-size: 11pt; color: #447373;\"><strong>2013.,<\/strong> <strong>Vol. 42, <span style=\"color: #447373;\">No.<\/span> 4<br \/>\n<\/strong><\/span><\/p>\n<p>Ina Ferbe\u017ear i Marko Stabej<br \/>\n<strong><a href=\"https:\/\/stranijezici.ffzg.unizg.hr\/wp-content\/uploads\/2023\/01\/SJ_42_4_1.pdf\">SLOVENE OR NOT SLOVENE? ISSUES ON TESTING SPEAKERS OF CLOSELY RELATED LANGUAGES<\/a> <\/strong><br \/>\n(izvomi znanstveni \u010dlanak) str. 338<\/p>\n<p>Branka O\u0161trec<br \/>\n<strong><a href=\"https:\/\/stranijezici.ffzg.unizg.hr\/wp-content\/uploads\/2023\/01\/SJ_42_4_2.pdf\">PRIJEDLOG IZRADE GLOSARA OBVEZNOG DIJELA UREDABA EUROPSKE UNIJE SA \u0160PANJOLSKOGA NA HRVATSKI JEZIK S ANALIZOM I KOMENTARIMA PROPISANIH FORMULACIJA<\/a><\/strong><br \/>\n(stru\u010dni \u010dlanak) str. 354<\/p>\n<p>Dino Duman\u010di\u0107<br \/>\n<strong><a href=\"https:\/\/stranijezici.ffzg.unizg.hr\/wp-content\/uploads\/2023\/01\/SJ_42_4_3.pdf\">DRU\u0160TVENA I KOMUNIKACIJSKA\u00a0 ULOGA ZAMJENICA OSLOVLJAVANJA <em>TI<\/em> I <em>VI<\/em> <\/a><\/strong><em><br \/>\n<\/em>(stru\u010dni \u010dlanak)\u00a0 str. 371<\/p>\n<p><span style=\"color: #447373;\"><strong><br \/>\nPRIKAZI<\/strong><\/span><\/p>\n<p>Sanja \u010curkovi\u0107 Kalebi\u0107<br \/>\n<strong><a href=\"https:\/\/stranijezici.ffzg.unizg.hr\/wp-content\/uploads\/2023\/01\/SJ_42_4_4.pdf\">3rd INTERNATIONAL CONFERENCE ON CLASSROOM-ORIENTED RESEARCH: RECONCILING THEORY AND PRACTICE<\/a><\/strong><br \/>\nstr. 386<\/p>\n<p>&nbsp;<\/p>\n<p>&nbsp;<\/p>\n","protected":false},"excerpt":{"rendered":"<p>2013., Vol. 42, No. 4 Ina Ferbe\u017ear i Marko Stabej SLOVENE OR NOT SLOVENE? ISSUES ON TESTING SPEAKERS OF CLOSELY RELATED LANGUAGES (izvomi znanstveni \u010dlanak) str. 338 Branka O\u0161trec PRIJEDLOG IZRADE GLOSARA OBVEZNOG DIJELA UREDABA EUROPSKE UNIJE SA \u0160PANJOLSKOGA NA HRVATSKI JEZIK S ANALIZOM I KOMENTARIMA PROPISANIH FORMULACIJA (stru\u010dni \u010dlanak) str. 354 Dino Duman\u010di\u0107 DRU\u0160TVENA &hellip; <\/p>\n<p class=\"link-more\"><a href=\"https:\/\/stranijezici.ffzg.unizg.hr\/index.php\/vol42n4\/\" class=\"more-link\">Continue reading<span class=\"screen-reader-text\"> &#8220;Vol 42. (4)&#8221;<\/span><\/a><\/p>\n","protected":false},"author":3,"featured_media":0,"parent":0,"menu_order":0,"comment_status":"closed","ping_status":"closed","template":"","meta":{"ngg_post_thumbnail":0,"footnotes":""},"class_list":["post-4164","page","type-page","status-publish","hentry"],"_links":{"self":[{"href":"https:\/\/stranijezici.ffzg.unizg.hr\/index.php\/wp-json\/wp\/v2\/pages\/4164","targetHints":{"allow":["GET"]}}],"collection":[{"href":"https:\/\/stranijezici.ffzg.unizg.hr\/index.php\/wp-json\/wp\/v2\/pages"}],"about":[{"href":"https:\/\/stranijezici.ffzg.unizg.hr\/index.php\/wp-json\/wp\/v2\/types\/page"}],"author":[{"embeddable":true,"href":"https:\/\/stranijezici.ffzg.unizg.hr\/index.php\/wp-json\/wp\/v2\/users\/3"}],"replies":[{"embeddable":true,"href":"https:\/\/stranijezici.ffzg.unizg.hr\/index.php\/wp-json\/wp\/v2\/comments?post=4164"}],"version-history":[{"count":6,"href":"https:\/\/stranijezici.ffzg.unizg.hr\/index.php\/wp-json\/wp\/v2\/pages\/4164\/revisions"}],"predecessor-version":[{"id":4174,"href":"https:\/\/stranijezici.ffzg.unizg.hr\/index.php\/wp-json\/wp\/v2\/pages\/4164\/revisions\/4174"}],"wp:attachment":[{"href":"https:\/\/stranijezici.ffzg.unizg.hr\/index.php\/wp-json\/wp\/v2\/media?parent=4164"}],"curies":[{"name":"wp","href":"https:\/\/api.w.org\/{rel}","templated":true}]}}