{"id":394,"date":"2018-09-27T21:27:28","date_gmt":"2018-09-27T21:27:28","guid":{"rendered":"https:\/\/stranijezici.ffzg.unizg.hr\/?page_id=394"},"modified":"2018-12-12T01:18:46","modified_gmt":"2018-12-12T01:18:46","slug":"vol41n4","status":"publish","type":"page","link":"https:\/\/stranijezici.ffzg.unizg.hr\/index.php\/vol41n4\/","title":{"rendered":"Vol 41. (4)"},"content":{"rendered":"<ul style=\"list-style-type:none\">\n<li><a href=\"https:\/\/stranijezici.ffzg.unizg.hr\/wp-content\/uploads\/2018\/12\/SJ_41_4_335.pdf\" target=\"_blank\"><strong>UVODNA RIJE\u010c<\/strong><\/a> (str. 335-336)<\/li>\n<p>  &nbsp;<\/p>\n<li><a href=\"https:\/\/stranijezici.ffzg.unizg.hr\/wp-content\/uploads\/2018\/12\/SJ_41_4_337.pdf\" target=\"_blank\"><strong>VALORES Y ALGUNOS USOS DE LAS PREPOSICIONES POR Y PARA<\/strong><\/a> (str. 337-346)<\/li>\n<ul style=\"list-style-type:none\">\n<li>&emsp;&emsp; Da\u0161a Grkovi\u0107<\/li>\n<li>&emsp;&emsp; Pregledni \u010dlanak<\/li>\n<\/ul>\n<\/li>\n<p>  &nbsp;<\/p>\n<li><a href=\"https:\/\/stranijezici.ffzg.unizg.hr\/wp-content\/uploads\/2018\/12\/SJ_41_4_347.pdf\" target=\"_blank\"><strong>ZUR NORMIERUNG DER DEUTSCHEN AUSSPRACHE<\/strong><\/a> (str. 347-356)<\/li>\n<ul style=\"list-style-type:none\">\n<li>&emsp;&emsp; Tomislav Talanga<\/li>\n<li>&emsp;&emsp; Pregledni \u010dlanak<\/li>\n<\/ul>\n<\/li>\n<p>  &nbsp;<\/p>\n<li><a href=\"https:\/\/stranijezici.ffzg.unizg.hr\/wp-content\/uploads\/2018\/12\/SJ_41_4_357.pdf\" target=\"_blank\"><strong>INTERDISCIPLINARNO NASTAVNO GRADIVO ZA MIKROEKONOMIKU I NJEMA\u010cKI JEZIK<\/strong><\/a> (str. 357-366)<\/li>\n<ul style=\"list-style-type:none\">\n<li>&emsp;&emsp; Ksenija Stojakovi\u0107<\/li>\n<li>&emsp;&emsp; Stru\u010dni \u010dlanak<\/li>\n<\/ul>\n<\/li>\n<p>  &nbsp;<\/p>\n<li><a href=\"https:\/\/stranijezici.ffzg.unizg.hr\/wp-content\/uploads\/2018\/12\/SJ_41_4_367.pdf\" target=\"_blank\"><strong>UD\u017dBENI\u010cKI TEKSTOVI KAO POTICAJ ZA RAZVIJANJE KOMUNIKACIJSKIH VJE\u0160TINA<\/strong><\/a> (str. 367-380)<\/li>\n<ul style=\"list-style-type:none\">\n<li>&emsp;&emsp; Brankica Bo\u0161njak Terzi\u0107<\/li>\n<li>&emsp;&emsp; Stru\u010dni \u010dlanak<\/li>\n<\/ul>\n<\/li>\n<p>  &nbsp;<\/p>\n<li><a href=\"https:\/\/stranijezici.ffzg.unizg.hr\/wp-content\/uploads\/2018\/12\/SJ_41_4_381.pdf\" target=\"_blank\"><strong>KORI\u0160TENJE STRU\u010cNIH TEKSTOVA U NASTAVI ENGLESKOGA JEZIKA STRUKE<\/strong><\/a> (str. 381-390)<\/li>\n<ul style=\"list-style-type:none\">\n<li>&emsp;&emsp; Marina O\u0161tari\u0107, Leonarda Lovrovi\u0107<\/li>\n<li>&emsp;&emsp; Stru\u010dni \u010dlanak<\/li>\n<\/ul>\n<\/li>\n<p>  &nbsp;<\/p>\n<li><a href=\"https:\/\/stranijezici.ffzg.unizg.hr\/wp-content\/uploads\/2018\/12\/SJ_41_4_391.pdf\" target=\"_blank\"><strong>BOOK REVIEW: LANGUAGE IN COGNITION AND EFFECT<\/strong><\/a> (str. 391-396)<\/li>\n<ul style=\"list-style-type:none\">\n<li>&emsp;&emsp; Danuta Gabry\u015b-Barker<\/li>\n<li>&emsp;&emsp; Prikaz<\/li>\n<\/ul>\n<\/li>\n<p>  &nbsp;\n<\/ul>\n","protected":false},"excerpt":{"rendered":"<p>UVODNA RIJE\u010c (str. 335-336) &nbsp; VALORES Y ALGUNOS USOS DE LAS PREPOSICIONES POR Y PARA (str. 337-346) &emsp;&emsp; Da\u0161a Grkovi\u0107 &emsp;&emsp; Pregledni \u010dlanak &nbsp; ZUR NORMIERUNG DER DEUTSCHEN AUSSPRACHE (str. 347-356) &emsp;&emsp; Tomislav Talanga &emsp;&emsp; Pregledni \u010dlanak &nbsp; INTERDISCIPLINARNO NASTAVNO GRADIVO ZA MIKROEKONOMIKU I NJEMA\u010cKI JEZIK (str. 357-366) &emsp;&emsp; Ksenija Stojakovi\u0107 &emsp;&emsp; Stru\u010dni \u010dlanak &nbsp; &hellip; <\/p>\n<p class=\"link-more\"><a href=\"https:\/\/stranijezici.ffzg.unizg.hr\/index.php\/vol41n4\/\" class=\"more-link\">Continue reading<span class=\"screen-reader-text\"> &#8220;Vol 41. (4)&#8221;<\/span><\/a><\/p>\n","protected":false},"author":2,"featured_media":0,"parent":0,"menu_order":0,"comment_status":"closed","ping_status":"closed","template":"","meta":{"ngg_post_thumbnail":0,"footnotes":""},"class_list":["post-394","page","type-page","status-publish","hentry"],"_links":{"self":[{"href":"https:\/\/stranijezici.ffzg.unizg.hr\/index.php\/wp-json\/wp\/v2\/pages\/394","targetHints":{"allow":["GET"]}}],"collection":[{"href":"https:\/\/stranijezici.ffzg.unizg.hr\/index.php\/wp-json\/wp\/v2\/pages"}],"about":[{"href":"https:\/\/stranijezici.ffzg.unizg.hr\/index.php\/wp-json\/wp\/v2\/types\/page"}],"author":[{"embeddable":true,"href":"https:\/\/stranijezici.ffzg.unizg.hr\/index.php\/wp-json\/wp\/v2\/users\/2"}],"replies":[{"embeddable":true,"href":"https:\/\/stranijezici.ffzg.unizg.hr\/index.php\/wp-json\/wp\/v2\/comments?post=394"}],"version-history":[{"count":5,"href":"https:\/\/stranijezici.ffzg.unizg.hr\/index.php\/wp-json\/wp\/v2\/pages\/394\/revisions"}],"predecessor-version":[{"id":594,"href":"https:\/\/stranijezici.ffzg.unizg.hr\/index.php\/wp-json\/wp\/v2\/pages\/394\/revisions\/594"}],"wp:attachment":[{"href":"https:\/\/stranijezici.ffzg.unizg.hr\/index.php\/wp-json\/wp\/v2\/media?parent=394"}],"curies":[{"name":"wp","href":"https:\/\/api.w.org\/{rel}","templated":true}]}}