{"id":392,"date":"2018-09-27T21:24:51","date_gmt":"2018-09-27T21:24:51","guid":{"rendered":"https:\/\/stranijezici.ffzg.unizg.hr\/?page_id=392"},"modified":"2018-12-12T01:00:28","modified_gmt":"2018-12-12T01:00:28","slug":"vol41n3","status":"publish","type":"page","link":"https:\/\/stranijezici.ffzg.unizg.hr\/index.php\/vol41n3\/","title":{"rendered":"Vol 41. (3)"},"content":{"rendered":"<ul style=\"list-style-type:none\">\n<li><a href=\"https:\/\/stranijezici.ffzg.unizg.hr\/wp-content\/uploads\/2018\/12\/sj41_3_str241-242.pdf\" target=\"_blank\"><strong>UVODNA RIJE\u010c<\/strong><\/a> (str. 241-242)<\/li>\n<p>  &nbsp;<\/p>\n<li><a href=\"https:\/\/stranijezici.ffzg.unizg.hr\/wp-content\/uploads\/2018\/12\/sj41_3_str243-262.pdf\" target=\"_blank\"><strong>MINDESTGRAMMATIK F\u00dcR TOURISMUSBEZOGENE ANF\u00c4NGERKURSE<\/strong><\/a> (str. 243-262)<\/li>\n<ul style=\"list-style-type:none\">\n<li>&emsp;&emsp; Nevenka Bla\u017eevi\u0107, Iva Bari\u0107<\/li>\n<li>&emsp;&emsp; Izvorni znanstveni \u010dlanak<\/li>\n<\/ul>\n<\/li>\n<p>  &nbsp;<\/p>\n<li><a href=\"https:\/\/stranijezici.ffzg.unizg.hr\/wp-content\/uploads\/2018\/12\/sj41_3_str263-276.pdf\" target=\"_blank\"><strong>O PITANJU STJECANJA KOLOKACIJSKE KOMPETENCIJE U STRANOME JEZIKU<\/strong><\/a> (str. 263-276)<\/li>\n<ul style=\"list-style-type:none\">\n<li>&emsp;&emsp; Nata\u0161a Ko\u0161uta<\/li>\n<li>&emsp;&emsp; Pregledni \u010dlanak<\/li>\n<\/ul>\n<\/li>\n<p>  &nbsp;<\/p>\n<li><a href=\"https:\/\/stranijezici.ffzg.unizg.hr\/wp-content\/uploads\/2018\/12\/sj41_3_str277-286.pdf\" target=\"_blank\"><strong>DRAMSKE AKTIVNOSTI U NASTAVI STRANOGA JEZIKA<\/strong><\/a> (str. 277-286)<\/li>\n<ul style=\"list-style-type:none\">\n<li>&emsp;&emsp; Mirna Jak\u0161i\u0107<\/li>\n<li>&emsp;&emsp; Stru\u010dni \u010dlanak<\/li>\n<\/ul>\n<\/li>\n<p>  &nbsp;<\/p>\n<li><a href=\"https:\/\/stranijezici.ffzg.unizg.hr\/wp-content\/uploads\/2018\/12\/sj41_3_str287-308.pdf\" target=\"_blank\"><strong>SURADNI\u010cKO U\u010cENJE U NASTAVI POSLOVNOG ENGLESKOG JEZIKA<\/strong><\/a> (str. 287-308)<\/li>\n<ul style=\"list-style-type:none\">\n<li>&emsp;&emsp; Martina Pokupec<\/li>\n<li>&emsp;&emsp; Stru\u010dni \u010dlanak<\/li>\n<\/ul>\n<\/li>\n<p>  &nbsp;<\/p>\n<li><a href=\"https:\/\/stranijezici.ffzg.unizg.hr\/wp-content\/uploads\/2018\/12\/sj41_3_str309-312.pdf\" target=\"_blank\"><strong>PRIKAZ UD\u017dBENI\u010cKOGA SKLOPA <i>PRIMI PASSI 2<\/i> AUTORICE SANJE VI\u010cEVI\u0106<\/strong><\/a> (str. 309-312)<\/li>\n<ul style=\"list-style-type:none\">\n<li>&emsp;&emsp; Nata\u0161a Ko\u0161uta<\/li>\n<li>&emsp;&emsp; Prikaz<\/li>\n<\/ul>\n<\/li>\n<p>  &nbsp;<\/p>\n<li><a href=\"https:\/\/stranijezici.ffzg.unizg.hr\/wp-content\/uploads\/2018\/12\/sj41_3_str313-316.pdf\" target=\"_blank\"><strong>PRIKAZ UD\u017dBENIKA <i>FRENCH FOR BEGINNERS<\/i> AUTORICE ANGELE WILKES<\/strong><\/a> (str. 313-316)<\/li>\n<ul style=\"list-style-type:none\">\n<li>&emsp;&emsp; Tea Eschebach<\/li>\n<li>&emsp;&emsp; Prikaz<\/li>\n<\/ul>\n<\/li>\n<p>  &nbsp;<\/p>\n<li><a href=\"https:\/\/stranijezici.ffzg.unizg.hr\/wp-content\/uploads\/2018\/12\/sj41_3_str317.pdf\" target=\"_blank\"><strong>\u201eSPRACHENBEWUSSTHEIT IM FREMDSPRACHENUNTERRICHT \u2013 ARBEITSPAPIERE DER 32. FR\u00dcHJAHRSKONFERENZ ZUR ERFORSCHUNG DES FREMDSPRACHENUNTERRICHTS\u201c: BUCHREZENSION<\/strong><\/a> (str. 317-324)<\/li>\n<ul style=\"list-style-type:none\">\n<li>&emsp;&emsp; Leonard Pon<\/li>\n<li>&emsp;&emsp; Prikaz<\/li>\n<\/ul>\n<\/li>\n<p>  &nbsp;\n<\/ul>\n","protected":false},"excerpt":{"rendered":"<p>UVODNA RIJE\u010c (str. 241-242) &nbsp; MINDESTGRAMMATIK F\u00dcR TOURISMUSBEZOGENE ANF\u00c4NGERKURSE (str. 243-262) &emsp;&emsp; Nevenka Bla\u017eevi\u0107, Iva Bari\u0107 &emsp;&emsp; Izvorni znanstveni \u010dlanak &nbsp; O PITANJU STJECANJA KOLOKACIJSKE KOMPETENCIJE U STRANOME JEZIKU (str. 263-276) &emsp;&emsp; Nata\u0161a Ko\u0161uta &emsp;&emsp; Pregledni \u010dlanak &nbsp; DRAMSKE AKTIVNOSTI U NASTAVI STRANOGA JEZIKA (str. 277-286) &emsp;&emsp; Mirna Jak\u0161i\u0107 &emsp;&emsp; Stru\u010dni \u010dlanak &nbsp; SURADNI\u010cKO U\u010cENJE &hellip; <\/p>\n<p class=\"link-more\"><a href=\"https:\/\/stranijezici.ffzg.unizg.hr\/index.php\/vol41n3\/\" class=\"more-link\">Continue reading<span class=\"screen-reader-text\"> &#8220;Vol 41. (3)&#8221;<\/span><\/a><\/p>\n","protected":false},"author":2,"featured_media":0,"parent":0,"menu_order":0,"comment_status":"closed","ping_status":"closed","template":"","meta":{"ngg_post_thumbnail":0,"footnotes":""},"class_list":["post-392","page","type-page","status-publish","hentry"],"_links":{"self":[{"href":"https:\/\/stranijezici.ffzg.unizg.hr\/index.php\/wp-json\/wp\/v2\/pages\/392","targetHints":{"allow":["GET"]}}],"collection":[{"href":"https:\/\/stranijezici.ffzg.unizg.hr\/index.php\/wp-json\/wp\/v2\/pages"}],"about":[{"href":"https:\/\/stranijezici.ffzg.unizg.hr\/index.php\/wp-json\/wp\/v2\/types\/page"}],"author":[{"embeddable":true,"href":"https:\/\/stranijezici.ffzg.unizg.hr\/index.php\/wp-json\/wp\/v2\/users\/2"}],"replies":[{"embeddable":true,"href":"https:\/\/stranijezici.ffzg.unizg.hr\/index.php\/wp-json\/wp\/v2\/comments?post=392"}],"version-history":[{"count":5,"href":"https:\/\/stranijezici.ffzg.unizg.hr\/index.php\/wp-json\/wp\/v2\/pages\/392\/revisions"}],"predecessor-version":[{"id":1561,"href":"https:\/\/stranijezici.ffzg.unizg.hr\/index.php\/wp-json\/wp\/v2\/pages\/392\/revisions\/1561"}],"wp:attachment":[{"href":"https:\/\/stranijezici.ffzg.unizg.hr\/index.php\/wp-json\/wp\/v2\/media?parent=392"}],"curies":[{"name":"wp","href":"https:\/\/api.w.org\/{rel}","templated":true}]}}