{"id":318,"date":"2018-09-23T13:56:02","date_gmt":"2018-09-23T13:56:02","guid":{"rendered":"https:\/\/stranijezici.ffzg.unizg.hr\/?page_id=318"},"modified":"2020-02-07T12:03:00","modified_gmt":"2020-02-07T12:03:00","slug":"vol44n3","status":"publish","type":"page","link":"https:\/\/stranijezici.ffzg.unizg.hr\/index.php\/vol44n3\/","title":{"rendered":"Vol 44. (3)"},"content":{"rendered":"<ul style=\"list-style-type:none\">\n<li><a href=\"https:\/\/stranijezici.ffzg.unizg.hr\/wp-content\/uploads\/2018\/09\/sj44_3_str162-191.pdf\" target=\"_blank\"><strong>PREOBLIKOVANJE I PROVJERA INSTRUMENTA ZA MJERENJE STRAHA OD \u010cITANJA NA STRANOME JEZIKU <\/strong><\/a> (str. 162-191)<\/li>\n<ul style=\"list-style-type:none\">\n<li>&emsp;&emsp; Ivana Mati\u0107<\/li>\n<li>&emsp;&emsp; Izvorni znanstveni \u010dlanak<\/li>\n<\/ul>\n<\/li>\n<p>  &nbsp;<\/p>\n<li><a href=\"https:\/\/stranijezici.ffzg.unizg.hr\/wp-content\/uploads\/2018\/09\/sj44_3_str192-207.pdf\" target=\"_blank\"><strong>DISLEKSIJA I POTE\u0160KO\u0106E U U\u010cENJU STRANOGA JEZIKA <\/strong><\/a> (str. 192-207)<\/li>\n<ul style=\"list-style-type:none\">\n<li>&emsp;&emsp; Brankica Bo\u0161njak Terzi\u0107 <\/li>\n<li>&emsp;&emsp; Pregledni \u010dlanak<\/li>\n<\/ul>\n<\/li>\n<p>  &nbsp;<\/p>\n<li><a href=\"https:\/\/stranijezici.ffzg.unizg.hr\/wp-content\/uploads\/2018\/09\/sj44_3_str208-220.pdf\" target=\"_blank\"><strong>HOW ADEQUATE IS TEACHER-MADE MATERIAL FOR UNIVERSITY STUDENTS?<\/strong><\/a> (str. 208-220)<\/li>\n<ul style=\"list-style-type:none\">\n<li>&emsp;&emsp; Ester Vidovi\u0107, Matea Butkovi\u0107<\/li>\n<li>&emsp;&emsp; Stru\u010dni \u010dlanak<\/li>\n<\/ul>\n<\/li>\n<p>  &nbsp;<\/p>\n<li><a href=\"https:\/\/stranijezici.ffzg.unizg.hr\/wp-content\/uploads\/2018\/09\/sj44_3_str221-223.pdf\" target=\"_blank\"><strong>PRIKAZ ZBORNIKA METODOLOGIJA I PRIMJENA LINGVISTI\u010cKIH ISTRA\u017dIVANJA<\/strong><\/a> (str. 221-223)<\/li>\n<ul style=\"list-style-type:none\">\n<li>&emsp;&emsp; Kristina Cergol Kova\u010devi\u0107<\/li>\n<li>&emsp;&emsp; Prikaz<\/li>\n<\/ul>\n<\/li>\n<p>  &nbsp;\n<\/ul>\n","protected":false},"excerpt":{"rendered":"<p>PREOBLIKOVANJE I PROVJERA INSTRUMENTA ZA MJERENJE STRAHA OD \u010cITANJA NA STRANOME JEZIKU (str. 162-191) &emsp;&emsp; Ivana Mati\u0107 &emsp;&emsp; Izvorni znanstveni \u010dlanak &nbsp; DISLEKSIJA I POTE\u0160KO\u0106E U U\u010cENJU STRANOGA JEZIKA (str. 192-207) &emsp;&emsp; Brankica Bo\u0161njak Terzi\u0107 &emsp;&emsp; Pregledni \u010dlanak &nbsp; HOW ADEQUATE IS TEACHER-MADE MATERIAL FOR UNIVERSITY STUDENTS? (str. 208-220) &emsp;&emsp; Ester Vidovi\u0107, Matea Butkovi\u0107 &emsp;&emsp; &hellip; <\/p>\n<p class=\"link-more\"><a href=\"https:\/\/stranijezici.ffzg.unizg.hr\/index.php\/vol44n3\/\" class=\"more-link\">Continue reading<span class=\"screen-reader-text\"> &#8220;Vol 44. (3)&#8221;<\/span><\/a><\/p>\n","protected":false},"author":2,"featured_media":0,"parent":0,"menu_order":0,"comment_status":"closed","ping_status":"closed","template":"","meta":{"ngg_post_thumbnail":0,"footnotes":""},"class_list":["post-318","page","type-page","status-publish","hentry"],"_links":{"self":[{"href":"https:\/\/stranijezici.ffzg.unizg.hr\/index.php\/wp-json\/wp\/v2\/pages\/318","targetHints":{"allow":["GET"]}}],"collection":[{"href":"https:\/\/stranijezici.ffzg.unizg.hr\/index.php\/wp-json\/wp\/v2\/pages"}],"about":[{"href":"https:\/\/stranijezici.ffzg.unizg.hr\/index.php\/wp-json\/wp\/v2\/types\/page"}],"author":[{"embeddable":true,"href":"https:\/\/stranijezici.ffzg.unizg.hr\/index.php\/wp-json\/wp\/v2\/users\/2"}],"replies":[{"embeddable":true,"href":"https:\/\/stranijezici.ffzg.unizg.hr\/index.php\/wp-json\/wp\/v2\/comments?post=318"}],"version-history":[{"count":8,"href":"https:\/\/stranijezici.ffzg.unizg.hr\/index.php\/wp-json\/wp\/v2\/pages\/318\/revisions"}],"predecessor-version":[{"id":1982,"href":"https:\/\/stranijezici.ffzg.unizg.hr\/index.php\/wp-json\/wp\/v2\/pages\/318\/revisions\/1982"}],"wp:attachment":[{"href":"https:\/\/stranijezici.ffzg.unizg.hr\/index.php\/wp-json\/wp\/v2\/media?parent=318"}],"curies":[{"name":"wp","href":"https:\/\/api.w.org\/{rel}","templated":true}]}}