{"id":2532,"date":"2020-08-04T10:20:15","date_gmt":"2020-08-04T10:20:15","guid":{"rendered":"https:\/\/stranijezici.ffzg.unizg.hr\/?page_id=2532"},"modified":"2020-10-03T12:04:33","modified_gmt":"2020-10-03T12:04:33","slug":"vol22n2","status":"publish","type":"page","link":"https:\/\/stranijezici.ffzg.unizg.hr\/index.php\/vol22n2\/","title":{"rendered":"Vol 22. (2)"},"content":{"rendered":"<ul style=\"list-style-type:none\">\n<li><a href=\"https:\/\/stranijezici.ffzg.unizg.hr\/wp-content\/uploads\/2020\/10\/SJ_22_2_1.pdf\" target=\"_blank\"><strong>UVODNA RIJE\u010c<\/strong><\/a> <\/li>\n<p>  &nbsp;<\/p>\n<li>\n<h3>Lingvistika i metodika<\/h3>\n<\/li>\n<li><a href=\"https:\/\/stranijezici.ffzg.unizg.hr\/wp-content\/uploads\/2020\/10\/SJ_22_2_2.pdf\" target=\"_blank\"><strong>JEZI\u010cNE KARAKTERISTIKE NASLOVA \u010cLANAKA ZNANSTVENE PERIODIKE. HRVATSKA DOPUNA I NJENI ENGLESKI EKVIVALENTI<\/strong><\/a> <\/li>\n<ul style=\"list-style-type:none\">\n<li>&emsp;&emsp; Ivan Bauer, Jasenka Zajec<\/li>\n<li>&emsp;&emsp; Izvorni znanstveni \u010dlanak<\/li>\n<\/ul>\n<\/li>\n<p>  &nbsp;<\/p>\n<ul style=\"list-style-type:none\">\n<li><a href=\"https:\/\/stranijezici.ffzg.unizg.hr\/wp-content\/uploads\/2020\/10\/SJ_22_2_3.pdf\" target=\"_blank\"><strong>TESTIRANJE RAZUMIJEVANJE APSTRAKTA KAO TEKSTA U ZNANOSTI<\/strong><\/a><\/li>\n<ul style=\"list-style-type:none\">\n<li>&emsp;&emsp; Alka Krvavac<\/li>\n<li>&emsp;&emsp; Izvorni znanstveni \u010dlanak<\/li>\n<\/ul>\n<\/li>\n<p>  &nbsp;<\/p>\n<ul style=\"list-style-type:none\">\n<li><a href=\"https:\/\/stranijezici.ffzg.unizg.hr\/wp-content\/uploads\/2020\/10\/SJ_22_2_4.pdf\" target=\"_blank\"><strong>O GLAGOLSKIM OBLICIMA U ENGLESKOM JEZIKU<\/strong><\/a><\/li>\n<ul style=\"list-style-type:none\">\n<li>&emsp;&emsp; Milica Ga\u010di\u0107<\/li>\n<li>&emsp;&emsp; Izvorni znanstveni \u010dlanak<\/li>\n<\/ul>\n<\/li>\n<p>  &nbsp;<\/p>\n<li><a href=\"https:\/\/stranijezici.ffzg.unizg.hr\/wp-content\/uploads\/2020\/10\/SJ_22_2_5.pdf\" target=\"_blank\"><strong>PRESENTATION DE L&#8217;ASPECT VERBAL DANS LES GRAMMAIRES DA FRANCAIS<\/strong><\/a> <\/li>\n<ul style=\"list-style-type:none\">\n<li>&emsp;&emsp; Darja Dami\u0107-Kruk<\/li>\n<li>&emsp;&emsp; Stru\u010dni \u010dlanak<\/li>\n<\/ul>\n<\/li>\n<p>  &nbsp;<\/p>\n<li><a href=\"https:\/\/stranijezici.ffzg.unizg.hr\/wp-content\/uploads\/2020\/10\/SJ_22_2_6.pdf\" target=\"_blank\"><strong>NA\u010cELA FONETSKE KOREKCIJE<\/strong><\/a> <\/li>\n<ul style=\"list-style-type:none\">\n<li>&emsp;&emsp; Nata\u0161a Desnica-\u017derjavi\u0107<\/li>\n<li>&emsp;&emsp; Stru\u010dni \u010dlanak<\/li>\n<\/ul>\n<\/li>\n<p>  &nbsp;<\/p>\n<ul style=\"list-style-type:none\">\n<li><a href=\"https:\/\/stranijezici.ffzg.unizg.hr\/wp-content\/uploads\/2020\/10\/SJ_22_2_7.pdf\" target=\"_blank\"><strong>KONVERZACIJSKA RAZMJENA PITANJE-ODGOVOR UNUTAR RAZGOVORNOG DISKURSA U UD\u017dBENICIMA ZA U\u010cENJE ENGLESKOG JEZIKA U OSNOVNOJ \u0160KOLI<\/strong><\/a><\/li>\n<ul style=\"list-style-type:none\">\n<li>&emsp;&emsp; Sanja \u010curkovi\u0107-Kalebi\u0107<\/li>\n<li>&emsp;&emsp; Stru\u010dni \u010dlanak<\/li>\n<\/ul>\n<\/li>\n<p>  &nbsp;<\/p>\n<li>\n<h3>Iz strane stru\u010dne literature<\/h3>\n<\/li>\n<ul style=\"list-style-type:none\">\n<li><a href=\"https:\/\/stranijezici.ffzg.unizg.hr\/wp-content\/uploads\/2020\/10\/SJ_22_2_8.pdf\" target=\"_blank\"><strong> >>VIDIM \u0160TO HO\u0106ETE RE\u0106I<<: VA\u017dNOST KINESTEZIJE U SLU\u0160ANJU I NJEZINE IMPLIKACIJE U U\u010cENJU STRANOG I DRUGOG JEZIKA<\/strong><\/a><\/li>\n<ul style=\"list-style-type:none\">\n<li>&emsp;&emsp; Susan Kellerman<\/li>\n<\/ul>\n<\/li>\n<p>  &nbsp;<\/p>\n<li>\n<h3>Na\u0161a iskustva<\/h3>\n<\/li>\n<li><a href=\"https:\/\/stranijezici.ffzg.unizg.hr\/wp-content\/uploads\/2020\/10\/SJ_22_2_9.pdf\" target=\"_blank\"><strong>DIDAKTI\u010cKA PJESMA U NASTAVI NJEMA\u010cKOG JEZIKA<\/strong><\/a> <\/li>\n<ul style=\"list-style-type:none\">\n<li>&emsp;&emsp; Ivan Horvat<\/li>\n<\/ul>\n<\/li>\n<p>  &nbsp;<\/p>\n<li>\n<h3>Prikazi knjiga<\/h3>\n<\/li>\n<li><a href=\"https:\/\/stranijezici.ffzg.unizg.hr\/wp-content\/uploads\/2020\/10\/SJ_22_2_10.pdf\" target=\"_blank\"><strong>GIAMPAOLO SALVI, LAURA VANELLI: GRAMMATICA ASSANZIALE DI RIFERIMENTO DELLA LINGUA ITALIANA. ISTITUTO GEOGRAFICO DE AGOSTINI LE MONNIER, FIRENCA, 1992.<\/strong><\/a> <\/li>\n<ul style=\"list-style-type:none\">\n<li>&emsp;&emsp; Pavao Tekav\u010di\u0107<\/li>\n<\/ul>\n<\/li>\n<p>  &nbsp;<\/p>\n<ul style=\"list-style-type:none\">\n<li><a href=\"https:\/\/stranijezici.ffzg.unizg.hr\/wp-content\/uploads\/2020\/10\/SJ_22_2_11.pdf\" target=\"_blank\"><strong>VESNA \u0160IMUNI\u0106, ZDRAVKA DIVJAK: DEUTSCH FUR INFORMATIKER, INFORMATOR, ZAGREB, 1992.<\/strong><\/a><\/li>\n<ul style=\"list-style-type:none\">\n<li>&emsp;&emsp; Davorka Marini\u0107, \u0110ur\u0111a Todori\u0107<\/li>\n<\/ul>\n<\/li>\n<p>  &nbsp;<\/p>\n<li>\n<h3>Kronika<\/h3>\n<\/li>\n<ul style=\"list-style-type:none\">\n<li><a href=\"https:\/\/stranijezici.ffzg.unizg.hr\/wp-content\/uploads\/2020\/10\/SJ_22_2_12.pdf\" target=\"_blank\"><strong>TRENUTAK SADA\u0160NJOSTI U U\u010cENJU JEZIKA, SAVJETOVANJE HRVATSKOG DRU\u0160TVA ZA PRIMIJENJENU LINGVISTIKU, ZAGREB, 16. I 17. TRAVNJA 1993.<\/strong><\/a><\/li>\n<ul style=\"list-style-type:none\">\n<li>&emsp;&emsp; Damir Horga<\/li>\n<\/ul>\n<\/li>\n<p>  &nbsp;<\/p>\n<ul style=\"list-style-type:none\">\n<li><a href=\"https:\/\/stranijezici.ffzg.unizg.hr\/wp-content\/uploads\/2020\/10\/SJ_22_2_13.pdf\" target=\"_blank\"><strong>VILEM MATHESIUS INTERNATIONAL RESEARCH AND TEACHING WORKSHOP IN LINGUISTICS AND SEMIOTICS, PRAG, 5-16. TRAVNJA 1993.<\/strong><\/a><\/li>\n<ul style=\"list-style-type:none\">\n<li>&emsp;&emsp; Milena Kova\u010devi\u0107<\/li>\n<\/ul>\n<\/li>\n<p>  &nbsp;\n<\/ul>\n","protected":false},"excerpt":{"rendered":"<p>UVODNA RIJE\u010c &nbsp; Lingvistika i metodika JEZI\u010cNE KARAKTERISTIKE NASLOVA \u010cLANAKA ZNANSTVENE PERIODIKE. HRVATSKA DOPUNA I NJENI ENGLESKI EKVIVALENTI &emsp;&emsp; Ivan Bauer, Jasenka Zajec &emsp;&emsp; Izvorni znanstveni \u010dlanak &nbsp; TESTIRANJE RAZUMIJEVANJE APSTRAKTA KAO TEKSTA U ZNANOSTI &emsp;&emsp; Alka Krvavac &emsp;&emsp; Izvorni znanstveni \u010dlanak &nbsp; O GLAGOLSKIM OBLICIMA U ENGLESKOM JEZIKU &emsp;&emsp; Milica Ga\u010di\u0107 &emsp;&emsp; Izvorni znanstveni &hellip; <\/p>\n<p class=\"link-more\"><a href=\"https:\/\/stranijezici.ffzg.unizg.hr\/index.php\/vol22n2\/\" class=\"more-link\">Continue reading<span class=\"screen-reader-text\"> &#8220;Vol 22. (2)&#8221;<\/span><\/a><\/p>\n","protected":false},"author":2,"featured_media":0,"parent":0,"menu_order":0,"comment_status":"closed","ping_status":"closed","template":"","meta":{"ngg_post_thumbnail":0,"footnotes":""},"class_list":["post-2532","page","type-page","status-publish","hentry"],"_links":{"self":[{"href":"https:\/\/stranijezici.ffzg.unizg.hr\/index.php\/wp-json\/wp\/v2\/pages\/2532","targetHints":{"allow":["GET"]}}],"collection":[{"href":"https:\/\/stranijezici.ffzg.unizg.hr\/index.php\/wp-json\/wp\/v2\/pages"}],"about":[{"href":"https:\/\/stranijezici.ffzg.unizg.hr\/index.php\/wp-json\/wp\/v2\/types\/page"}],"author":[{"embeddable":true,"href":"https:\/\/stranijezici.ffzg.unizg.hr\/index.php\/wp-json\/wp\/v2\/users\/2"}],"replies":[{"embeddable":true,"href":"https:\/\/stranijezici.ffzg.unizg.hr\/index.php\/wp-json\/wp\/v2\/comments?post=2532"}],"version-history":[{"count":4,"href":"https:\/\/stranijezici.ffzg.unizg.hr\/index.php\/wp-json\/wp\/v2\/pages\/2532\/revisions"}],"predecessor-version":[{"id":2574,"href":"https:\/\/stranijezici.ffzg.unizg.hr\/index.php\/wp-json\/wp\/v2\/pages\/2532\/revisions\/2574"}],"wp:attachment":[{"href":"https:\/\/stranijezici.ffzg.unizg.hr\/index.php\/wp-json\/wp\/v2\/media?parent=2532"}],"curies":[{"name":"wp","href":"https:\/\/api.w.org\/{rel}","templated":true}]}}