{"id":25,"date":"2018-04-23T11:22:20","date_gmt":"2018-04-23T11:22:20","guid":{"rendered":"https:\/\/stranijezici.ffzg.unizg.hr\/?page_id=25"},"modified":"2026-03-30T09:01:03","modified_gmt":"2026-03-30T09:01:03","slug":"home","status":"publish","type":"page","link":"https:\/\/stranijezici.ffzg.unizg.hr\/","title":{"rendered":"O \u010dasopisu"},"content":{"rendered":"<p><strong><span style=\"color: #008080;\"><em><span style=\"color: #0f7373;\">Misija i vizija<\/span><br \/>\n<\/em><\/span><\/strong><em><br \/>\nStrani jezici <\/em>objavljuju znanstvene i stru\u010dne radove iz \u0161irega podru\u010dja koje obuhva\u0107a ovladavanje, pou\u010davanje i uporabu inih jezika. \u010casopis objavljuje radove koji se bave razli\u010ditim vidovima formalnoga i neformalnoga u\u010denja stranih jezika, njihova pou\u010davanja i uporabe, kao i istovremenim ili konsekutivnim usvajanjem te uporabom vi\u0161e jezika kada je rije\u010d o pojedincu ili dru\u0161tvu.<\/p>\n<p>Svrha je \u010dasopisa kvalitetnim znanstvenim i stru\u010dnim radovima omogu\u0107iti razmjenu ste\u010denih spoznaja i iskustava &nbsp;u Hrvatskoj, zemljama regije i \u0161ire, koja mogu izravno ili posredno unaprijediti razumijevanje relevantnih tema i njihove prakti\u010dne implikacije te promicati interdisciplinarnost u podru\u010dju inojezi\u010dnih istra\u017eivanja. Iz navedenog razloga svi znanstveni i stru\u010dni radovi imaju jasne implikacije za ovladavanje, uporabu, pou\u010davanje i\/ili daljnje istra\u017eivanje u navedenom podru\u010dju. \u010casopis objavljuje i prikaze knjiga te izvje\u0161\u0107a sa skupova.<\/p>\n<p style=\"text-align: left;\"><img loading=\"lazy\" decoding=\"async\" class=\"size-full wp-image-5143 alignleft\" src=\"https:\/\/stranijezici.ffzg.unizg.hr\/wp-content\/uploads\/2026\/03\/broj-2025-nasl-br-2.png\" alt=\"\" width=\"215\" height=\"311\" srcset=\"https:\/\/stranijezici.ffzg.unizg.hr\/wp-content\/uploads\/2026\/03\/broj-2025-nasl-br-2.png 215w, https:\/\/stranijezici.ffzg.unizg.hr\/wp-content\/uploads\/2026\/03\/broj-2025-nasl-br-2-207x300.png 207w, https:\/\/stranijezici.ffzg.unizg.hr\/wp-content\/uploads\/2026\/03\/broj-2025-nasl-br-2-17x24.png 17w, https:\/\/stranijezici.ffzg.unizg.hr\/wp-content\/uploads\/2026\/03\/broj-2025-nasl-br-2-25x36.png 25w, https:\/\/stranijezici.ffzg.unizg.hr\/wp-content\/uploads\/2026\/03\/broj-2025-nasl-br-2-33x48.png 33w\" sizes=\"auto, (max-width: 215px) 100vw, 215px\" \/>\u010casopis je namijenjen znanstvenicima, studentima, nastavnicima na svim razinama obrazovanja, prevoditeljima kao i \u0161iroj akademskoj i zainteresiranoj javnosti.<br \/>\n\u010casopis prihva\u0107a radove na hrvatskom, engleskom, njema\u010dkom, francuskom i talijanskom jeziku koji nisu ve\u0107 objavljeni i koji nisu istodobno ponu\u0111eni drugom \u010dasopisu.<br \/>\nZa radove koji su poslani u \u010dasopis provodi se dvostruko slijepi recenzentski postupak.<\/p>\n<p>&nbsp;<\/p>\n<p><strong><span style=\"color: #008080;\"><em><span style=\"color: #0f7373;\">Dinamika izla\u017eenja<\/span><br \/>\n<\/em><\/span><\/strong><em><br \/>\n<\/em>Od 2020. godine \u010dasopis<em> Strani jezici <\/em>izlazi dva puta godi\u0161nje.<\/p>\n<p><span style=\"color: #0f7373;\"><strong><em>Izjava o otvorenom pristupu, licenciranju i politici samoarhiviranja<\/em><\/strong><\/span><\/p>\n<p>\u010casopis <em>Strani jezici<\/em> od 2020. godine izlazi u dijamantnom otvorenom pristupu, \u0161to zna\u010di da je sadr\u017eaj \u010dasopisa u cijelosti besplatno dostupan. \u010citatelji ga mogu koristiti sukladno licenci<br \/>\n<span style=\"color: #1577a1;\"><span style=\"color: #036791;\"><em>Creative <span style=\"color: #036791;\">Commons<\/span><\/em> <a style=\"color: #036791;\" href=\"https:\/\/creativecommons.org\/licenses\/by\/4.0\/\" target=\"_blank\" rel=\"noopener\">CC BY 4.0<\/a><\/span><\/span><\/p>\n<p><a href=\"http:\/\/creativecommons.org\/licenses\/by\/4.0\/\" target=\"_blank\" rel=\"license noopener\"><img decoding=\"async\" style=\"border-width: 0;\" src=\"https:\/\/i.creativecommons.org\/l\/by\/4.0\/88x31.png\" alt=\"Creative Commons License\"><\/a><\/p>\n<p><img loading=\"lazy\" decoding=\"async\" class=\"alignnone wp-image-2870\" src=\"https:\/\/stranijezici.ffzg.unizg.hr\/wp-content\/uploads\/2021\/03\/slika-cc-4-0-2021.png\" alt=\"\" width=\"247\" height=\"61\"><\/p>\n<p>Autori radova zadr\u017eavaju autorsko pravo, a prilikom objave rada ne napla\u0107uju im se nikakvi tro\u0161kovi. Radovi se mogu pohranjivati u institucijske i tematske repozitorije i arhive uz pravilno navo\u0111enje autorstva rada te poveznica na mre\u017ene stranice \u010dasopisa.<\/p>\n<p><span style=\"color: #0f7373;\"><em><strong>Arhiva<\/strong><\/em><\/span> \u010dasopisa pohranjuje se na mre\u017enim stranicama \u010dasopisa,<br \/>\nna <a href=\"https:\/\/hrcak.srce.hr\/strani-jezici\" target=\"_blank\" rel=\"noopener\"><span style=\"color: #1577a1;\"><span style=\"color: #396487;\"><span style=\"color: #036791;\">Portalu hrvatskih znanstvenih i stru\u010dnih \u010dasopisa <em>(<strong>Hr\u010dak<\/strong>)<\/em><\/span><\/span><\/span><\/a><br \/>\nte <span style=\"color: #036791;\"><a style=\"color: #036791;\" href=\"https:\/\/haw.nsk.hr\/publikacija\/7111\/strani-jezici\" target=\"_blank\" rel=\"noopener\"><strong>Hrvatskom arhivu weba<\/strong><\/a><span style=\"color: #999999;\"><strong>.<\/strong><\/span><\/span><\/p>\n<p>\u010casopis <em>Strani jezici<\/em> indeksiran je u sljede\u0107im bazama\/repozitorijima: ERIH PLUS, Hr\u010dak, Proquest Social Science Permium Collection, Proquest Linguistics and Language Behavior Abstracts (LLBA) Proquest Linguistics Collection, Modern Language Association Database (MLA), Brill Linguistic Bibliography (BL Bibliographie Linguistique), Sherpa\/Romeo, DOAJ.<\/p>\n<p>&nbsp;<\/p>\n<table style=\"border-collapse: collapse; width: 100%;\">\n<tbody>\n<tr>\n<td style=\"width: 25%; background-color: #daeff5;\"><a href=\"https:\/\/hrcak.srce.hr\/strani-jezici\"><img loading=\"lazy\" decoding=\"async\" class=\"wp-image-149 aligncenter\" src=\"https:\/\/stranijezici.ffzg.unizg.hr\/wp-content\/uploads\/2018\/05\/hrcak-150x150.png\" alt=\"\" width=\"129\" height=\"129\" srcset=\"https:\/\/stranijezici.ffzg.unizg.hr\/wp-content\/uploads\/2018\/05\/hrcak-150x150.png 150w, https:\/\/stranijezici.ffzg.unizg.hr\/wp-content\/uploads\/2018\/05\/hrcak-100x100.png 100w, https:\/\/stranijezici.ffzg.unizg.hr\/wp-content\/uploads\/2018\/05\/hrcak.png 280w\" sizes=\"auto, (max-width: 129px) 100vw, 129px\" \/><\/a><\/td>\n<td style=\"width: 25%; background-color: #daf7e9;\"><a href=\"https:\/\/kanalregister.hkdir.no\/publiseringskanaler\/erihplus\/periodical\/info.action?id=482215\" target=\"_blank\" rel=\"noopener\"><img loading=\"lazy\" decoding=\"async\" class=\"wp-image-148 size-thumbnail aligncenter\" src=\"https:\/\/stranijezici.ffzg.unizg.hr\/wp-content\/uploads\/2018\/05\/erih-150x150.png\" alt=\"\" width=\"150\" height=\"150\" srcset=\"https:\/\/stranijezici.ffzg.unizg.hr\/wp-content\/uploads\/2018\/05\/erih-150x150.png 150w, https:\/\/stranijezici.ffzg.unizg.hr\/wp-content\/uploads\/2018\/05\/erih-100x100.png 100w, https:\/\/stranijezici.ffzg.unizg.hr\/wp-content\/uploads\/2018\/05\/erih.png 280w\" sizes=\"auto, (max-width: 150px) 100vw, 150px\" \/><\/a><\/td>\n<td style=\"width: 25%;\"><img loading=\"lazy\" decoding=\"async\" class=\"wp-image-152 size-thumbnail aligncenter\" src=\"https:\/\/stranijezici.ffzg.unizg.hr\/wp-content\/uploads\/2018\/05\/llba-150x150.png\" alt=\"\" width=\"150\" height=\"150\" srcset=\"https:\/\/stranijezici.ffzg.unizg.hr\/wp-content\/uploads\/2018\/05\/llba-150x150.png 150w, https:\/\/stranijezici.ffzg.unizg.hr\/wp-content\/uploads\/2018\/05\/llba-100x100.png 100w, https:\/\/stranijezici.ffzg.unizg.hr\/wp-content\/uploads\/2018\/05\/llba.png 280w\" sizes=\"auto, (max-width: 150px) 100vw, 150px\" \/><\/td>\n<td style=\"width: 25%;\"><img loading=\"lazy\" decoding=\"async\" class=\"wp-image-153 size-thumbnail aligncenter\" src=\"https:\/\/stranijezici.ffzg.unizg.hr\/wp-content\/uploads\/2018\/05\/lbo-150x150.png\" alt=\"\" width=\"150\" height=\"150\" srcset=\"https:\/\/stranijezici.ffzg.unizg.hr\/wp-content\/uploads\/2018\/05\/lbo-150x150.png 150w, https:\/\/stranijezici.ffzg.unizg.hr\/wp-content\/uploads\/2018\/05\/lbo-100x100.png 100w, https:\/\/stranijezici.ffzg.unizg.hr\/wp-content\/uploads\/2018\/05\/lbo.png 280w\" sizes=\"auto, (max-width: 150px) 100vw, 150px\" \/><\/td>\n<\/tr>\n<tr>\n<td style=\"width: 25%;\"><img loading=\"lazy\" decoding=\"async\" class=\"wp-image-154 size-thumbnail aligncenter\" src=\"https:\/\/stranijezici.ffzg.unizg.hr\/wp-content\/uploads\/2018\/05\/mlap-150x150.png\" alt=\"\" width=\"150\" height=\"150\" srcset=\"https:\/\/stranijezici.ffzg.unizg.hr\/wp-content\/uploads\/2018\/05\/mlap-150x150.png 150w, https:\/\/stranijezici.ffzg.unizg.hr\/wp-content\/uploads\/2018\/05\/mlap-100x100.png 100w, https:\/\/stranijezici.ffzg.unizg.hr\/wp-content\/uploads\/2018\/05\/mlap.png 280w\" sizes=\"auto, (max-width: 150px) 100vw, 150px\" \/><\/td>\n<td style=\"width: 25%;\"><img loading=\"lazy\" decoding=\"async\" class=\"wp-image-155 size-thumbnail aligncenter\" src=\"https:\/\/stranijezici.ffzg.unizg.hr\/wp-content\/uploads\/2018\/05\/mlab-150x150.png\" alt=\"\" width=\"150\" height=\"150\" srcset=\"https:\/\/stranijezici.ffzg.unizg.hr\/wp-content\/uploads\/2018\/05\/mlab-150x150.png 150w, https:\/\/stranijezici.ffzg.unizg.hr\/wp-content\/uploads\/2018\/05\/mlab-100x100.png 100w, https:\/\/stranijezici.ffzg.unizg.hr\/wp-content\/uploads\/2018\/05\/mlab.png 280w\" sizes=\"auto, (max-width: 150px) 100vw, 150px\" \/><\/td>\n<td style=\"width: 25%; background-color: #d5ebd9;\"><a href=\"https:\/\/v2.sherpa.ac.uk\/id\/publication\/39143\"><img loading=\"lazy\" decoding=\"async\" class=\"alignnone size-full wp-image-3118\" src=\"https:\/\/stranijezici.ffzg.unizg.hr\/wp-content\/uploads\/2021\/09\/Sherpa-Romeo-database.png\" alt=\"\" width=\"180\" height=\"45\"><\/a><\/td>\n<td style=\"width: 25%; background-color: #faedeb;\"><a href=\"https:\/\/doaj.org\/toc\/2459-671X?source=%7B%22query%22%3A%7B%22filtered%22%3A%7B%22filter%22%3A%7B%22bool%22%3A%7B%22must%22%3A%5B%7B%22terms%22%3A%7B%22index.issn.exact%22%3A%5B%220351-0840%22%2C%222459-671X%22%5D%7D%7D%5D%7D%7D%2C%22query%22%3A%7B%22match_all%22%3A%7B%7D%7D%7D%7D%2C%22size%22%3A100%2C%22sort%22%3A%5B%7B%22created_date%22%3A%7B%22order%22%3A%22desc%22%7D%7D%5D%2C%22_source%22%3A%7B%7D%7D\" target=\"_blank\" rel=\"noopener\"><img loading=\"lazy\" decoding=\"async\" class=\"alignnone size-full wp-image-3129\" src=\"https:\/\/stranijezici.ffzg.unizg.hr\/wp-content\/uploads\/2021\/11\/DOAJ-2021-1.png\" alt=\"\" width=\"166\" height=\"74\"><\/a><br \/>\n<span style=\"font-size: 8pt;\">The Directory of Open<br \/>\nAccess Journals<\/span><\/td>\n<\/tr>\n<\/tbody>\n<\/table>\n<p style=\"text-align: justify;\"><em><br \/>\nStrani jezici<\/em> je neprofitan \u010dasopis \u010dije objavljivanje financijski potpoma\u017ee Ministarstvo znanosti i obrazovanja Republike Hrvatske. \u010casopis ne objavljuje reklame i ne podr\u017eava nikakve oblike direktnog marketinga. \u010casopis ne objavljuje ni pozvane radove ve\u0107 svi radovi objavljeni u \u010dasopisu prolaze regularni recenzijski proces.<\/p>\n<table style=\"border-collapse: collapse; width: 100%;\">\n<tbody>\n<tr>\n<td style=\"width: 100%; border-top-color: #cfe3e3; background-color: #f0f5f4;\"><em>Strani jezici<\/em><br \/>\nISSN: 0351-0840 (Tisak)<br \/>\nISSN: 2459-671X (Online)<br \/>\nUDK: 811:37<br \/>\nLidija Cviki\u0107, glavna urednica<br \/>\nKontakt:<br \/>\ne-mail: <span data-olk-copy-source=\"MessageBody\"><a href=\"mailto:strjez@m.ffzg.hr\">strjez@m.ffzg.hr<\/a> <\/span><br \/>\nIzdava\u010d: Hrvatsko filolo\u0161ko dru\u0161tvo<br \/>\nIvana Lu\u010di\u0107a 3, 10000 Zagreb<br \/>\nweb stranica: <a href=\"https:\/\/stranijezici.ffzg.unizg.hr\/\">https:\/\/stranijezici.ffzg.unizg.hr\/<\/a><\/td>\n<\/tr>\n<\/tbody>\n<\/table>\n<p>&nbsp;<\/p>\n","protected":false},"excerpt":{"rendered":"<p>Misija i vizija Strani jezici objavljuju znanstvene i stru\u010dne radove iz \u0161irega podru\u010dja koje obuhva\u0107a ovladavanje, pou\u010davanje i uporabu inih jezika. \u010casopis objavljuje radove koji se bave razli\u010ditim vidovima formalnoga i neformalnoga u\u010denja stranih jezika, njihova pou\u010davanja i uporabe, kao i istovremenim ili konsekutivnim usvajanjem te uporabom vi\u0161e jezika kada je rije\u010d o pojedincu ili &hellip; <\/p>\n<p class=\"link-more\"><a href=\"https:\/\/stranijezici.ffzg.unizg.hr\/\" class=\"more-link\">Continue reading<span class=\"screen-reader-text\"> &#8220;O \u010dasopisu&#8221;<\/span><\/a><\/p>\n","protected":false},"author":2,"featured_media":0,"parent":0,"menu_order":0,"comment_status":"closed","ping_status":"closed","template":"","meta":{"ngg_post_thumbnail":0,"footnotes":""},"class_list":["post-25","page","type-page","status-publish","hentry"],"_links":{"self":[{"href":"https:\/\/stranijezici.ffzg.unizg.hr\/index.php\/wp-json\/wp\/v2\/pages\/25","targetHints":{"allow":["GET"]}}],"collection":[{"href":"https:\/\/stranijezici.ffzg.unizg.hr\/index.php\/wp-json\/wp\/v2\/pages"}],"about":[{"href":"https:\/\/stranijezici.ffzg.unizg.hr\/index.php\/wp-json\/wp\/v2\/types\/page"}],"author":[{"embeddable":true,"href":"https:\/\/stranijezici.ffzg.unizg.hr\/index.php\/wp-json\/wp\/v2\/users\/2"}],"replies":[{"embeddable":true,"href":"https:\/\/stranijezici.ffzg.unizg.hr\/index.php\/wp-json\/wp\/v2\/comments?post=25"}],"version-history":[{"count":87,"href":"https:\/\/stranijezici.ffzg.unizg.hr\/index.php\/wp-json\/wp\/v2\/pages\/25\/revisions"}],"predecessor-version":[{"id":5144,"href":"https:\/\/stranijezici.ffzg.unizg.hr\/index.php\/wp-json\/wp\/v2\/pages\/25\/revisions\/5144"}],"wp:attachment":[{"href":"https:\/\/stranijezici.ffzg.unizg.hr\/index.php\/wp-json\/wp\/v2\/media?parent=25"}],"curies":[{"name":"wp","href":"https:\/\/api.w.org\/{rel}","templated":true}]}}