{"id":185,"date":"2018-05-11T14:07:09","date_gmt":"2018-05-11T14:07:09","guid":{"rendered":"https:\/\/stranijezici.ffzg.unizg.hr\/?page_id=185"},"modified":"2022-03-16T17:33:00","modified_gmt":"2022-03-16T17:33:00","slug":"upute-za-recenzente","status":"publish","type":"page","link":"https:\/\/stranijezici.ffzg.unizg.hr\/index.php\/upute-za-recenzente\/","title":{"rendered":"Upute za recenzente"},"content":{"rendered":"<p>Po\u0161tovani,<\/p>\n<p>pozvali smo Vas da budete recenzent \u010dlanaka koji su poslani u \u010dasopis <em>Strani jezici<\/em> zato \u0161to smatramo da mo\u017eete dati kompetentan stru\u010dni sud i time nam pomo\u0107i u dono\u0161enju odluke o (ne)objavljivanju \u010dlanaka. Molimo Vas da prihvatite na\u0161 poziv ako niste u potencijalnom sukobu interesa i ako mo\u017eete odvojiti dovoljno vremena za kvalitetan recenzentski rad.<\/p>\n<p>Va\u017eno nam je da na na\u0161 poziv odgovorite \u0161to prije kako ne bi do\u0161lo do usporavanja recenzentskoga postupka.<\/p>\n<p>U slu\u010daju da morate odbiti na\u0161 poziv, bili bismo Vam zahvalni kada biste predlo\u017eili druge potencijalne recenzente.<\/p>\n<p>Ako prihvatite na\u0161 poziv, molimo Vas da si nakon prvoga \u010ditanja \u010dlanka uzmete dovoljno vremena da razmislite o njemu iz Va\u0161eg stru\u010dnog kuta gledanja.<\/p>\n<p>\u017deljeli bismo Vas podsjetiti da je prema <strong><a href=\"https:\/\/publicationethics.org\/resources\/guidelines-new\/cope-ethical-guidelines-peer-reviewers\"><em>COPE <\/em><em>Ethical guidelines for peer reviewers<\/em><\/a><\/strong>, recenzentski postupak strogo povjerljiv. To zna\u010di da, neovisno o Va\u0161oj odluci da (ne) prihvatite recenzirati \u010dlanak, tijekom i nakon recenzentskoga postupka ne smijete dijeliti informacije o \u010dlanku i o drugim materijalima i podatcima koje primite bez pristanka glavnoga urednika ili autora \u010dlanka.<\/p>\n<p>Prije nego \u0161to po\u010dnete pisati recenziju, provjerite \u0161to je fokus \u010dasopisa <em>Strani jezici<\/em>, koje se vrste \u010dlanaka objavljuju u \u010dasopisu i koji se <em>kriteriji<\/em> primjenjuju u procjeni kvalitete \u010dlanaka.<\/p>\n<p>Da biste napisali recenziju koja \u0107e pomo\u0107i uredniku da donese valjanu i objektivnu odluku o objavljivanju poslanoga \u010dlanka, molimo Vas da pratite sljede\u0107e upute:<\/p>\n<ul>\n<li><strong>Recenzijski obrazac<\/strong> ispunjava se isklju\u010divo u elektroni\u010dkom obliku unutar sustava<span style=\"color: #2a6a8c;\"> <a style=\"color: #2a6a8c;\" href=\"http:\/\/journal.sdewes.org\/str-jez\" target=\"_blank\" rel=\"noopener\"><em><strong>COMET<\/strong><\/em><\/a><\/span> (primjer u <em>Word<\/em> formatu prilo\u017een je na dnu stranice u <span style=\"font-size: 10pt; color: #3d7a78;\"><em><strong>Popisu dokumenata<\/strong><\/em><\/span>).<\/li>\n<li>U recenziji dajte komentare i prijedloge u vezi sa znanstvenim\/stru\u010dnim aspektima \u010dlanka (npr. originalnost, teorijska podloga, ciljevi, metodologija, prikaz i interpretacija rezultata, rasprava, zaklju\u010dak, nedostatak istra\u017eivanja, implikacije).<\/li>\n<li>Pitanja navedena u recenzentskom obrascu slu\u017ee samo kao pomo\u0107 u pisanju osvrta i davanju mi\u0161ljenja o pojedinim aspektima i dijelovima \u010dlanka.<\/li>\n<li>Ako mislite da u vezi s \u010dlankom postoje odre\u0111eni eti\u010dki problemi (plagiranje, izno\u0161enje fabriciranih i falsificiranih podataka, manipuliranje podatcima, neeti\u010dko pona\u0161anje prema sudionicima u istra\u017eivanju, autorska prava i sli\u010dno), molimo da glavnoga urednika upozorite na te probleme. Vi\u0161e informacija o tome mo\u017eete na\u0107i u <a href=\"https:\/\/stranijezici.ffzg.unizg.hr\/index.php\/eticki-kodeks\/\"><strong><em>Izjavi o izdava\u010dkoj etici i nesavjesnosti<\/em><\/strong><\/a>.<\/li>\n<\/ul>\n<p>Pri pisanju recenzije molimo Vas da pazite na sljede\u0107e:<\/p>\n<ul>\n<li>Va\u0161i komentari trebaju biti uljudni, objektivni i konstruktivni te dovoljno op\u0161irni i poja\u0161njeni da ih mogu razumjeti i slijediti i autori i glavni urednik.<\/li>\n<li>Komentari i prijedlozi ne bi trebali sadr\u017eavati osobne podatke recenzenta.<\/li>\n<li>Ako predla\u017eete da autori u svojem \u010dlanku citiraju neko Va\u0161e djelo ili djelo Va\u0161ih suradnika, tada je va\u017eno da to \u010dinite samo radi pravih znanstvenih razloga. Ponekad su recenzenti, urednici i drugi sudionici procesa objavljivanja \u010dlanaka pod utjecajem tzv. podsvjesne pristranosti. Molim Vas da joj se nastojite oduprijeti.<\/li>\n<\/ul>\n<p>Pri davanju preporuke u vezi s objavljivanjem \u010dlanka, molimo Vas da prou\u010dite sljede\u0107e kategorije za klasifikaciju \u010dlanka (A) i preporuku uredni\u0161tvu (B) koje primjenjuje \u010dasopis <em>Strani jezici<\/em>:<\/p>\n<p>A) Kategorije za klasifikaciju \u010dlanka:<\/p>\n<ul>\n<li><strong>Izvorni znanstveni \u010dlanak<\/strong>: iznose se rezultati vlastita originalnoga istra\u017eivanja na takav na\u010din da ih se mo\u017ee ponoviti ili podvrgnuti jednozna\u010dnoj provjeri.<\/li>\n<li><strong>Prethodno priop\u0107enje<\/strong>: iznose se jo\u0161 neobjavljeni izvorni rezultati (ne)dovr\u0161enih istra\u017eivanja ili se najavljuju neke nove znanstvene spoznaje.<\/li>\n<li><strong>Pregledni \u010dlanak<\/strong>: iznosi se sa\u017eet kriti\u010dki prikaz nekog podru\u010dja ili njegova dijela, u kojem autor i sam djeluje tako da je vidljiv njegov izvorni doprinos.<\/li>\n<li><strong>Stru\u010dni \u010dlanak<\/strong>: daje se koristan prilog iz struke na temelju vlastita iskustva i primjene ve\u0107 poznatih rezultata istra\u017eivanja.<\/li>\n<\/ul>\n<p style=\"text-align: justify;\"><span style=\"font-family: 'Libre Franklin',sans-serif;\">U dokumentu <em><strong>Kriteriji za procjenu kategorije rada<\/strong><\/em> (na dnu stranice <\/span>u <span style=\"font-size: 10pt; color: #3d7a78;\"><em><strong>Popisu dokumenata<\/strong><\/em><\/span><span style=\"font-family: 'Libre Franklin',sans-serif;\">) navedeni su kriteriji za procjenu unutar svake kategorije rada. Navedeni dokument je dostupan i unutar <em>Comet<\/em> sustava. Kriteriji slu\u017ee samo za lak\u0161u orijentaciju pri kona\u010dnoj procjeni odgovaraju\u0107e kategorije rada i nije ih potrebno ispunjavati.<\/span><\/p>\n<p>B) Kategorije za preporuku uredni\u0161tvu:<\/p>\n<ul>\n<li><strong>objaviti bez izmjena<\/strong><\/li>\n<li><strong>objaviti s manjim izmjenama navedenim u rukopisu ili u recenziji<\/strong><\/li>\n<li><strong>zna\u010dajno izmijeniti u skladu s uputama predlo\u017eenima u rukopisu ili u recenziji <\/strong>(dovoljan je pregled Uredni\u0161tva)<\/li>\n<li><strong>zna\u010dajno izmijeniti u skladu s uputama predlo\u017eenima u rukopisu ili u recenziji te uputiti na ponovnu recenziju nakon unesenih izmjena<\/strong><\/li>\n<li><strong>odbiti \u010dlanak <\/strong><\/li>\n<\/ul>\n<p>Glavni urednik donosi kona\u010dnu odluku o tome ho\u0107e li se \u010dlanak prihvatiti za objavljivanje ili odbiti na temelju mi\u0161ljenja dvoje neovisnih recenzenata. Ako je nu\u017eno, glavni urednik upu\u0107uje \u010dlanak tre\u0107em recenzentu ili moli autore da dorade \u010dlanak prije dono\u0161enja kona\u010dne odluke. Ako Vas zanima uredni\u010dka kona\u010dna odluka, tu informaciju mo\u017eete zatra\u017eiti od uredni\u0161tva.<\/p>\n<p>Osim elektroni\u010dke komunikacije s recenzentima, glavni urednik i njegov uredni\u010dki tim nisu uklju\u010deni u proces recenziranja zaprimljenoga \u010dlanka.<\/p>\n<p>Molimo Vas da recenziju predate unutar sustava <em>Comet<\/em> <strong>u roku od 30 dana<\/strong> od primitka rukopisa. Sustav \u0107e tako\u0111er automatski slati podsjetnik za predaju recenzije. Ako su Vam, nakon \u0161to ste prihvatili recenzirati rad, nastupile nepredvi\u0111ene profesionalne i druge obaveze zbog kojih Vam je potrebno vi\u0161e vremena za pisanje recenzije ili ju vi\u0161e uop\u0107e ne mo\u017eete napisati, molimo Vas da o tome obavijestite glavnoga urednika.<\/p>\n<p>S po\u0161tovanjem,<\/p>\n<p>Uredni\u0161tvo<\/p>\n<p style=\"text-align: center;\"><span style=\"color: #447862;\"><strong>***<\/strong><\/span><\/p>\n<ul>\n<li><strong><span style=\"color: #35618c; background-color: #dfe8ed;\"><span style=\"font-size: 11pt; background-color: #dfe8ed;\">POPIS DOKUMENATA za preuzimanje:<\/span><\/span><br \/>\n<span style=\"color: #285c50;\"><em>\u00ba <a style=\"color: #285c50;\" href=\"https:\/\/stranijezici.ffzg.unizg.hr\/wp-content\/uploads\/2022\/03\/RECENZENTSKI-OBRAZAC-HR-2022.doc\">Recenzentski obrazac<\/a><\/em><em><br \/>\n<a style=\"color: #285c50;\" href=\"https:\/\/stranijezici.ffzg.unizg.hr\/index.php\/eticki-kodeks\/\" target=\"_blank\" rel=\"noopener\">\u00b0 Izjava o izdava\u010dkoj etici i nesavjesnosti<\/a><\/em><\/span><\/strong><br \/>\n<span style=\"color: #285c50;\"><strong><em><span style=\"color: #285c50;\">\u00b0 <\/span><a href=\"https:\/\/stranijezici.ffzg.unizg.hr\/wp-content\/uploads\/2022\/03\/UPUTE-ZA-OBLIKOVANJE-TEKSTA-2022-novo-18_2_22_prihvacene_izmjene.docx\"><span style=\"color: #285c50;\">Upute za oblikovanje teksta<\/span> <\/a><\/em><\/strong><\/span><br \/>\n<a href=\"https:\/\/stranijezici.ffzg.unizg.hr\/wp-content\/uploads\/2021\/09\/Kriteriji-za-procjenu-kategorije-rada-SJ.docx\"><span style=\"color: #285c50;\"><strong><em>\u00b0 Kriteriji za procjenu kategorije rada<\/em><\/strong><\/span><\/a> <span style=\"font-size: 10pt;\">(pomo\u0107 recenzentima pri odre\u0111ivanju kategorizacije rada)<\/span><\/li>\n<\/ul>\n<p><strong><em>\u00ba<\/em><\/strong> Elektroni\u010dki sustav prijavljivanja radova <em><strong>Comet<\/strong><\/em>:<br \/>\n<a href=\"http:\/\/journal.sdewes.org\/str-jez\" target=\"_blank\" rel=\"noopener\">http:\/\/journal.sdewes.org\/str-jez<\/a><br \/>\n<strong><br \/>\n<\/strong><\/p>\n","protected":false},"excerpt":{"rendered":"<p>Po\u0161tovani, pozvali smo Vas da budete recenzent \u010dlanaka koji su poslani u \u010dasopis Strani jezici zato \u0161to smatramo da mo\u017eete dati kompetentan stru\u010dni sud i time nam pomo\u0107i u dono\u0161enju odluke o (ne)objavljivanju \u010dlanaka. Molimo Vas da prihvatite na\u0161 poziv ako niste u potencijalnom sukobu interesa i ako mo\u017eete odvojiti dovoljno vremena za kvalitetan recenzentski &hellip; <\/p>\n<p class=\"link-more\"><a href=\"https:\/\/stranijezici.ffzg.unizg.hr\/index.php\/upute-za-recenzente\/\" class=\"more-link\">Continue reading<span class=\"screen-reader-text\"> &#8220;Upute za recenzente&#8221;<\/span><\/a><\/p>\n","protected":false},"author":2,"featured_media":0,"parent":0,"menu_order":0,"comment_status":"closed","ping_status":"closed","template":"","meta":{"ngg_post_thumbnail":0,"footnotes":""},"class_list":["post-185","page","type-page","status-publish","hentry"],"_links":{"self":[{"href":"https:\/\/stranijezici.ffzg.unizg.hr\/index.php\/wp-json\/wp\/v2\/pages\/185","targetHints":{"allow":["GET"]}}],"collection":[{"href":"https:\/\/stranijezici.ffzg.unizg.hr\/index.php\/wp-json\/wp\/v2\/pages"}],"about":[{"href":"https:\/\/stranijezici.ffzg.unizg.hr\/index.php\/wp-json\/wp\/v2\/types\/page"}],"author":[{"embeddable":true,"href":"https:\/\/stranijezici.ffzg.unizg.hr\/index.php\/wp-json\/wp\/v2\/users\/2"}],"replies":[{"embeddable":true,"href":"https:\/\/stranijezici.ffzg.unizg.hr\/index.php\/wp-json\/wp\/v2\/comments?post=185"}],"version-history":[{"count":23,"href":"https:\/\/stranijezici.ffzg.unizg.hr\/index.php\/wp-json\/wp\/v2\/pages\/185\/revisions"}],"predecessor-version":[{"id":3332,"href":"https:\/\/stranijezici.ffzg.unizg.hr\/index.php\/wp-json\/wp\/v2\/pages\/185\/revisions\/3332"}],"wp:attachment":[{"href":"https:\/\/stranijezici.ffzg.unizg.hr\/index.php\/wp-json\/wp\/v2\/media?parent=185"}],"curies":[{"name":"wp","href":"https:\/\/api.w.org\/{rel}","templated":true}]}}