{"id":1192,"date":"2018-10-30T16:46:59","date_gmt":"2018-10-30T16:46:59","guid":{"rendered":"https:\/\/stranijezici.ffzg.unizg.hr\/?page_id=1192"},"modified":"2018-11-27T00:14:51","modified_gmt":"2018-11-27T00:14:51","slug":"vol8n4","status":"publish","type":"page","link":"https:\/\/stranijezici.ffzg.unizg.hr\/index.php\/vol8n4\/","title":{"rendered":"Vol 8. (4)"},"content":{"rendered":"<ul style=\"list-style-type:none\">\n<li>\n<h3><a href=\"https:\/\/stranijezici.ffzg.unizg.hr\/wp-content\/uploads\/2018\/10\/SJ_8_4_0.pdf\" target=\"_blank\"><strong>UVODNIK<\/strong><\/a><\/h3>\n<p> (str. 205)<\/li>\n<ul style=\"list-style-type:none\">\n<li>&emsp;&emsp; Damir Kalogjera<\/li>\n<li>&emsp;&emsp; <\/li>\n<\/ul>\n<\/li>\n<p>  &nbsp;<\/p>\n<li>\n<h3>Lingvistika<\/h3>\n<\/li>\n<li><a href=\"https:\/\/stranijezici.ffzg.unizg.hr\/wp-content\/uploads\/2018\/10\/SJ_8_4_1.pdf\" target=\"_blank\"><strong>OP\u0160TA LINGVISTIKA I LINGVISTI\u010cKA TERMINOLOGIJA<\/strong><\/a> (str. 206-216)<\/li>\n<ul style=\"list-style-type:none\">\n<li>&emsp;&emsp; Ljiljana Bibovi\u0107<\/li>\n<li>&emsp;&emsp; <\/li>\n<\/ul>\n<\/li>\n<p>  &nbsp;<\/p>\n<li><a href=\"https:\/\/stranijezici.ffzg.unizg.hr\/wp-content\/uploads\/2018\/10\/SJ_8_4_2.pdf\" target=\"_blank\"><strong>GENERATIVNA SEMANTIKA U SUVREMENOJ TALIJANSKOJ LINGVISTICI<\/strong><\/a> (str. 217-225)<\/li>\n<ul style=\"list-style-type:none\">\n<li>&emsp;&emsp; \u017deljka Ran\u010digaj<\/li>\n<li>&emsp;&emsp; <\/li>\n<\/ul>\n<\/li>\n<p>  &nbsp;<\/p>\n<li><a href=\"https:\/\/stranijezici.ffzg.unizg.hr\/wp-content\/uploads\/2018\/10\/SJ_8_4_3.pdf\" target=\"_blank\"><strong>O KVALITATIVNOM ATRIBUTU I NJEMU SLI\u010cNIM KONSTRUKCIJAMA U NJEMA\u010cKOM JEZIKU<\/strong><\/a> (str. 226-230)<\/li>\n<ul style=\"list-style-type:none\">\n<li>&emsp;&emsp; \u017deljka Matulina<\/li>\n<li>&emsp;&emsp; <\/li>\n<\/ul>\n<\/li>\n<p>  &nbsp;<\/p>\n<li><a href=\"https:\/\/stranijezici.ffzg.unizg.hr\/wp-content\/uploads\/2018\/10\/SJ_8_4_4.pdf\" target=\"_blank\"><strong>NEKOLIKO RIJE\u010cI O PREVO\u0110ENJU HRVATSKOG ILI SRPSKOG VOKATIVA NA ENGLESKI JEZIK<\/strong><\/a> (str. 231-239)<\/li>\n<ul style=\"list-style-type:none\">\n<li>&emsp;&emsp; Stjepo Vojvoda<\/li>\n<li>&emsp;&emsp; <\/li>\n<\/ul>\n<\/li>\n<p>  &nbsp;<\/p>\n<li>\n<h3>Metodika<\/h3>\n<\/li>\n<li><a href=\"https:\/\/stranijezici.ffzg.unizg.hr\/wp-content\/uploads\/2018\/10\/SJ_8_4_5.pdf\" target=\"_blank\"><strong>GESTE U RUSKOM JEZIKU U USPOREDBI S HRVATSKIM<\/strong><\/a> (str. 240-251)<\/li>\n<ul style=\"list-style-type:none\">\n<li>&emsp;&emsp; Renata Volos<\/li>\n<li>&emsp;&emsp; <\/li>\n<\/ul>\n<\/li>\n<p>  &nbsp;<\/p>\n<li><a href=\"https:\/\/stranijezici.ffzg.unizg.hr\/wp-content\/uploads\/2018\/10\/SJ_8_4_6.pdf\" target=\"_blank\"><strong>VOKABULAR NEMA\u010cKOG JEZIKA U NASTAVNOM MATERIJALU ZA OSNOVNU \u0160KOLU U BOSNI I HERCEGOVINI S ASPEKTA USVOJIVOSTI I AKTIVNE PRIMENE<\/strong><\/a> (str. 251-263)<\/li>\n<ul style=\"list-style-type:none\">\n<li>&emsp;&emsp; Dragi\u0161a Veljkovi\u0107<\/li>\n<li>&emsp;&emsp; <\/li>\n<\/ul>\n<\/li>\n<p>  &nbsp;<\/p>\n<li><a href=\"https:\/\/stranijezici.ffzg.unizg.hr\/wp-content\/uploads\/2018\/10\/SJ_8_4_7.pdf\" target=\"_blank\"><strong>VJE\u017dBE TRANSFORMACIJE JEZI\u010cKOG MATERIJALA KAO POSEBAN METODI\u010cKI POSTUPAK U NASTAVI RUSKOG JEZIKA<\/strong><\/a> (str. 263-266)<\/li>\n<ul style=\"list-style-type:none\">\n<li>&emsp;&emsp; Vu\u010dina Rai\u010devi\u0107<\/li>\n<li>&emsp;&emsp; <\/li>\n<\/ul>\n<\/li>\n<p>  &nbsp;<\/p>\n<li><a href=\"https:\/\/stranijezici.ffzg.unizg.hr\/wp-content\/uploads\/2018\/10\/SJ_8_4_8.pdf\" target=\"_blank\"><strong>NEKI PROBLEMI INTERPRETACIJE ZNA\u010cENJA U NASTAVI ENGLESKOG JEZIKA<\/strong><\/a> (str. 266-273)<\/li>\n<ul style=\"list-style-type:none\">\n<li>&emsp;&emsp; Aleksandar Kolka<\/li>\n<li>&emsp;&emsp; <\/li>\n<\/ul>\n<\/li>\n<p>  &nbsp;<\/p>\n<li><a href=\"https:\/\/stranijezici.ffzg.unizg.hr\/wp-content\/uploads\/2018\/10\/SJ_8_4_9.pdf\" target=\"_blank\"><strong>METODIKA OVIJENA CRNIM HUMOROM<\/strong><\/a> (str. 274-276)<\/li>\n<ul style=\"list-style-type:none\">\n<li>&emsp;&emsp; prevela Ivana Batu\u0161i\u0107<\/li>\n<li>&emsp;&emsp; <\/li>\n<\/ul>\n<\/li>\n<p>  &nbsp;<\/p>\n<li>\n<h3>Na\u0161a iskustva<\/h3>\n<\/li>\n<li><a href=\"https:\/\/stranijezici.ffzg.unizg.hr\/wp-content\/uploads\/2018\/10\/SJ_8_4_10.pdf\" target=\"_blank\"><strong>DOSADA\u0160NJA ISKUSTVA U ORGANIZACIJI PLANA I PROGRAMA U USMJERENOM OBRAZOVANJU<\/strong><\/a> (str. 277-279)<\/li>\n<ul style=\"list-style-type:none\">\n<li>&emsp;&emsp; Ljerka Milojkovi\u0107<\/li>\n<li>&emsp;&emsp; <\/li>\n<\/ul>\n<\/li>\n<p>  &nbsp;<\/p>\n<li><a href=\"https:\/\/stranijezici.ffzg.unizg.hr\/wp-content\/uploads\/2018\/10\/SJ_8_4_11.pdf\" target=\"_blank\"><strong>KAKO PISATI MATURSKI DOMA\u0106I RAD IZ STRANOG JEZIKA?<\/strong><\/a> (str. 279-286)<\/li>\n<ul style=\"list-style-type:none\">\n<li>&emsp;&emsp; Emilija Horvat, Etelka Sele\u0161i<\/li>\n<li>&emsp;&emsp; <\/li>\n<\/ul>\n<\/li>\n<p>  &nbsp;<\/p>\n<li><a href=\"https:\/\/stranijezici.ffzg.unizg.hr\/wp-content\/uploads\/2018\/10\/SJ_8_4_12.pdf\" target=\"_blank\"><strong>\u041a\u041e\u041d\u0421\u041f\u0415\u041a\u0422 \u041f\u0420\u0410\u041a\u0422\u0418\u0427\u0415\u0421\u041a\u041e\u0413\u041e \u0423\u0420\u041e\u041a\u0410 \u041f\u041e \u0420\u0423\u0421\u0421\u041a\u041e\u041c\u0423 \u042f\u0417\u042b\u041a\u0423<\/strong><\/a> (str. 286-288)<\/li>\n<ul style=\"list-style-type:none\">\n<li>&emsp;&emsp; Maksim Miladinovi\u0107<\/li>\n<li>&emsp;&emsp; <\/li>\n<\/ul>\n<\/li>\n<p>  &nbsp;<\/p>\n<li><a href=\"https:\/\/stranijezici.ffzg.unizg.hr\/wp-content\/uploads\/2018\/10\/SJ_8_4_13.pdf\" target=\"_blank\"><strong>UVJE\u017dBAVANJE GLAGOLA ALLER KROZ IGRU U NI\u017dIM RAZREDIMA OSNOVNE \u0160KOLE<\/strong><\/a> (str. 288-291)<\/li>\n<ul style=\"list-style-type:none\">\n<li>&emsp;&emsp; \u017deljka Horvat-Vukelja<\/li>\n<li>&emsp;&emsp; <\/li>\n<\/ul>\n<\/li>\n<p>  &nbsp;<\/p>\n<li>\n<h3>\u017diva rije\u010d<\/h3>\n<\/li>\n<li><a href=\"https:\/\/stranijezici.ffzg.unizg.hr\/wp-content\/uploads\/2018\/10\/SJ_8_4_14.pdf\" target=\"_blank\"><strong>VOCABULARY GAMES<\/strong><\/a> (str. 292-294)<\/li>\n<ul style=\"list-style-type:none\">\n<li>&emsp;&emsp; Eva Bakran<\/li>\n<li>&emsp;&emsp; <\/li>\n<\/ul>\n<\/li>\n<p>  &nbsp;<\/p>\n<li><a href=\"https:\/\/stranijezici.ffzg.unizg.hr\/wp-content\/uploads\/2018\/10\/SJ_8_4_15.pdf\" target=\"_blank\"><strong>JEUX AVEC LES NOMBRES DANS LES PREMI\u00c8RES ANN\u00c9S DE L&#8217;APPRENTISSAGE DE LA LANGUE \u00c9TRANG\u00c8RE<\/strong><\/a> (str. 294-296)<\/li>\n<ul style=\"list-style-type:none\">\n<li>&emsp;&emsp; \u017deljka Horvat-Vukelja<\/li>\n<li>&emsp;&emsp; <\/li>\n<\/ul>\n<\/li>\n<p>  &nbsp;<\/p>\n<li><a href=\"https:\/\/stranijezici.ffzg.unizg.hr\/wp-content\/uploads\/2018\/10\/SJ_8_4_16.pdf\" target=\"_blank\"><strong>SIMULATIONEN IM KREATIVEN FREMDSPRACHENUNTERRICHT<\/strong><\/a> (str. 296-299)<\/li>\n<ul style=\"list-style-type:none\">\n<li>&emsp;&emsp; Mira Kruhan<\/li>\n<li>&emsp;&emsp; <\/li>\n<\/ul>\n<\/li>\n<p>  &nbsp;<\/p>\n<li>\n<h3>Prikazi knjiga; Kronika<\/h3>\n<\/li>\n<li><a href=\"https:\/\/stranijezici.ffzg.unizg.hr\/wp-content\/uploads\/2018\/10\/SJ_8_4_00.pdf\" target=\"_blank\">Kronika, Prikazi knjiga<\/a> (str. 300-308)<\/li>\n<\/li>\n<\/ul>\n","protected":false},"excerpt":{"rendered":"<p>UVODNIK (str. 205) &emsp;&emsp; Damir Kalogjera &emsp;&emsp; &nbsp; Lingvistika OP\u0160TA LINGVISTIKA I LINGVISTI\u010cKA TERMINOLOGIJA (str. 206-216) &emsp;&emsp; Ljiljana Bibovi\u0107 &emsp;&emsp; &nbsp; GENERATIVNA SEMANTIKA U SUVREMENOJ TALIJANSKOJ LINGVISTICI (str. 217-225) &emsp;&emsp; \u017deljka Ran\u010digaj &emsp;&emsp; &nbsp; O KVALITATIVNOM ATRIBUTU I NJEMU SLI\u010cNIM KONSTRUKCIJAMA U NJEMA\u010cKOM JEZIKU (str. 226-230) &emsp;&emsp; \u017deljka Matulina &emsp;&emsp; &nbsp; NEKOLIKO RIJE\u010cI O PREVO\u0110ENJU &hellip; <\/p>\n<p class=\"link-more\"><a href=\"https:\/\/stranijezici.ffzg.unizg.hr\/index.php\/vol8n4\/\" class=\"more-link\">Continue reading<span class=\"screen-reader-text\"> &#8220;Vol 8. (4)&#8221;<\/span><\/a><\/p>\n","protected":false},"author":2,"featured_media":0,"parent":0,"menu_order":0,"comment_status":"closed","ping_status":"closed","template":"","meta":{"ngg_post_thumbnail":0,"footnotes":""},"class_list":["post-1192","page","type-page","status-publish","hentry"],"_links":{"self":[{"href":"https:\/\/stranijezici.ffzg.unizg.hr\/index.php\/wp-json\/wp\/v2\/pages\/1192","targetHints":{"allow":["GET"]}}],"collection":[{"href":"https:\/\/stranijezici.ffzg.unizg.hr\/index.php\/wp-json\/wp\/v2\/pages"}],"about":[{"href":"https:\/\/stranijezici.ffzg.unizg.hr\/index.php\/wp-json\/wp\/v2\/types\/page"}],"author":[{"embeddable":true,"href":"https:\/\/stranijezici.ffzg.unizg.hr\/index.php\/wp-json\/wp\/v2\/users\/2"}],"replies":[{"embeddable":true,"href":"https:\/\/stranijezici.ffzg.unizg.hr\/index.php\/wp-json\/wp\/v2\/comments?post=1192"}],"version-history":[{"count":6,"href":"https:\/\/stranijezici.ffzg.unizg.hr\/index.php\/wp-json\/wp\/v2\/pages\/1192\/revisions"}],"predecessor-version":[{"id":1448,"href":"https:\/\/stranijezici.ffzg.unizg.hr\/index.php\/wp-json\/wp\/v2\/pages\/1192\/revisions\/1448"}],"wp:attachment":[{"href":"https:\/\/stranijezici.ffzg.unizg.hr\/index.php\/wp-json\/wp\/v2\/media?parent=1192"}],"curies":[{"name":"wp","href":"https:\/\/api.w.org\/{rel}","templated":true}]}}